{"id":9,"date":"2023-02-02T09:37:06","date_gmt":"2023-02-02T14:37:06","guid":{"rendered":"https:\/\/cssst.gouv.qc.ca\/sainte-anne-les-iles\/ecole\/comites\/conseil-detablissement\/"},"modified":"2026-01-30T08:56:40","modified_gmt":"2026-01-30T13:56:40","slug":"conseil-detablissement","status":"publish","type":"page","link":"https:\/\/cssst.gouv.qc.ca\/sainte-anne-les-iles\/ecole\/comites\/conseil-detablissement\/","title":{"rendered":"Conseil d&rsquo;\u00e9tablissement"},"content":{"rendered":"\n<h2 class=\"wp-block-heading\">Pr\u00e9sidente du conseil d&rsquo;\u00e9tablissement<\/h2>\n\n\n\n<p>Mme Genevi\u00e8ve P\u00e9loquin <\/p>\n\n\n\n<h2 class=\"wp-block-heading\">Dates des prochaines rencontres<\/h2>\n\n\n\n<ul class=\"wp-block-list\">\n<li>18 juin 2025<\/li>\n\n\n\n<li>24 septembre 2025<\/li>\n\n\n\n<li>12 novembre 2025 report\u00e9 au 3 d\u00e9cembre 2025<\/li>\n\n\n\n<li>28 janvier 2026<\/li>\n\n\n\n<li>15 avril 2026<\/li>\n\n\n\n<li>10 juin 2026<\/li>\n<\/ul>\n\n\n\n<h2 class=\"wp-block-heading\">Ordres du jour et Proc\u00e8s verbaux<\/h2>\n\n\n\n<div class=\"wp-block-columns\">\n<div class=\"wp-block-column\">\n<div data-wp-interactive=\"core\/file\" class=\"wp-block-file\"><object data-wp-bind--hidden=\"!state.hasPdfPreview\" hidden class=\"wp-block-file__embed\" data=\"http:\/\/cssst.gouv.qc.ca\/sainte-anne-les-iles\/wp-content\/uploads\/sites\/14\/2026\/01\/PV-CE-du-18-juin-2025.pdf\" type=\"application\/pdf\" style=\"width:100%;height:200px\" aria-label=\"Contenu incorpor\u00e9 PV C\u00c9 du 18 juin 2025.\"><\/object><a id=\"wp-block-file--media-f6d152ef-2346-4947-bc13-1d678f7ee753\" href=\"http:\/\/cssst.gouv.qc.ca\/sainte-anne-les-iles\/wp-content\/uploads\/sites\/14\/2026\/01\/PV-CE-du-18-juin-2025.pdf\">PV C\u00c9 du 18 juin 2025<\/a><a href=\"http:\/\/cssst.gouv.qc.ca\/sainte-anne-les-iles\/wp-content\/uploads\/sites\/14\/2026\/01\/PV-CE-du-18-juin-2025.pdf\" class=\"wp-block-file__button wp-element-button\" download aria-describedby=\"wp-block-file--media-f6d152ef-2346-4947-bc13-1d678f7ee753\">T\u00e9l\u00e9charger<\/a><\/div>\n<\/div>\n\n\n\n<div class=\"wp-block-column\">\n<div data-wp-interactive=\"core\/file\" class=\"wp-block-file\"><object data-wp-bind--hidden=\"!state.hasPdfPreview\" hidden class=\"wp-block-file__embed\" data=\"http:\/\/cssst.gouv.qc.ca\/sainte-anne-les-iles\/wp-content\/uploads\/sites\/14\/2026\/01\/PV-CE-3-decembre-2025.pdf\" type=\"application\/pdf\" style=\"width:100%;height:200px\" aria-label=\"Contenu incorpor\u00e9 PV C\u00c9 3 d\u00e9cembre 2025.\"><\/object><a id=\"wp-block-file--media-70a043f6-d433-4208-8c6f-2f3f4f5f1ff6\" href=\"http:\/\/cssst.gouv.qc.ca\/sainte-anne-les-iles\/wp-content\/uploads\/sites\/14\/2026\/01\/PV-CE-3-decembre-2025.pdf\">PV C\u00c9 3 d\u00e9cembre 2025<\/a><a href=\"http:\/\/cssst.gouv.qc.ca\/sainte-anne-les-iles\/wp-content\/uploads\/sites\/14\/2026\/01\/PV-CE-3-decembre-2025.pdf\" class=\"wp-block-file__button wp-element-button\" download aria-describedby=\"wp-block-file--media-70a043f6-d433-4208-8c6f-2f3f4f5f1ff6\">T\u00e9l\u00e9charger<\/a><\/div>\n<\/div>\n<\/div>\n\n\n\n<div class=\"wp-block-columns\">\n<div class=\"wp-block-column\"><\/div>\n\n\n\n<div class=\"wp-block-column\"><\/div>\n<\/div>\n\n\n\n<div class=\"wp-block-columns\">\n<div class=\"wp-block-column\">\n<div data-wp-interactive=\"core\/file\" class=\"wp-block-file\"><object data-wp-bind--hidden=\"!state.hasPdfPreview\" hidden class=\"wp-block-file__embed\" data=\"http:\/\/cssst.gouv.qc.ca\/sainte-anne-les-iles\/wp-content\/uploads\/sites\/14\/2026\/01\/PV-CE-du-24-septembre-2025.pdf\" type=\"application\/pdf\" style=\"width:100%;height:200px\" aria-label=\"Contenu incorpor\u00e9 PV C\u00c9 du 24 septembre 2025.\"><\/object><a id=\"wp-block-file--media-11265f84-033b-4b8b-970c-34e0fbfda74f\" href=\"http:\/\/cssst.gouv.qc.ca\/sainte-anne-les-iles\/wp-content\/uploads\/sites\/14\/2026\/01\/PV-CE-du-24-septembre-2025.pdf\">PV C\u00c9 du 24 septembre 2025<\/a><a href=\"http:\/\/cssst.gouv.qc.ca\/sainte-anne-les-iles\/wp-content\/uploads\/sites\/14\/2026\/01\/PV-CE-du-24-septembre-2025.pdf\" class=\"wp-block-file__button wp-element-button\" download aria-describedby=\"wp-block-file--media-11265f84-033b-4b8b-970c-34e0fbfda74f\">T\u00e9l\u00e9charger<\/a><\/div>\n<\/div>\n\n\n\n<div class=\"wp-block-column\"><\/div>\n<\/div>\n\n\n\n<p><\/p>\n","protected":false},"excerpt":{"rendered":"<p>Pr\u00e9sidente du conseil d&rsquo;\u00e9tablissement Mme Genevi\u00e8ve P\u00e9loquin Dates des prochaines rencontres Ordres du jour et Proc\u00e8s verbaux<\/p>\n","protected":false},"author":1,"featured_media":0,"parent":8,"menu_order":0,"comment_status":"closed","ping_status":"closed","template":"","meta":{"_acf_changed":false,"inline_featured_image":false,"footnotes":""},"class_list":["post-9","page","type-page","status-publish","hentry"],"acf":[],"yoast_head":"<!-- This site is optimized with the Yoast SEO plugin v27.5 - https:\/\/yoast.com\/product\/yoast-seo-wordpress\/ -->\n<title>Conseil d&#039;\u00e9tablissement - \u00c9cole Sainte-Anne-les-\u00celes<\/title>\n<meta name=\"robots\" content=\"index, follow, max-snippet:-1, max-image-preview:large, max-video-preview:-1\" \/>\n<link rel=\"canonical\" href=\"https:\/\/cssst.gouv.qc.ca\/sainte-anne-les-iles\/ecole\/comites\/conseil-detablissement\/\" \/>\n<meta property=\"og:locale\" content=\"fr_CA\" \/>\n<meta property=\"og:type\" content=\"article\" \/>\n<meta property=\"og:title\" content=\"Conseil d&#039;\u00e9tablissement - \u00c9cole Sainte-Anne-les-\u00celes\" \/>\n<meta property=\"og:description\" content=\"Pr\u00e9sidente du conseil d&rsquo;\u00e9tablissement Mme Genevi\u00e8ve P\u00e9loquin Dates des prochaines rencontres Ordres du jour et Proc\u00e8s verbaux\" \/>\n<meta property=\"og:url\" content=\"https:\/\/cssst.gouv.qc.ca\/sainte-anne-les-iles\/ecole\/comites\/conseil-detablissement\/\" \/>\n<meta property=\"og:site_name\" content=\"\u00c9cole Sainte-Anne-les-\u00celes\" \/>\n<meta property=\"article:publisher\" content=\"https:\/\/www.facebook.com\/ecolesainteannelesiles\" \/>\n<meta property=\"article:modified_time\" content=\"2026-01-30T13:56:40+00:00\" \/>\n<meta name=\"twitter:card\" content=\"summary_large_image\" \/>\n<meta name=\"twitter:label1\" content=\"Estimation du temps de lecture\" \/>\n\t<meta name=\"twitter:data1\" content=\"1 minute\" \/>\n<script type=\"application\/ld+json\" class=\"yoast-schema-graph\">{\"@context\":\"https:\\\/\\\/schema.org\",\"@graph\":[{\"@type\":\"WebPage\",\"@id\":\"https:\\\/\\\/cssst.gouv.qc.ca\\\/sainte-anne-les-iles\\\/ecole\\\/comites\\\/conseil-detablissement\\\/\",\"url\":\"https:\\\/\\\/cssst.gouv.qc.ca\\\/sainte-anne-les-iles\\\/ecole\\\/comites\\\/conseil-detablissement\\\/\",\"name\":\"Conseil d'\u00e9tablissement - \u00c9cole Sainte-Anne-les-\u00celes\",\"isPartOf\":{\"@id\":\"https:\\\/\\\/cssst.gouv.qc.ca\\\/sainte-anne-les-iles\\\/#website\"},\"datePublished\":\"2023-02-02T14:37:06+00:00\",\"dateModified\":\"2026-01-30T13:56:40+00:00\",\"breadcrumb\":{\"@id\":\"https:\\\/\\\/cssst.gouv.qc.ca\\\/sainte-anne-les-iles\\\/ecole\\\/comites\\\/conseil-detablissement\\\/#breadcrumb\"},\"inLanguage\":\"fr-CA\",\"potentialAction\":[{\"@type\":\"ReadAction\",\"target\":[\"https:\\\/\\\/cssst.gouv.qc.ca\\\/sainte-anne-les-iles\\\/ecole\\\/comites\\\/conseil-detablissement\\\/\"]}]},{\"@type\":\"BreadcrumbList\",\"@id\":\"https:\\\/\\\/cssst.gouv.qc.ca\\\/sainte-anne-les-iles\\\/ecole\\\/comites\\\/conseil-detablissement\\\/#breadcrumb\",\"itemListElement\":[{\"@type\":\"ListItem\",\"position\":1,\"name\":\"Accueil\",\"item\":\"https:\\\/\\\/cssst.gouv.qc.ca\\\/sainte-anne-les-iles\\\/\"},{\"@type\":\"ListItem\",\"position\":2,\"name\":\"\u00c9cole Sainte-Anne-les-\u00celes\",\"item\":\"https:\\\/\\\/cssst.gouv.qc.ca\\\/sainte-anne-les-iles\\\/ecole\\\/\"},{\"@type\":\"ListItem\",\"position\":3,\"name\":\"Comit\u00e9s\",\"item\":\"https:\\\/\\\/cssst.gouv.qc.ca\\\/sainte-anne-les-iles\\\/ecole\\\/comites\\\/\"},{\"@type\":\"ListItem\",\"position\":4,\"name\":\"Conseil d&rsquo;\u00e9tablissement\"}]},{\"@type\":\"WebSite\",\"@id\":\"https:\\\/\\\/cssst.gouv.qc.ca\\\/sainte-anne-les-iles\\\/#website\",\"url\":\"https:\\\/\\\/cssst.gouv.qc.ca\\\/sainte-anne-les-iles\\\/\",\"name\":\"\u00c9cole Sainte-Anne-les-\u00celes\",\"description\":\"\",\"potentialAction\":[{\"@type\":\"SearchAction\",\"target\":{\"@type\":\"EntryPoint\",\"urlTemplate\":\"https:\\\/\\\/cssst.gouv.qc.ca\\\/sainte-anne-les-iles\\\/?s={search_term_string}\"},\"query-input\":{\"@type\":\"PropertyValueSpecification\",\"valueRequired\":true,\"valueName\":\"search_term_string\"}}],\"inLanguage\":\"fr-CA\"}]}<\/script>\n<!-- \/ Yoast SEO plugin. -->","yoast_head_json":{"title":"Conseil d'\u00e9tablissement - \u00c9cole Sainte-Anne-les-\u00celes","robots":{"index":"index","follow":"follow","max-snippet":"max-snippet:-1","max-image-preview":"max-image-preview:large","max-video-preview":"max-video-preview:-1"},"canonical":"https:\/\/cssst.gouv.qc.ca\/sainte-anne-les-iles\/ecole\/comites\/conseil-detablissement\/","og_locale":"fr_CA","og_type":"article","og_title":"Conseil d'\u00e9tablissement - \u00c9cole Sainte-Anne-les-\u00celes","og_description":"Pr\u00e9sidente du conseil d&rsquo;\u00e9tablissement Mme Genevi\u00e8ve P\u00e9loquin Dates des prochaines rencontres Ordres du jour et Proc\u00e8s verbaux","og_url":"https:\/\/cssst.gouv.qc.ca\/sainte-anne-les-iles\/ecole\/comites\/conseil-detablissement\/","og_site_name":"\u00c9cole Sainte-Anne-les-\u00celes","article_publisher":"https:\/\/www.facebook.com\/ecolesainteannelesiles","article_modified_time":"2026-01-30T13:56:40+00:00","twitter_card":"summary_large_image","twitter_misc":{"Estimation du temps de lecture":"1 minute"},"schema":{"@context":"https:\/\/schema.org","@graph":[{"@type":"WebPage","@id":"https:\/\/cssst.gouv.qc.ca\/sainte-anne-les-iles\/ecole\/comites\/conseil-detablissement\/","url":"https:\/\/cssst.gouv.qc.ca\/sainte-anne-les-iles\/ecole\/comites\/conseil-detablissement\/","name":"Conseil d'\u00e9tablissement - \u00c9cole Sainte-Anne-les-\u00celes","isPartOf":{"@id":"https:\/\/cssst.gouv.qc.ca\/sainte-anne-les-iles\/#website"},"datePublished":"2023-02-02T14:37:06+00:00","dateModified":"2026-01-30T13:56:40+00:00","breadcrumb":{"@id":"https:\/\/cssst.gouv.qc.ca\/sainte-anne-les-iles\/ecole\/comites\/conseil-detablissement\/#breadcrumb"},"inLanguage":"fr-CA","potentialAction":[{"@type":"ReadAction","target":["https:\/\/cssst.gouv.qc.ca\/sainte-anne-les-iles\/ecole\/comites\/conseil-detablissement\/"]}]},{"@type":"BreadcrumbList","@id":"https:\/\/cssst.gouv.qc.ca\/sainte-anne-les-iles\/ecole\/comites\/conseil-detablissement\/#breadcrumb","itemListElement":[{"@type":"ListItem","position":1,"name":"Accueil","item":"https:\/\/cssst.gouv.qc.ca\/sainte-anne-les-iles\/"},{"@type":"ListItem","position":2,"name":"\u00c9cole Sainte-Anne-les-\u00celes","item":"https:\/\/cssst.gouv.qc.ca\/sainte-anne-les-iles\/ecole\/"},{"@type":"ListItem","position":3,"name":"Comit\u00e9s","item":"https:\/\/cssst.gouv.qc.ca\/sainte-anne-les-iles\/ecole\/comites\/"},{"@type":"ListItem","position":4,"name":"Conseil d&rsquo;\u00e9tablissement"}]},{"@type":"WebSite","@id":"https:\/\/cssst.gouv.qc.ca\/sainte-anne-les-iles\/#website","url":"https:\/\/cssst.gouv.qc.ca\/sainte-anne-les-iles\/","name":"\u00c9cole Sainte-Anne-les-\u00celes","description":"","potentialAction":[{"@type":"SearchAction","target":{"@type":"EntryPoint","urlTemplate":"https:\/\/cssst.gouv.qc.ca\/sainte-anne-les-iles\/?s={search_term_string}"},"query-input":{"@type":"PropertyValueSpecification","valueRequired":true,"valueName":"search_term_string"}}],"inLanguage":"fr-CA"}]}},"_links":{"self":[{"href":"https:\/\/cssst.gouv.qc.ca\/sainte-anne-les-iles\/wp-json\/wp\/v2\/pages\/9","targetHints":{"allow":["GET"]}}],"collection":[{"href":"https:\/\/cssst.gouv.qc.ca\/sainte-anne-les-iles\/wp-json\/wp\/v2\/pages"}],"about":[{"href":"https:\/\/cssst.gouv.qc.ca\/sainte-anne-les-iles\/wp-json\/wp\/v2\/types\/page"}],"author":[{"embeddable":true,"href":"https:\/\/cssst.gouv.qc.ca\/sainte-anne-les-iles\/wp-json\/wp\/v2\/users\/1"}],"replies":[{"embeddable":true,"href":"https:\/\/cssst.gouv.qc.ca\/sainte-anne-les-iles\/wp-json\/wp\/v2\/comments?post=9"}],"version-history":[{"count":0,"href":"https:\/\/cssst.gouv.qc.ca\/sainte-anne-les-iles\/wp-json\/wp\/v2\/pages\/9\/revisions"}],"up":[{"embeddable":true,"href":"https:\/\/cssst.gouv.qc.ca\/sainte-anne-les-iles\/wp-json\/wp\/v2\/pages\/8"}],"wp:attachment":[{"href":"https:\/\/cssst.gouv.qc.ca\/sainte-anne-les-iles\/wp-json\/wp\/v2\/media?parent=9"}],"curies":[{"name":"wp","href":"https:\/\/api.w.org\/{rel}","templated":true}]}}

Conseil d&rsquo;établissement

<h2 class="wp-block-heading">Présidente du conseil d&rsquo;établissement</h2>



<p>Mme Geneviève Péloquin </p>



<h2 class="wp-block-heading">Dates des prochaines rencontres</h2>



<ul class="wp-block-list">
<li>18 juin 2025</li>



<li>24 septembre 2025</li>



<li>12 novembre 2025 reporté au 3 décembre 2025</li>



<li>28 janvier 2026</li>



<li>15 avril 2026</li>



<li>10 juin 2026</li>
</ul>



<h2 class="wp-block-heading">Ordres du jour et Procès verbaux</h2>



<div class="wp-block-columns">
<div class="wp-block-column">
<div data-wp-interactive="core/file" class="wp-block-file"><object data-wp-bind--hidden="!state.hasPdfPreview" hidden class="wp-block-file__embed" data="http://cssst.gouv.qc.ca/sainte-anne-les-iles/wp-content/uploads/sites/14/2026/01/PV-CE-du-18-juin-2025.pdf" type="application/pdf" style="width:100%;height:200px" aria-label="Contenu incorporé PV CÉ du 18 juin 2025."></object><a id="wp-block-file--media-f6d152ef-2346-4947-bc13-1d678f7ee753" href="http://cssst.gouv.qc.ca/sainte-anne-les-iles/wp-content/uploads/sites/14/2026/01/PV-CE-du-18-juin-2025.pdf">PV CÉ du 18 juin 2025</a><a href="http://cssst.gouv.qc.ca/sainte-anne-les-iles/wp-content/uploads/sites/14/2026/01/PV-CE-du-18-juin-2025.pdf" class="wp-block-file__button wp-element-button" download aria-describedby="wp-block-file--media-f6d152ef-2346-4947-bc13-1d678f7ee753">Télécharger</a></div>
</div>



<div class="wp-block-column">
<div data-wp-interactive="core/file" class="wp-block-file"><object data-wp-bind--hidden="!state.hasPdfPreview" hidden class="wp-block-file__embed" data="http://cssst.gouv.qc.ca/sainte-anne-les-iles/wp-content/uploads/sites/14/2026/01/PV-CE-3-decembre-2025.pdf" type="application/pdf" style="width:100%;height:200px" aria-label="Contenu incorporé PV CÉ 3 décembre 2025."></object><a id="wp-block-file--media-70a043f6-d433-4208-8c6f-2f3f4f5f1ff6" href="http://cssst.gouv.qc.ca/sainte-anne-les-iles/wp-content/uploads/sites/14/2026/01/PV-CE-3-decembre-2025.pdf">PV CÉ 3 décembre 2025</a><a href="http://cssst.gouv.qc.ca/sainte-anne-les-iles/wp-content/uploads/sites/14/2026/01/PV-CE-3-decembre-2025.pdf" class="wp-block-file__button wp-element-button" download aria-describedby="wp-block-file--media-70a043f6-d433-4208-8c6f-2f3f4f5f1ff6">Télécharger</a></div>
</div>
</div>



<div class="wp-block-columns">
<div class="wp-block-column"></div>



<div class="wp-block-column"></div>
</div>



<div class="wp-block-columns">
<div class="wp-block-column">
<div data-wp-interactive="core/file" class="wp-block-file"><object data-wp-bind--hidden="!state.hasPdfPreview" hidden class="wp-block-file__embed" data="http://cssst.gouv.qc.ca/sainte-anne-les-iles/wp-content/uploads/sites/14/2026/01/PV-CE-du-24-septembre-2025.pdf" type="application/pdf" style="width:100%;height:200px" aria-label="Contenu incorporé PV CÉ du 24 septembre 2025."></object><a id="wp-block-file--media-11265f84-033b-4b8b-970c-34e0fbfda74f" href="http://cssst.gouv.qc.ca/sainte-anne-les-iles/wp-content/uploads/sites/14/2026/01/PV-CE-du-24-septembre-2025.pdf">PV CÉ du 24 septembre 2025</a><a href="http://cssst.gouv.qc.ca/sainte-anne-les-iles/wp-content/uploads/sites/14/2026/01/PV-CE-du-24-septembre-2025.pdf" class="wp-block-file__button wp-element-button" download aria-describedby="wp-block-file--media-11265f84-033b-4b8b-970c-34e0fbfda74f">Télécharger</a></div>
</div>



<div class="wp-block-column"></div>
</div>



<p></p>

<p>Présidente du conseil d&rsquo;établissement Mme Geneviève Péloquin Dates des prochaines rencontres Ordres du jour et Procès verbaux</p>

<!-- This site is optimized with the Yoast SEO plugin v27.5 - https://yoast.com/product/yoast-seo-wordpress/ -->
<title>Conseil d&#039;établissement - École Sainte-Anne-les-Îles</title>
<meta name="robots" content="index, follow, max-snippet:-1, max-image-preview:large, max-video-preview:-1" />
<link rel="canonical" href="https://cssst.gouv.qc.ca/sainte-anne-les-iles/ecole/comites/conseil-detablissement/" />
<meta property="og:locale" content="fr_CA" />
<meta property="og:type" content="article" />
<meta property="og:title" content="Conseil d&#039;établissement - École Sainte-Anne-les-Îles" />
<meta property="og:description" content="Présidente du conseil d&rsquo;établissement Mme Geneviève Péloquin Dates des prochaines rencontres Ordres du jour et Procès verbaux" />
<meta property="og:url" content="https://cssst.gouv.qc.ca/sainte-anne-les-iles/ecole/comites/conseil-detablissement/" />
<meta property="og:site_name" content="École Sainte-Anne-les-Îles" />
<meta property="article:publisher" content="https://www.facebook.com/ecolesainteannelesiles" />
<meta property="article:modified_time" content="2026-01-30T13:56:40+00:00" />
<meta name="twitter:card" content="summary_large_image" />
<meta name="twitter:label1" content="Estimation du temps de lecture" />
	<meta name="twitter:data1" content="1 minute" />
<script type="application/ld+json" class="yoast-schema-graph">{"@context":"https:\/\/schema.org","@graph":[{"@type":"WebPage","@id":"https:\/\/cssst.gouv.qc.ca\/sainte-anne-les-iles\/ecole\/comites\/conseil-detablissement\/","url":"https:\/\/cssst.gouv.qc.ca\/sainte-anne-les-iles\/ecole\/comites\/conseil-detablissement\/","name":"Conseil d'établissement - École Sainte-Anne-les-Îles","isPartOf":{"@id":"https:\/\/cssst.gouv.qc.ca\/sainte-anne-les-iles\/#website"},"datePublished":"2023-02-02T14:37:06+00:00","dateModified":"2026-01-30T13:56:40+00:00","breadcrumb":{"@id":"https:\/\/cssst.gouv.qc.ca\/sainte-anne-les-iles\/ecole\/comites\/conseil-detablissement\/#breadcrumb"},"inLanguage":"fr-CA","potentialAction":[{"@type":"ReadAction","target":["https:\/\/cssst.gouv.qc.ca\/sainte-anne-les-iles\/ecole\/comites\/conseil-detablissement\/"]}]},{"@type":"BreadcrumbList","@id":"https:\/\/cssst.gouv.qc.ca\/sainte-anne-les-iles\/ecole\/comites\/conseil-detablissement\/#breadcrumb","itemListElement":[{"@type":"ListItem","position":1,"name":"Accueil","item":"https:\/\/cssst.gouv.qc.ca\/sainte-anne-les-iles\/"},{"@type":"ListItem","position":2,"name":"École Sainte-Anne-les-Îles","item":"https:\/\/cssst.gouv.qc.ca\/sainte-anne-les-iles\/ecole\/"},{"@type":"ListItem","position":3,"name":"Comités","item":"https:\/\/cssst.gouv.qc.ca\/sainte-anne-les-iles\/ecole\/comites\/"},{"@type":"ListItem","position":4,"name":"Conseil d&rsquo;établissement"}]},{"@type":"WebSite","@id":"https:\/\/cssst.gouv.qc.ca\/sainte-anne-les-iles\/#website","url":"https:\/\/cssst.gouv.qc.ca\/sainte-anne-les-iles\/","name":"École Sainte-Anne-les-Îles","description":"","potentialAction":[{"@type":"SearchAction","target":{"@type":"EntryPoint","urlTemplate":"https:\/\/cssst.gouv.qc.ca\/sainte-anne-les-iles\/?s={search_term_string}"},"query-input":{"@type":"PropertyValueSpecification","valueRequired":true,"valueName":"search_term_string"}}],"inLanguage":"fr-CA"}]}</script>
<!-- / Yoast SEO plugin. -->

Conseil d'établissement - École Sainte-Anne-les-Îles

Présidente du conseil d&rsquo;établissement Mme Geneviève Péloquin Dates des prochaines rencontres Ordres du jour et Procès verbaux

École Sainte-Anne-les-Îles

Comités
