{"id":13,"date":"2023-02-02T09:37:07","date_gmt":"2023-02-02T14:37:07","guid":{"rendered":"https:\/\/cssst.gouv.qc.ca\/saint-gabriel-lalemant\/ecole\/service-de-garde\/"},"modified":"2025-10-01T10:12:48","modified_gmt":"2025-10-01T14:12:48","slug":"service-de-garde","status":"publish","type":"page","link":"https:\/\/cssst.gouv.qc.ca\/saint-gabriel-lalemant\/ecole\/service-de-garde\/","title":{"rendered":"Service de garde"},"content":{"rendered":"\n<h2 class=\"wp-block-heading\">Responsable du service de garde<\/h2>\n\n\n\n<p>Mme Isabelle St-Germain<\/p>\n\n\n\n<p>T\u00e9l\u00e9phone : 450 746-1591 poste 2630<\/p>\n\n\n\n<ul class=\"wp-block-list\">\n<li><a href=\"http:\/\/cssst.gouv.qc.ca\/saint-gabriel-lalemant\/wp-content\/uploads\/sites\/17\/2025\/10\/Reglement-du-Service-de-garde-2026.pdf\">R\u00e8glement du service de garde 2025-2026<\/a><\/li>\n<\/ul>\n\n\n\n<ul class=\"wp-block-list\">\n<li><a href=\"http:\/\/cssst.gouv.qc.ca\/saint-gabriel-lalemant\/wp-content\/uploads\/sites\/17\/2025\/09\/Programme-dactivites-SDG-2025-2026.pdf\">Programme d&rsquo;activit\u00e9s 2025-2026<\/a><\/li>\n<\/ul>\n\n\n\n<p><\/p>\n\n\n\n<p><\/p>\n\n\n\n<h2 class=\"wp-block-heading\">Service traiteur &#8211; Madame Gingembre<\/h2>\n\n\n\n<p><strong>Cliquer <a href=\"https:\/\/www.madamegingembre.com\/repas-scolaire\">ici<\/a> pour acc\u00e9der directement au site de commande. <\/strong><\/p>\n\n\n\n<p><\/p>\n\n\n\n<p><\/p>\n\n\n\n<p><\/p>\n\n\n\n<p><strong>Madame Gingembre<\/strong>, qui aura l&rsquo;honneur de servir votre \u00e9cole avec des repas frais et \u00e9quilibr\u00e9s. Nous tenons \u00e0 vous informer que <strong>tous nos menus sont d\u00e9j\u00e0 int\u00e9gr\u00e9s sur notre site web<\/strong>&nbsp;et disponibles pour consultation.<\/p>\n\n\n\n<p>Nous sommes \u00e9galement ravis de vous annoncer que les <strong>professeurs auront la possibilit\u00e9 de commander leurs lunchs<\/strong>.<\/p>\n\n\n\n<p><strong>Livraison des repas<\/strong><br>Chaque jour, notre livreur effectuera la livraison des repas <strong>avant 11h00 AM<\/strong>&nbsp;dans des <strong>bo\u00eetes isothermes<\/strong>, qui maintiennent les repas \u00e0 la temp\u00e9rature ad\u00e9quate (chaud ou froid). Ce syst\u00e8me permettra une meilleure gestion pour les personnes responsables du lunch \u00e0 l\u2019\u00e9cole. Nous laisserons les bo\u00eetes isothermes sur place et r\u00e9cup\u00e9rerons celles de la veille lors de la livraison du jour suivant.<\/p>\n\n\n\n<p><strong>R\u00e8glement pour la Commande des Repas Scolaires<\/strong><\/p>\n\n\n\n<ol start=\"1\" class=\"wp-block-list\">\n<li><strong>D\u00e9lais de Commande<\/strong>&nbsp;:<br>Les commandes pour les repas scolaires doivent \u00eatre pass\u00e9es <strong>au plus tard le mercredi \u00e0 minuit<\/strong>&nbsp;pour la semaine suivante. Toute commande pass\u00e9e apr\u00e8s ce d\u00e9lai ne pourra \u00eatre accept\u00e9e pour la semaine suivante et devra attendre la semaine d&rsquo;apr\u00e8s.<\/li>\n\n\n\n<li><strong>Cycle de Menus<\/strong>&nbsp;:<br>Les menus sont organis\u00e9s en <strong>rotation de 5 semaines<\/strong>. Ils peuvent varier en fonction des f\u00eates et des jours f\u00e9ri\u00e9s. Veuillez consulter r\u00e9guli\u00e8rement les menus pour conna\u00eetre les options offertes chaque semaine.<\/li>\n\n\n\n<li><strong>Passation de Commandes<\/strong>&nbsp;:<br>Toutes les commandes doivent \u00eatre effectu\u00e9es en ligne sur le site officiel de Madame Gingembre \u00e0 l&rsquo;adresse suivante : <strong><a href=\"https:\/\/can01.safelinks.protection.outlook.com\/?url=http%3A%2F%2Fwww.madamegingembre.com%2F&amp;data=05%7C02%7CCaroline.Duprey%40cssst.gouv.qc.ca%7Cc0834d9cd553494898b008dceee2e2a4%7C8350f3dbcb644385938d01256216b34f%7C0%7C0%7C638647905444785014%7CUnknown%7CTWFpbGZsb3d8eyJWIjoiMC4wLjAwMDAiLCJQIjoiV2luMzIiLCJBTiI6Ik1haWwiLCJXVCI6Mn0%3D%7C0%7C%7C%7C&amp;sdata=D%2BQc%2FwKv3VKu1aSZZqI%2BTmwmyhWMuV3DEBWBw8iYZH0%3D&amp;reserved=0\">www.madamegingembre.com<\/a><\/strong>. Aucune commande ne sera accept\u00e9e par t\u00e9l\u00e9phone ou par tout autre moyen.<\/li>\n\n\n\n<li><strong>Modifications et Annulations<\/strong>&nbsp;:<br>Une fois la commande valid\u00e9e, il ne sera pas possible de la modifier ou de l&rsquo;annuler apr\u00e8s le d\u00e9lai de mercredi minuit.<\/li>\n<\/ol>\n\n\n\n<p>Nous vous remercions pour votre compr\u00e9hension et votre coop\u00e9ration. Nous avons h\u00e2te de servir de d\u00e9licieux repas \u00e0 vos \u00e9l\u00e8ves et au personnel de l&rsquo;\u00e9cole.<\/p>\n\n\n\n<p><\/p>\n","protected":false},"excerpt":{"rendered":"<p>Responsable du service de garde Mme Isabelle St-Germain T\u00e9l\u00e9phone : 450 746-1591 poste 2630 Service traiteur &#8211; Madame Gingembre Cliquer ici pour acc\u00e9der directement au site de commande. Madame Gingembre, qui aura l&rsquo;honneur de servir votre \u00e9cole avec des repas frais et \u00e9quilibr\u00e9s. Nous tenons \u00e0 vous informer que tous nos menus sont d\u00e9j\u00e0 int\u00e9gr\u00e9s [&hellip;]<\/p>\n","protected":false},"author":1,"featured_media":0,"parent":5,"menu_order":0,"comment_status":"closed","ping_status":"closed","template":"","meta":{"_acf_changed":false,"inline_featured_image":false,"footnotes":""},"class_list":["post-13","page","type-page","status-publish","hentry"],"acf":[],"yoast_head":"<!-- This site is optimized with the Yoast SEO plugin v27.3 - https:\/\/yoast.com\/product\/yoast-seo-wordpress\/ -->\n<title>Service de garde - \u00c9cole Saint-Gabriel-Lalemant<\/title>\n<meta name=\"robots\" content=\"index, follow, max-snippet:-1, max-image-preview:large, max-video-preview:-1\" \/>\n<link rel=\"canonical\" href=\"https:\/\/cssst.gouv.qc.ca\/saint-gabriel-lalemant\/ecole\/service-de-garde\/\" \/>\n<meta property=\"og:locale\" content=\"fr_CA\" \/>\n<meta property=\"og:type\" content=\"article\" \/>\n<meta property=\"og:title\" content=\"Service de garde - \u00c9cole Saint-Gabriel-Lalemant\" \/>\n<meta property=\"og:description\" content=\"Responsable du service de garde Mme Isabelle St-Germain T\u00e9l\u00e9phone : 450 746-1591 poste 2630 Service traiteur &#8211; Madame Gingembre Cliquer ici pour acc\u00e9der directement au site de commande. Madame Gingembre, qui aura l&rsquo;honneur de servir votre \u00e9cole avec des repas frais et \u00e9quilibr\u00e9s. Nous tenons \u00e0 vous informer que tous nos menus sont d\u00e9j\u00e0 int\u00e9gr\u00e9s [&hellip;]\" \/>\n<meta property=\"og:url\" content=\"https:\/\/cssst.gouv.qc.ca\/saint-gabriel-lalemant\/ecole\/service-de-garde\/\" \/>\n<meta property=\"og:site_name\" content=\"\u00c9cole Saint-Gabriel-Lalemant\" \/>\n<meta property=\"article:publisher\" content=\"https:\/\/www.facebook.com\/cssoreltracy\/?locale=fr_CA\" \/>\n<meta property=\"article:modified_time\" content=\"2025-10-01T14:12:48+00:00\" \/>\n<meta name=\"twitter:card\" content=\"summary_large_image\" \/>\n<meta name=\"twitter:label1\" content=\"Estimation du temps de lecture\" \/>\n\t<meta name=\"twitter:data1\" content=\"2 minutes\" \/>\n<script type=\"application\/ld+json\" class=\"yoast-schema-graph\">{\"@context\":\"https:\\\/\\\/schema.org\",\"@graph\":[{\"@type\":\"WebPage\",\"@id\":\"https:\\\/\\\/cssst.gouv.qc.ca\\\/saint-gabriel-lalemant\\\/ecole\\\/service-de-garde\\\/\",\"url\":\"https:\\\/\\\/cssst.gouv.qc.ca\\\/saint-gabriel-lalemant\\\/ecole\\\/service-de-garde\\\/\",\"name\":\"Service de garde - \u00c9cole Saint-Gabriel-Lalemant\",\"isPartOf\":{\"@id\":\"https:\\\/\\\/cssst.gouv.qc.ca\\\/saint-gabriel-lalemant\\\/#website\"},\"datePublished\":\"2023-02-02T14:37:07+00:00\",\"dateModified\":\"2025-10-01T14:12:48+00:00\",\"breadcrumb\":{\"@id\":\"https:\\\/\\\/cssst.gouv.qc.ca\\\/saint-gabriel-lalemant\\\/ecole\\\/service-de-garde\\\/#breadcrumb\"},\"inLanguage\":\"fr-CA\",\"potentialAction\":[{\"@type\":\"ReadAction\",\"target\":[\"https:\\\/\\\/cssst.gouv.qc.ca\\\/saint-gabriel-lalemant\\\/ecole\\\/service-de-garde\\\/\"]}]},{\"@type\":\"BreadcrumbList\",\"@id\":\"https:\\\/\\\/cssst.gouv.qc.ca\\\/saint-gabriel-lalemant\\\/ecole\\\/service-de-garde\\\/#breadcrumb\",\"itemListElement\":[{\"@type\":\"ListItem\",\"position\":1,\"name\":\"Accueil\",\"item\":\"https:\\\/\\\/cssst.gouv.qc.ca\\\/saint-gabriel-lalemant\\\/\"},{\"@type\":\"ListItem\",\"position\":2,\"name\":\"\u00c9cole\",\"item\":\"https:\\\/\\\/cssst.gouv.qc.ca\\\/saint-gabriel-lalemant\\\/ecole\\\/\"},{\"@type\":\"ListItem\",\"position\":3,\"name\":\"Service de garde\"}]},{\"@type\":\"WebSite\",\"@id\":\"https:\\\/\\\/cssst.gouv.qc.ca\\\/saint-gabriel-lalemant\\\/#website\",\"url\":\"https:\\\/\\\/cssst.gouv.qc.ca\\\/saint-gabriel-lalemant\\\/\",\"name\":\"\u00c9cole Saint-Gabriel-Lalemant\",\"description\":\"\",\"potentialAction\":[{\"@type\":\"SearchAction\",\"target\":{\"@type\":\"EntryPoint\",\"urlTemplate\":\"https:\\\/\\\/cssst.gouv.qc.ca\\\/saint-gabriel-lalemant\\\/?s={search_term_string}\"},\"query-input\":{\"@type\":\"PropertyValueSpecification\",\"valueRequired\":true,\"valueName\":\"search_term_string\"}}],\"inLanguage\":\"fr-CA\"}]}<\/script>\n<!-- \/ Yoast SEO plugin. -->","yoast_head_json":{"title":"Service de garde - \u00c9cole Saint-Gabriel-Lalemant","robots":{"index":"index","follow":"follow","max-snippet":"max-snippet:-1","max-image-preview":"max-image-preview:large","max-video-preview":"max-video-preview:-1"},"canonical":"https:\/\/cssst.gouv.qc.ca\/saint-gabriel-lalemant\/ecole\/service-de-garde\/","og_locale":"fr_CA","og_type":"article","og_title":"Service de garde - \u00c9cole Saint-Gabriel-Lalemant","og_description":"Responsable du service de garde Mme Isabelle St-Germain T\u00e9l\u00e9phone : 450 746-1591 poste 2630 Service traiteur &#8211; Madame Gingembre Cliquer ici pour acc\u00e9der directement au site de commande. Madame Gingembre, qui aura l&rsquo;honneur de servir votre \u00e9cole avec des repas frais et \u00e9quilibr\u00e9s. Nous tenons \u00e0 vous informer que tous nos menus sont d\u00e9j\u00e0 int\u00e9gr\u00e9s [&hellip;]","og_url":"https:\/\/cssst.gouv.qc.ca\/saint-gabriel-lalemant\/ecole\/service-de-garde\/","og_site_name":"\u00c9cole Saint-Gabriel-Lalemant","article_publisher":"https:\/\/www.facebook.com\/cssoreltracy\/?locale=fr_CA","article_modified_time":"2025-10-01T14:12:48+00:00","twitter_card":"summary_large_image","twitter_misc":{"Estimation du temps de lecture":"2 minutes"},"schema":{"@context":"https:\/\/schema.org","@graph":[{"@type":"WebPage","@id":"https:\/\/cssst.gouv.qc.ca\/saint-gabriel-lalemant\/ecole\/service-de-garde\/","url":"https:\/\/cssst.gouv.qc.ca\/saint-gabriel-lalemant\/ecole\/service-de-garde\/","name":"Service de garde - \u00c9cole Saint-Gabriel-Lalemant","isPartOf":{"@id":"https:\/\/cssst.gouv.qc.ca\/saint-gabriel-lalemant\/#website"},"datePublished":"2023-02-02T14:37:07+00:00","dateModified":"2025-10-01T14:12:48+00:00","breadcrumb":{"@id":"https:\/\/cssst.gouv.qc.ca\/saint-gabriel-lalemant\/ecole\/service-de-garde\/#breadcrumb"},"inLanguage":"fr-CA","potentialAction":[{"@type":"ReadAction","target":["https:\/\/cssst.gouv.qc.ca\/saint-gabriel-lalemant\/ecole\/service-de-garde\/"]}]},{"@type":"BreadcrumbList","@id":"https:\/\/cssst.gouv.qc.ca\/saint-gabriel-lalemant\/ecole\/service-de-garde\/#breadcrumb","itemListElement":[{"@type":"ListItem","position":1,"name":"Accueil","item":"https:\/\/cssst.gouv.qc.ca\/saint-gabriel-lalemant\/"},{"@type":"ListItem","position":2,"name":"\u00c9cole","item":"https:\/\/cssst.gouv.qc.ca\/saint-gabriel-lalemant\/ecole\/"},{"@type":"ListItem","position":3,"name":"Service de garde"}]},{"@type":"WebSite","@id":"https:\/\/cssst.gouv.qc.ca\/saint-gabriel-lalemant\/#website","url":"https:\/\/cssst.gouv.qc.ca\/saint-gabriel-lalemant\/","name":"\u00c9cole Saint-Gabriel-Lalemant","description":"","potentialAction":[{"@type":"SearchAction","target":{"@type":"EntryPoint","urlTemplate":"https:\/\/cssst.gouv.qc.ca\/saint-gabriel-lalemant\/?s={search_term_string}"},"query-input":{"@type":"PropertyValueSpecification","valueRequired":true,"valueName":"search_term_string"}}],"inLanguage":"fr-CA"}]}},"_links":{"self":[{"href":"https:\/\/cssst.gouv.qc.ca\/saint-gabriel-lalemant\/wp-json\/wp\/v2\/pages\/13","targetHints":{"allow":["GET"]}}],"collection":[{"href":"https:\/\/cssst.gouv.qc.ca\/saint-gabriel-lalemant\/wp-json\/wp\/v2\/pages"}],"about":[{"href":"https:\/\/cssst.gouv.qc.ca\/saint-gabriel-lalemant\/wp-json\/wp\/v2\/types\/page"}],"author":[{"embeddable":true,"href":"https:\/\/cssst.gouv.qc.ca\/saint-gabriel-lalemant\/wp-json\/wp\/v2\/users\/1"}],"replies":[{"embeddable":true,"href":"https:\/\/cssst.gouv.qc.ca\/saint-gabriel-lalemant\/wp-json\/wp\/v2\/comments?post=13"}],"version-history":[{"count":0,"href":"https:\/\/cssst.gouv.qc.ca\/saint-gabriel-lalemant\/wp-json\/wp\/v2\/pages\/13\/revisions"}],"up":[{"embeddable":true,"href":"https:\/\/cssst.gouv.qc.ca\/saint-gabriel-lalemant\/wp-json\/wp\/v2\/pages\/5"}],"wp:attachment":[{"href":"https:\/\/cssst.gouv.qc.ca\/saint-gabriel-lalemant\/wp-json\/wp\/v2\/media?parent=13"}],"curies":[{"name":"wp","href":"https:\/\/api.w.org\/{rel}","templated":true}]}}