{"id":12,"date":"2023-02-02T09:37:07","date_gmt":"2023-02-02T14:37:07","guid":{"rendered":"https:\/\/cssst.gouv.qc.ca\/saint-gabriel-lalemant\/ecole\/projet-educatif\/"},"modified":"2024-10-21T13:42:29","modified_gmt":"2024-10-21T17:42:29","slug":"projet-educatif","status":"publish","type":"page","link":"https:\/\/cssst.gouv.qc.ca\/saint-gabriel-lalemant\/ecole\/projet-educatif\/","title":{"rendered":"Projet \u00e9ducatif"},"content":{"rendered":"\n<h1 class=\"wp-block-heading has-text-align-center\">Projet \u00e9ducatif<\/h1>\n\n\n\n<p><\/p>\n\n\n\n<p><\/p>\n\n\n\n<p class=\"has-accent-color has-text-color has-link-color has-small-font-size wp-elements-31a6785b616b0bf351709169ff9bc7ac\">\u00ab Le projet \u00e9ducatif est un outil strat\u00e9gique permettant de d\u00e9finir et de faire conna\u00eetre \u00e0 la communaut\u00e9 \u00e9ducative d\u2019un \u00e9tablissement d\u2019enseignement des<br>orientations, des priorit\u00e9s d\u2019action et les r\u00e9sultats attendus pour assurer la r\u00e9ussite \u00e9ducative de tous les \u00e9l\u00e8ves, jeunes et adultes. Il est \u00e9labor\u00e9 en fonction des<br>caract\u00e9ristiques et des besoins des \u00e9l\u00e8ves qui fr\u00e9quentent l\u2019\u00e9tablissement d\u2019enseignement ainsi que des attentes formul\u00e9es par le milieu au regard de l\u2019\u00e9ducation.<br>R\u00e9sultant d\u2019un consensus, il est con\u00e7u et mis en oeuvre en faisant appel \u00e0 la collaboration des diff\u00e9rents acteurs int\u00e9ress\u00e9s par l\u2019\u00e9cole et la r\u00e9ussite \u00e9ducative :<br>les \u00e9l\u00e8ves, les parents et le personnel de l\u2019\u00e9tablissement ainsi que les membres de la communaut\u00e9 et du centre de services scolaire.<br>Le projet \u00e9ducatif s\u2019inscrit donc dans une d\u00e9marche favorisant la synergie et la coh\u00e9rence entre tous les paliers du syst\u00e8me \u00e9ducatif (le minist\u00e8re de l\u2019\u00c9ducation,<br>les centres de services scolaire et les \u00e9tablissements d\u2019enseignement) dans le respect de l\u2019autonomie et des particularit\u00e9s de chacun. \u00bb1<\/p>\n\n\n\n<figure class=\"wp-block-image aligncenter size-large is-resized\"><img loading=\"lazy\" decoding=\"async\" width=\"791\" height=\"1024\" src=\"http:\/\/cssst.gouv.qc.ca\/saint-gabriel-lalemant\/wp-content\/uploads\/sites\/17\/2024\/10\/Nos-valeurs-notre-mission--791x1024.png\" alt=\"\" class=\"wp-image-331\" style=\"width:840px;height:auto\" srcset=\"https:\/\/cssst.gouv.qc.ca\/saint-gabriel-lalemant\/wp-content\/uploads\/sites\/17\/2024\/10\/Nos-valeurs-notre-mission--791x1024.png 791w, https:\/\/cssst.gouv.qc.ca\/saint-gabriel-lalemant\/wp-content\/uploads\/sites\/17\/2024\/10\/Nos-valeurs-notre-mission--232x300.png 232w, https:\/\/cssst.gouv.qc.ca\/saint-gabriel-lalemant\/wp-content\/uploads\/sites\/17\/2024\/10\/Nos-valeurs-notre-mission--768x994.png 768w, https:\/\/cssst.gouv.qc.ca\/saint-gabriel-lalemant\/wp-content\/uploads\/sites\/17\/2024\/10\/Nos-valeurs-notre-mission--1187x1536.png 1187w, https:\/\/cssst.gouv.qc.ca\/saint-gabriel-lalemant\/wp-content\/uploads\/sites\/17\/2024\/10\/Nos-valeurs-notre-mission-.png 1545w\" sizes=\"auto, (max-width: 791px) 100vw, 791px\" \/><\/figure>\n\n\n\n<div data-wp-interactive=\"core\/file\" class=\"wp-block-file\"><object data-wp-bind--hidden=\"!state.hasPdfPreview\" hidden class=\"wp-block-file__embed\" data=\"http:\/\/cssst.gouv.qc.ca\/saint-gabriel-lalemant\/wp-content\/uploads\/sites\/17\/2024\/10\/Projet-educatif-SGL-23-28.pdf\" type=\"application\/pdf\" style=\"width:100%;height:600px\" aria-label=\"Contenu incorpor\u00e9 Projet \u00e9ducatif SGL 23-28.\"><\/object><a id=\"wp-block-file--media-e2f2c4b7-92dd-4fc9-a009-0902e380e3be\" href=\"http:\/\/cssst.gouv.qc.ca\/saint-gabriel-lalemant\/wp-content\/uploads\/sites\/17\/2024\/10\/Projet-educatif-SGL-23-28.pdf\">Projet \u00e9ducatif SGL 23-28<\/a><a href=\"http:\/\/cssst.gouv.qc.ca\/saint-gabriel-lalemant\/wp-content\/uploads\/sites\/17\/2024\/10\/Projet-educatif-SGL-23-28.pdf\" class=\"wp-block-file__button wp-element-button\" download aria-describedby=\"wp-block-file--media-e2f2c4b7-92dd-4fc9-a009-0902e380e3be\">T\u00e9l\u00e9charger<\/a><\/div>\n\n\n\n<div data-wp-interactive=\"core\/file\" class=\"wp-block-file\"><object data-wp-bind--hidden=\"!state.hasPdfPreview\" hidden class=\"wp-block-file__embed\" data=\"http:\/\/cssst.gouv.qc.ca\/saint-gabriel-lalemant\/wp-content\/uploads\/sites\/17\/2024\/10\/Moyens.pdf\" type=\"application\/pdf\" style=\"width:100%;height:600px\" aria-label=\"Contenu incorpor\u00e9 Moyens.\"><\/object><a id=\"wp-block-file--media-a4e65677-553d-4ddd-bb04-08164dcdb0de\" href=\"http:\/\/cssst.gouv.qc.ca\/saint-gabriel-lalemant\/wp-content\/uploads\/sites\/17\/2024\/10\/Moyens.pdf\">Moyens<\/a><a href=\"http:\/\/cssst.gouv.qc.ca\/saint-gabriel-lalemant\/wp-content\/uploads\/sites\/17\/2024\/10\/Moyens.pdf\" class=\"wp-block-file__button wp-element-button\" download aria-describedby=\"wp-block-file--media-a4e65677-553d-4ddd-bb04-08164dcdb0de\">T\u00e9l\u00e9charger<\/a><\/div>\n\n\n\n<h2 class=\"wp-block-heading\"><\/h2>\n\n\n\n<p><\/p>\n","protected":false},"excerpt":{"rendered":"<p>Projet \u00e9ducatif \u00ab Le projet \u00e9ducatif est un outil strat\u00e9gique permettant de d\u00e9finir et de faire conna\u00eetre \u00e0 la communaut\u00e9 \u00e9ducative d\u2019un \u00e9tablissement d\u2019enseignement desorientations, des priorit\u00e9s d\u2019action et les r\u00e9sultats attendus pour assurer la r\u00e9ussite \u00e9ducative de tous les \u00e9l\u00e8ves, jeunes et adultes. Il est \u00e9labor\u00e9 en fonction descaract\u00e9ristiques et des besoins des \u00e9l\u00e8ves [&hellip;]<\/p>\n","protected":false},"author":1,"featured_media":0,"parent":5,"menu_order":0,"comment_status":"closed","ping_status":"closed","template":"","meta":{"_acf_changed":false,"inline_featured_image":false,"footnotes":""},"class_list":["post-12","page","type-page","status-publish","hentry"],"acf":[],"yoast_head":"<!-- This site is optimized with the Yoast SEO plugin v27.3 - https:\/\/yoast.com\/product\/yoast-seo-wordpress\/ -->\n<title>Projet \u00e9ducatif - \u00c9cole Saint-Gabriel-Lalemant<\/title>\n<meta name=\"robots\" content=\"index, follow, max-snippet:-1, max-image-preview:large, max-video-preview:-1\" \/>\n<link rel=\"canonical\" href=\"https:\/\/cssst.gouv.qc.ca\/saint-gabriel-lalemant\/ecole\/projet-educatif\/\" \/>\n<meta property=\"og:locale\" content=\"fr_CA\" \/>\n<meta property=\"og:type\" content=\"article\" \/>\n<meta property=\"og:title\" content=\"Projet \u00e9ducatif - \u00c9cole Saint-Gabriel-Lalemant\" \/>\n<meta property=\"og:description\" content=\"Projet \u00e9ducatif \u00ab Le projet \u00e9ducatif est un outil strat\u00e9gique permettant de d\u00e9finir et de faire conna\u00eetre \u00e0 la communaut\u00e9 \u00e9ducative d\u2019un \u00e9tablissement d\u2019enseignement desorientations, des priorit\u00e9s d\u2019action et les r\u00e9sultats attendus pour assurer la r\u00e9ussite \u00e9ducative de tous les \u00e9l\u00e8ves, jeunes et adultes. Il est \u00e9labor\u00e9 en fonction descaract\u00e9ristiques et des besoins des \u00e9l\u00e8ves [&hellip;]\" \/>\n<meta property=\"og:url\" content=\"https:\/\/cssst.gouv.qc.ca\/saint-gabriel-lalemant\/ecole\/projet-educatif\/\" \/>\n<meta property=\"og:site_name\" content=\"\u00c9cole Saint-Gabriel-Lalemant\" \/>\n<meta property=\"article:publisher\" content=\"https:\/\/www.facebook.com\/cssoreltracy\/?locale=fr_CA\" \/>\n<meta property=\"article:modified_time\" content=\"2024-10-21T17:42:29+00:00\" \/>\n<meta property=\"og:image\" content=\"https:\/\/cssst.gouv.qc.ca\/saint-gabriel-lalemant\/wp-content\/uploads\/sites\/17\/2024\/10\/Nos-valeurs-notre-mission-.png\" \/>\n\t<meta property=\"og:image:width\" content=\"1545\" \/>\n\t<meta property=\"og:image:height\" content=\"2000\" \/>\n\t<meta property=\"og:image:type\" content=\"image\/png\" \/>\n<meta name=\"twitter:card\" content=\"summary_large_image\" \/>\n<meta name=\"twitter:label1\" content=\"Estimation du temps de lecture\" \/>\n\t<meta name=\"twitter:data1\" content=\"2 minutes\" \/>\n<script type=\"application\/ld+json\" class=\"yoast-schema-graph\">{\"@context\":\"https:\\\/\\\/schema.org\",\"@graph\":[{\"@type\":\"WebPage\",\"@id\":\"https:\\\/\\\/cssst.gouv.qc.ca\\\/saint-gabriel-lalemant\\\/ecole\\\/projet-educatif\\\/\",\"url\":\"https:\\\/\\\/cssst.gouv.qc.ca\\\/saint-gabriel-lalemant\\\/ecole\\\/projet-educatif\\\/\",\"name\":\"Projet \u00e9ducatif - \u00c9cole Saint-Gabriel-Lalemant\",\"isPartOf\":{\"@id\":\"https:\\\/\\\/cssst.gouv.qc.ca\\\/saint-gabriel-lalemant\\\/#website\"},\"primaryImageOfPage\":{\"@id\":\"https:\\\/\\\/cssst.gouv.qc.ca\\\/saint-gabriel-lalemant\\\/ecole\\\/projet-educatif\\\/#primaryimage\"},\"image\":{\"@id\":\"https:\\\/\\\/cssst.gouv.qc.ca\\\/saint-gabriel-lalemant\\\/ecole\\\/projet-educatif\\\/#primaryimage\"},\"thumbnailUrl\":\"http:\\\/\\\/cssst.gouv.qc.ca\\\/saint-gabriel-lalemant\\\/wp-content\\\/uploads\\\/sites\\\/17\\\/2024\\\/10\\\/Nos-valeurs-notre-mission--791x1024.png\",\"datePublished\":\"2023-02-02T14:37:07+00:00\",\"dateModified\":\"2024-10-21T17:42:29+00:00\",\"breadcrumb\":{\"@id\":\"https:\\\/\\\/cssst.gouv.qc.ca\\\/saint-gabriel-lalemant\\\/ecole\\\/projet-educatif\\\/#breadcrumb\"},\"inLanguage\":\"fr-CA\",\"potentialAction\":[{\"@type\":\"ReadAction\",\"target\":[\"https:\\\/\\\/cssst.gouv.qc.ca\\\/saint-gabriel-lalemant\\\/ecole\\\/projet-educatif\\\/\"]}]},{\"@type\":\"ImageObject\",\"inLanguage\":\"fr-CA\",\"@id\":\"https:\\\/\\\/cssst.gouv.qc.ca\\\/saint-gabriel-lalemant\\\/ecole\\\/projet-educatif\\\/#primaryimage\",\"url\":\"https:\\\/\\\/cssst.gouv.qc.ca\\\/saint-gabriel-lalemant\\\/wp-content\\\/uploads\\\/sites\\\/17\\\/2024\\\/10\\\/Nos-valeurs-notre-mission-.png\",\"contentUrl\":\"https:\\\/\\\/cssst.gouv.qc.ca\\\/saint-gabriel-lalemant\\\/wp-content\\\/uploads\\\/sites\\\/17\\\/2024\\\/10\\\/Nos-valeurs-notre-mission-.png\",\"width\":1545,\"height\":2000},{\"@type\":\"BreadcrumbList\",\"@id\":\"https:\\\/\\\/cssst.gouv.qc.ca\\\/saint-gabriel-lalemant\\\/ecole\\\/projet-educatif\\\/#breadcrumb\",\"itemListElement\":[{\"@type\":\"ListItem\",\"position\":1,\"name\":\"Accueil\",\"item\":\"https:\\\/\\\/cssst.gouv.qc.ca\\\/saint-gabriel-lalemant\\\/\"},{\"@type\":\"ListItem\",\"position\":2,\"name\":\"\u00c9cole\",\"item\":\"https:\\\/\\\/cssst.gouv.qc.ca\\\/saint-gabriel-lalemant\\\/ecole\\\/\"},{\"@type\":\"ListItem\",\"position\":3,\"name\":\"Projet \u00e9ducatif\"}]},{\"@type\":\"WebSite\",\"@id\":\"https:\\\/\\\/cssst.gouv.qc.ca\\\/saint-gabriel-lalemant\\\/#website\",\"url\":\"https:\\\/\\\/cssst.gouv.qc.ca\\\/saint-gabriel-lalemant\\\/\",\"name\":\"\u00c9cole Saint-Gabriel-Lalemant\",\"description\":\"\",\"potentialAction\":[{\"@type\":\"SearchAction\",\"target\":{\"@type\":\"EntryPoint\",\"urlTemplate\":\"https:\\\/\\\/cssst.gouv.qc.ca\\\/saint-gabriel-lalemant\\\/?s={search_term_string}\"},\"query-input\":{\"@type\":\"PropertyValueSpecification\",\"valueRequired\":true,\"valueName\":\"search_term_string\"}}],\"inLanguage\":\"fr-CA\"}]}<\/script>\n<!-- \/ Yoast SEO plugin. -->","yoast_head_json":{"title":"Projet \u00e9ducatif - \u00c9cole Saint-Gabriel-Lalemant","robots":{"index":"index","follow":"follow","max-snippet":"max-snippet:-1","max-image-preview":"max-image-preview:large","max-video-preview":"max-video-preview:-1"},"canonical":"https:\/\/cssst.gouv.qc.ca\/saint-gabriel-lalemant\/ecole\/projet-educatif\/","og_locale":"fr_CA","og_type":"article","og_title":"Projet \u00e9ducatif - \u00c9cole Saint-Gabriel-Lalemant","og_description":"Projet \u00e9ducatif \u00ab Le projet \u00e9ducatif est un outil strat\u00e9gique permettant de d\u00e9finir et de faire conna\u00eetre \u00e0 la communaut\u00e9 \u00e9ducative d\u2019un \u00e9tablissement d\u2019enseignement desorientations, des priorit\u00e9s d\u2019action et les r\u00e9sultats attendus pour assurer la r\u00e9ussite \u00e9ducative de tous les \u00e9l\u00e8ves, jeunes et adultes. Il est \u00e9labor\u00e9 en fonction descaract\u00e9ristiques et des besoins des \u00e9l\u00e8ves [&hellip;]","og_url":"https:\/\/cssst.gouv.qc.ca\/saint-gabriel-lalemant\/ecole\/projet-educatif\/","og_site_name":"\u00c9cole Saint-Gabriel-Lalemant","article_publisher":"https:\/\/www.facebook.com\/cssoreltracy\/?locale=fr_CA","article_modified_time":"2024-10-21T17:42:29+00:00","og_image":[{"width":1545,"height":2000,"url":"https:\/\/cssst.gouv.qc.ca\/saint-gabriel-lalemant\/wp-content\/uploads\/sites\/17\/2024\/10\/Nos-valeurs-notre-mission-.png","type":"image\/png"}],"twitter_card":"summary_large_image","twitter_misc":{"Estimation du temps de lecture":"2 minutes"},"schema":{"@context":"https:\/\/schema.org","@graph":[{"@type":"WebPage","@id":"https:\/\/cssst.gouv.qc.ca\/saint-gabriel-lalemant\/ecole\/projet-educatif\/","url":"https:\/\/cssst.gouv.qc.ca\/saint-gabriel-lalemant\/ecole\/projet-educatif\/","name":"Projet \u00e9ducatif - \u00c9cole Saint-Gabriel-Lalemant","isPartOf":{"@id":"https:\/\/cssst.gouv.qc.ca\/saint-gabriel-lalemant\/#website"},"primaryImageOfPage":{"@id":"https:\/\/cssst.gouv.qc.ca\/saint-gabriel-lalemant\/ecole\/projet-educatif\/#primaryimage"},"image":{"@id":"https:\/\/cssst.gouv.qc.ca\/saint-gabriel-lalemant\/ecole\/projet-educatif\/#primaryimage"},"thumbnailUrl":"http:\/\/cssst.gouv.qc.ca\/saint-gabriel-lalemant\/wp-content\/uploads\/sites\/17\/2024\/10\/Nos-valeurs-notre-mission--791x1024.png","datePublished":"2023-02-02T14:37:07+00:00","dateModified":"2024-10-21T17:42:29+00:00","breadcrumb":{"@id":"https:\/\/cssst.gouv.qc.ca\/saint-gabriel-lalemant\/ecole\/projet-educatif\/#breadcrumb"},"inLanguage":"fr-CA","potentialAction":[{"@type":"ReadAction","target":["https:\/\/cssst.gouv.qc.ca\/saint-gabriel-lalemant\/ecole\/projet-educatif\/"]}]},{"@type":"ImageObject","inLanguage":"fr-CA","@id":"https:\/\/cssst.gouv.qc.ca\/saint-gabriel-lalemant\/ecole\/projet-educatif\/#primaryimage","url":"https:\/\/cssst.gouv.qc.ca\/saint-gabriel-lalemant\/wp-content\/uploads\/sites\/17\/2024\/10\/Nos-valeurs-notre-mission-.png","contentUrl":"https:\/\/cssst.gouv.qc.ca\/saint-gabriel-lalemant\/wp-content\/uploads\/sites\/17\/2024\/10\/Nos-valeurs-notre-mission-.png","width":1545,"height":2000},{"@type":"BreadcrumbList","@id":"https:\/\/cssst.gouv.qc.ca\/saint-gabriel-lalemant\/ecole\/projet-educatif\/#breadcrumb","itemListElement":[{"@type":"ListItem","position":1,"name":"Accueil","item":"https:\/\/cssst.gouv.qc.ca\/saint-gabriel-lalemant\/"},{"@type":"ListItem","position":2,"name":"\u00c9cole","item":"https:\/\/cssst.gouv.qc.ca\/saint-gabriel-lalemant\/ecole\/"},{"@type":"ListItem","position":3,"name":"Projet \u00e9ducatif"}]},{"@type":"WebSite","@id":"https:\/\/cssst.gouv.qc.ca\/saint-gabriel-lalemant\/#website","url":"https:\/\/cssst.gouv.qc.ca\/saint-gabriel-lalemant\/","name":"\u00c9cole Saint-Gabriel-Lalemant","description":"","potentialAction":[{"@type":"SearchAction","target":{"@type":"EntryPoint","urlTemplate":"https:\/\/cssst.gouv.qc.ca\/saint-gabriel-lalemant\/?s={search_term_string}"},"query-input":{"@type":"PropertyValueSpecification","valueRequired":true,"valueName":"search_term_string"}}],"inLanguage":"fr-CA"}]}},"_links":{"self":[{"href":"https:\/\/cssst.gouv.qc.ca\/saint-gabriel-lalemant\/wp-json\/wp\/v2\/pages\/12","targetHints":{"allow":["GET"]}}],"collection":[{"href":"https:\/\/cssst.gouv.qc.ca\/saint-gabriel-lalemant\/wp-json\/wp\/v2\/pages"}],"about":[{"href":"https:\/\/cssst.gouv.qc.ca\/saint-gabriel-lalemant\/wp-json\/wp\/v2\/types\/page"}],"author":[{"embeddable":true,"href":"https:\/\/cssst.gouv.qc.ca\/saint-gabriel-lalemant\/wp-json\/wp\/v2\/users\/1"}],"replies":[{"embeddable":true,"href":"https:\/\/cssst.gouv.qc.ca\/saint-gabriel-lalemant\/wp-json\/wp\/v2\/comments?post=12"}],"version-history":[{"count":0,"href":"https:\/\/cssst.gouv.qc.ca\/saint-gabriel-lalemant\/wp-json\/wp\/v2\/pages\/12\/revisions"}],"up":[{"embeddable":true,"href":"https:\/\/cssst.gouv.qc.ca\/saint-gabriel-lalemant\/wp-json\/wp\/v2\/pages\/5"}],"wp:attachment":[{"href":"https:\/\/cssst.gouv.qc.ca\/saint-gabriel-lalemant\/wp-json\/wp\/v2\/media?parent=12"}],"curies":[{"name":"wp","href":"https:\/\/api.w.org\/{rel}","templated":true}]}}