{"id":1330,"date":"2026-03-24T09:52:23","date_gmt":"2026-03-24T13:52:23","guid":{"rendered":"https:\/\/cssst.gouv.qc.ca\/pierre-de-saint-ours\/?post_type=event&#038;p=1330"},"modified":"2026-04-28T15:01:00","modified_gmt":"2026-04-28T19:01:00","slug":"sortie-de-fin-dannee-camping-bellerive-16-juin-2026","status":"publish","type":"event","link":"https:\/\/cssst.gouv.qc.ca\/pierre-de-saint-ours\/evenements\/sortie-de-fin-dannee-camping-bellerive-16-juin-2026\/","title":{"rendered":"Sortie de fin d&rsquo;ann\u00e9e &#8211; Camping Bellerive &#8211; 16 juin 2026"},"content":{"rendered":"\n\n<p class=\"act-lead\">Classes de madame V\u00e9ronic, madame Fr\u00e9d\u00e9rick et madame Marie-Pierre.<\/p>\n\n\n\n\n<p>Informations \u00e0 venir<\/p>\n","protected":false},"excerpt":{"rendered":"<p>Informations \u00e0 venir<\/p>\n","protected":false},"featured_media":0,"template":"","category_event":[],"class_list":["post-1330","event","type-event","status-publish","hentry"],"acf":[],"yoast_head":"<!-- This site is optimized with the Yoast SEO plugin v27.5 - https:\/\/yoast.com\/product\/yoast-seo-wordpress\/ -->\n<title>Sortie de fin d&#039;ann\u00e9e - Camping Bellerive - 16 juin 2026 - \u00c9cole Pierre-de-Saint-Ours<\/title>\n<meta name=\"robots\" content=\"index, follow, max-snippet:-1, max-image-preview:large, max-video-preview:-1\" \/>\n<link rel=\"canonical\" href=\"https:\/\/cssst.gouv.qc.ca\/pierre-de-saint-ours\/evenements\/sortie-de-fin-dannee-camping-bellerive-16-juin-2026\/\" \/>\n<meta property=\"og:locale\" content=\"fr_CA\" \/>\n<meta property=\"og:type\" content=\"article\" \/>\n<meta property=\"og:title\" content=\"Sortie de fin d&#039;ann\u00e9e - Camping Bellerive - 16 juin 2026 - \u00c9cole Pierre-de-Saint-Ours\" \/>\n<meta property=\"og:description\" content=\"Informations \u00e0 venir\" \/>\n<meta property=\"og:url\" content=\"https:\/\/cssst.gouv.qc.ca\/pierre-de-saint-ours\/evenements\/sortie-de-fin-dannee-camping-bellerive-16-juin-2026\/\" \/>\n<meta property=\"og:site_name\" content=\"\u00c9cole Pierre-de-Saint-Ours\" \/>\n<meta property=\"article:publisher\" content=\"https:\/\/www.facebook.com\/cssoreltracy\/?locale=fr_CA\" \/>\n<meta property=\"article:modified_time\" content=\"2026-04-28T19:01:00+00:00\" \/>\n<meta name=\"twitter:card\" content=\"summary_large_image\" \/>\n<meta name=\"twitter:label1\" content=\"Estimation du temps de lecture\" \/>\n\t<meta name=\"twitter:data1\" content=\"1 minute\" \/>\n<script type=\"application\/ld+json\" class=\"yoast-schema-graph\">{\"@context\":\"https:\\\/\\\/schema.org\",\"@graph\":[{\"@type\":\"WebPage\",\"@id\":\"https:\\\/\\\/cssst.gouv.qc.ca\\\/pierre-de-saint-ours\\\/evenements\\\/sortie-de-fin-dannee-camping-bellerive-16-juin-2026\\\/\",\"url\":\"https:\\\/\\\/cssst.gouv.qc.ca\\\/pierre-de-saint-ours\\\/evenements\\\/sortie-de-fin-dannee-camping-bellerive-16-juin-2026\\\/\",\"name\":\"Sortie de fin d'ann\u00e9e - Camping Bellerive - 16 juin 2026 - \u00c9cole Pierre-de-Saint-Ours\",\"isPartOf\":{\"@id\":\"https:\\\/\\\/cssst.gouv.qc.ca\\\/pierre-de-saint-ours\\\/#website\"},\"datePublished\":\"2026-03-24T13:52:23+00:00\",\"dateModified\":\"2026-04-28T19:01:00+00:00\",\"breadcrumb\":{\"@id\":\"https:\\\/\\\/cssst.gouv.qc.ca\\\/pierre-de-saint-ours\\\/evenements\\\/sortie-de-fin-dannee-camping-bellerive-16-juin-2026\\\/#breadcrumb\"},\"inLanguage\":\"fr-CA\",\"potentialAction\":[{\"@type\":\"ReadAction\",\"target\":[\"https:\\\/\\\/cssst.gouv.qc.ca\\\/pierre-de-saint-ours\\\/evenements\\\/sortie-de-fin-dannee-camping-bellerive-16-juin-2026\\\/\"]}]},{\"@type\":\"BreadcrumbList\",\"@id\":\"https:\\\/\\\/cssst.gouv.qc.ca\\\/pierre-de-saint-ours\\\/evenements\\\/sortie-de-fin-dannee-camping-bellerive-16-juin-2026\\\/#breadcrumb\",\"itemListElement\":[{\"@type\":\"ListItem\",\"position\":1,\"name\":\"Accueil\",\"item\":\"https:\\\/\\\/cssst.gouv.qc.ca\\\/pierre-de-saint-ours\\\/\"},{\"@type\":\"ListItem\",\"position\":2,\"name\":\"\u00c9v\u00e9nements\",\"item\":\"https:\\\/\\\/cssst.gouv.qc.ca\\\/pierre-de-saint-ours\\\/evenements\\\/\"},{\"@type\":\"ListItem\",\"position\":3,\"name\":\"Sortie de fin d&rsquo;ann\u00e9e &#8211; Camping Bellerive &#8211; 16 juin 2026\"}]},{\"@type\":\"WebSite\",\"@id\":\"https:\\\/\\\/cssst.gouv.qc.ca\\\/pierre-de-saint-ours\\\/#website\",\"url\":\"https:\\\/\\\/cssst.gouv.qc.ca\\\/pierre-de-saint-ours\\\/\",\"name\":\"\u00c9cole Pierre-de-Saint-Ours\",\"description\":\"\",\"potentialAction\":[{\"@type\":\"SearchAction\",\"target\":{\"@type\":\"EntryPoint\",\"urlTemplate\":\"https:\\\/\\\/cssst.gouv.qc.ca\\\/pierre-de-saint-ours\\\/?s={search_term_string}\"},\"query-input\":{\"@type\":\"PropertyValueSpecification\",\"valueRequired\":true,\"valueName\":\"search_term_string\"}}],\"inLanguage\":\"fr-CA\"}]}<\/script>\n<!-- \/ Yoast SEO plugin. -->","yoast_head_json":{"title":"Sortie de fin d'ann\u00e9e - Camping Bellerive - 16 juin 2026 - \u00c9cole Pierre-de-Saint-Ours","robots":{"index":"index","follow":"follow","max-snippet":"max-snippet:-1","max-image-preview":"max-image-preview:large","max-video-preview":"max-video-preview:-1"},"canonical":"https:\/\/cssst.gouv.qc.ca\/pierre-de-saint-ours\/evenements\/sortie-de-fin-dannee-camping-bellerive-16-juin-2026\/","og_locale":"fr_CA","og_type":"article","og_title":"Sortie de fin d'ann\u00e9e - Camping Bellerive - 16 juin 2026 - \u00c9cole Pierre-de-Saint-Ours","og_description":"Informations \u00e0 venir","og_url":"https:\/\/cssst.gouv.qc.ca\/pierre-de-saint-ours\/evenements\/sortie-de-fin-dannee-camping-bellerive-16-juin-2026\/","og_site_name":"\u00c9cole Pierre-de-Saint-Ours","article_publisher":"https:\/\/www.facebook.com\/cssoreltracy\/?locale=fr_CA","article_modified_time":"2026-04-28T19:01:00+00:00","twitter_card":"summary_large_image","twitter_misc":{"Estimation du temps de lecture":"1 minute"},"schema":{"@context":"https:\/\/schema.org","@graph":[{"@type":"WebPage","@id":"https:\/\/cssst.gouv.qc.ca\/pierre-de-saint-ours\/evenements\/sortie-de-fin-dannee-camping-bellerive-16-juin-2026\/","url":"https:\/\/cssst.gouv.qc.ca\/pierre-de-saint-ours\/evenements\/sortie-de-fin-dannee-camping-bellerive-16-juin-2026\/","name":"Sortie de fin d'ann\u00e9e - Camping Bellerive - 16 juin 2026 - \u00c9cole Pierre-de-Saint-Ours","isPartOf":{"@id":"https:\/\/cssst.gouv.qc.ca\/pierre-de-saint-ours\/#website"},"datePublished":"2026-03-24T13:52:23+00:00","dateModified":"2026-04-28T19:01:00+00:00","breadcrumb":{"@id":"https:\/\/cssst.gouv.qc.ca\/pierre-de-saint-ours\/evenements\/sortie-de-fin-dannee-camping-bellerive-16-juin-2026\/#breadcrumb"},"inLanguage":"fr-CA","potentialAction":[{"@type":"ReadAction","target":["https:\/\/cssst.gouv.qc.ca\/pierre-de-saint-ours\/evenements\/sortie-de-fin-dannee-camping-bellerive-16-juin-2026\/"]}]},{"@type":"BreadcrumbList","@id":"https:\/\/cssst.gouv.qc.ca\/pierre-de-saint-ours\/evenements\/sortie-de-fin-dannee-camping-bellerive-16-juin-2026\/#breadcrumb","itemListElement":[{"@type":"ListItem","position":1,"name":"Accueil","item":"https:\/\/cssst.gouv.qc.ca\/pierre-de-saint-ours\/"},{"@type":"ListItem","position":2,"name":"\u00c9v\u00e9nements","item":"https:\/\/cssst.gouv.qc.ca\/pierre-de-saint-ours\/evenements\/"},{"@type":"ListItem","position":3,"name":"Sortie de fin d&rsquo;ann\u00e9e &#8211; Camping Bellerive &#8211; 16 juin 2026"}]},{"@type":"WebSite","@id":"https:\/\/cssst.gouv.qc.ca\/pierre-de-saint-ours\/#website","url":"https:\/\/cssst.gouv.qc.ca\/pierre-de-saint-ours\/","name":"\u00c9cole Pierre-de-Saint-Ours","description":"","potentialAction":[{"@type":"SearchAction","target":{"@type":"EntryPoint","urlTemplate":"https:\/\/cssst.gouv.qc.ca\/pierre-de-saint-ours\/?s={search_term_string}"},"query-input":{"@type":"PropertyValueSpecification","valueRequired":true,"valueName":"search_term_string"}}],"inLanguage":"fr-CA"}]}},"_links":{"self":[{"href":"https:\/\/cssst.gouv.qc.ca\/pierre-de-saint-ours\/wp-json\/wp\/v2\/event\/1330","targetHints":{"allow":["GET"]}}],"collection":[{"href":"https:\/\/cssst.gouv.qc.ca\/pierre-de-saint-ours\/wp-json\/wp\/v2\/event"}],"about":[{"href":"https:\/\/cssst.gouv.qc.ca\/pierre-de-saint-ours\/wp-json\/wp\/v2\/types\/event"}],"version-history":[{"count":0,"href":"https:\/\/cssst.gouv.qc.ca\/pierre-de-saint-ours\/wp-json\/wp\/v2\/event\/1330\/revisions"}],"wp:attachment":[{"href":"https:\/\/cssst.gouv.qc.ca\/pierre-de-saint-ours\/wp-json\/wp\/v2\/media?parent=1330"}],"wp:term":[{"taxonomy":"category_event","embeddable":true,"href":"https:\/\/cssst.gouv.qc.ca\/pierre-de-saint-ours\/wp-json\/wp\/v2\/category_event?post=1330"}],"curies":[{"name":"wp","href":"https:\/\/api.w.org\/{rel}","templated":true}]}}

Sortie de fin d&rsquo;année &#8211; Camping Bellerive &#8211; 16 juin 2026

<p class="act-lead">Classes de madame Véronic, madame Frédérick et madame Marie-Pierre.</p>




<p>Informations à venir</p>

<p>Informations à venir</p>

<!-- This site is optimized with the Yoast SEO plugin v27.5 - https://yoast.com/product/yoast-seo-wordpress/ -->
<title>Sortie de fin d&#039;année - Camping Bellerive - 16 juin 2026 - École Pierre-de-Saint-Ours</title>
<meta name="robots" content="index, follow, max-snippet:-1, max-image-preview:large, max-video-preview:-1" />
<link rel="canonical" href="https://cssst.gouv.qc.ca/pierre-de-saint-ours/evenements/sortie-de-fin-dannee-camping-bellerive-16-juin-2026/" />
<meta property="og:locale" content="fr_CA" />
<meta property="og:type" content="article" />
<meta property="og:title" content="Sortie de fin d&#039;année - Camping Bellerive - 16 juin 2026 - École Pierre-de-Saint-Ours" />
<meta property="og:description" content="Informations à venir" />
<meta property="og:url" content="https://cssst.gouv.qc.ca/pierre-de-saint-ours/evenements/sortie-de-fin-dannee-camping-bellerive-16-juin-2026/" />
<meta property="og:site_name" content="École Pierre-de-Saint-Ours" />
<meta property="article:publisher" content="https://www.facebook.com/cssoreltracy/?locale=fr_CA" />
<meta property="article:modified_time" content="2026-04-28T19:01:00+00:00" />
<meta name="twitter:card" content="summary_large_image" />
<meta name="twitter:label1" content="Estimation du temps de lecture" />
	<meta name="twitter:data1" content="1 minute" />
<script type="application/ld+json" class="yoast-schema-graph">{"@context":"https:\/\/schema.org","@graph":[{"@type":"WebPage","@id":"https:\/\/cssst.gouv.qc.ca\/pierre-de-saint-ours\/evenements\/sortie-de-fin-dannee-camping-bellerive-16-juin-2026\/","url":"https:\/\/cssst.gouv.qc.ca\/pierre-de-saint-ours\/evenements\/sortie-de-fin-dannee-camping-bellerive-16-juin-2026\/","name":"Sortie de fin d'année - Camping Bellerive - 16 juin 2026 - École Pierre-de-Saint-Ours","isPartOf":{"@id":"https:\/\/cssst.gouv.qc.ca\/pierre-de-saint-ours\/#website"},"datePublished":"2026-03-24T13:52:23+00:00","dateModified":"2026-04-28T19:01:00+00:00","breadcrumb":{"@id":"https:\/\/cssst.gouv.qc.ca\/pierre-de-saint-ours\/evenements\/sortie-de-fin-dannee-camping-bellerive-16-juin-2026\/#breadcrumb"},"inLanguage":"fr-CA","potentialAction":[{"@type":"ReadAction","target":["https:\/\/cssst.gouv.qc.ca\/pierre-de-saint-ours\/evenements\/sortie-de-fin-dannee-camping-bellerive-16-juin-2026\/"]}]},{"@type":"BreadcrumbList","@id":"https:\/\/cssst.gouv.qc.ca\/pierre-de-saint-ours\/evenements\/sortie-de-fin-dannee-camping-bellerive-16-juin-2026\/#breadcrumb","itemListElement":[{"@type":"ListItem","position":1,"name":"Accueil","item":"https:\/\/cssst.gouv.qc.ca\/pierre-de-saint-ours\/"},{"@type":"ListItem","position":2,"name":"Événements","item":"https:\/\/cssst.gouv.qc.ca\/pierre-de-saint-ours\/evenements\/"},{"@type":"ListItem","position":3,"name":"Sortie de fin d&rsquo;année &#8211; Camping Bellerive &#8211; 16 juin 2026"}]},{"@type":"WebSite","@id":"https:\/\/cssst.gouv.qc.ca\/pierre-de-saint-ours\/#website","url":"https:\/\/cssst.gouv.qc.ca\/pierre-de-saint-ours\/","name":"École Pierre-de-Saint-Ours","description":"","potentialAction":[{"@type":"SearchAction","target":{"@type":"EntryPoint","urlTemplate":"https:\/\/cssst.gouv.qc.ca\/pierre-de-saint-ours\/?s={search_term_string}"},"query-input":{"@type":"PropertyValueSpecification","valueRequired":true,"valueName":"search_term_string"}}],"inLanguage":"fr-CA"}]}</script>
<!-- / Yoast SEO plugin. -->

Sortie de fin d'année - Camping Bellerive - 16 juin 2026 - École Pierre-de-Saint-Ours

Informations à venir

École Pierre-de-Saint-Ours

Événements
