{"id":4,"date":"2023-02-02T10:44:18","date_gmt":"2023-02-02T15:44:18","guid":{"rendered":"https:\/\/cssst.gouv.qc.ca\/pavillon-tournesol\/accueil\/"},"modified":"2026-02-10T15:16:25","modified_gmt":"2026-02-10T20:16:25","slug":"accueil","status":"publish","type":"page","link":"https:\/\/cssst.gouv.qc.ca\/pavillon-tournesol\/","title":{"rendered":"Site en d\u00e9veloppement"},"content":{"rendered":"\n<div class=\"wp-block-cover alignfull is-style-hero-home-subsite\"><img loading=\"lazy\" decoding=\"async\" width=\"1920\" height=\"537\" class=\"wp-block-cover__image-background wp-image-125\" alt=\"\" src=\"https:\/\/cssst.gouv.qc.ca\/pavillon-tournesol\/wp-content\/uploads\/sites\/22\/2023\/02\/Seawire-Hero-06-2.jpg\" data-object-fit=\"cover\" srcset=\"https:\/\/cssst.gouv.qc.ca\/pavillon-tournesol\/wp-content\/uploads\/sites\/22\/2023\/02\/Seawire-Hero-06-2.jpg 1920w, https:\/\/cssst.gouv.qc.ca\/pavillon-tournesol\/wp-content\/uploads\/sites\/22\/2023\/02\/Seawire-Hero-06-2-300x84.jpg 300w, https:\/\/cssst.gouv.qc.ca\/pavillon-tournesol\/wp-content\/uploads\/sites\/22\/2023\/02\/Seawire-Hero-06-2-1024x286.jpg 1024w, https:\/\/cssst.gouv.qc.ca\/pavillon-tournesol\/wp-content\/uploads\/sites\/22\/2023\/02\/Seawire-Hero-06-2-768x215.jpg 768w, https:\/\/cssst.gouv.qc.ca\/pavillon-tournesol\/wp-content\/uploads\/sites\/22\/2023\/02\/Seawire-Hero-06-2-1536x430.jpg 1536w\" sizes=\"auto, (max-width: 1920px) 100vw, 1920px\" \/><span aria-hidden=\"true\" class=\"wp-block-cover__background has-background-dim\"><\/span><div class=\"wp-block-cover__inner-container\">\n<div class=\"wp-block-group alignwide\"><h2 class=\"wp-block-post-title\">Site en d\u00e9veloppement<\/h2>\n\n\n<div class=\"wp-block-buttons\">\n<div class=\"wp-block-button\"><a class=\"wp-block-button__link wp-element-button\">En savoir plus <img decoding=\"async\" class=\"wp-image-402\" style=\"width: 17px\" src=\"https:\/\/cssst.gouv.qc.ca\/wp-content\/uploads\/2022\/09\/short_right.svg\" alt=\"\"><\/a><\/div>\n<\/div>\n<\/div>\n<\/div><\/div>\n\n\n\n<div class=\"wp-block-group alignfull is-style-subsite-home-news has-tertiary-background-color has-background\">\n<div class=\"wp-block-group alignwide\">\n<h2 class=\"wp-block-heading\">Actualit\u00e9s<\/h2>\n\n\n\n<div class=\"wp-block-buttons\">\n<div class=\"wp-block-button is-style-text is-home-actualites\"><a class=\"wp-block-button__link wp-element-button\" href=\"https:\/\/cssst.gouv.qc.ca\/pavillon-tournesol\/actualites\/\">Voir toutes les actualit\u00e9s<img decoding=\"async\" class=\"wp-image-402\" style=\"width: 17px\" src=\"https:\/\/cssst.gouv.qc.ca\/wp-content\/uploads\/2022\/09\/short_right.svg\" alt=\"\"><\/a><\/div>\n<\/div>\n<\/div>\n\n\n<div class=\" alignwide alignwide wp-block-acf-archive-listing\" id=\"testimonial-block_f6f07e796a93894e270c083be3f9fcd0\">\n    <\/div>\n<\/div>\n\n\n\n<div class=\"wp-block-group alignfull is-style-bg-gradient\">\n<div class=\"wp-block-group alignwide\">\n<div class=\"wp-block-columns is-style-dates-and-calendar\">\n<div class=\"wp-block-column is-style-dates-list\">\n<h2 class=\"wp-block-heading\">Calendrier<\/h2>\n<\/div>\n<\/div>\n\n\n\n<div class=\"wp-block-columns alignwide is-style-home-calendar is-style-dates-and-calendar\">\n<div class=\"wp-block-column is-style-dates-list\">\n<div class=\"wp-block-group\">\n<h3 class=\"wp-block-heading\">\u00c0 surveiller<\/h3>\n\n\n<div class=\"align wp-block-acf-act-date-list\" id=\"testimonial-\"><div class=\"wp-block-group\"><\/div><\/div>\n\n\n<p><a href=\"https:\/\/cssst.gouv.qc.ca\/pavillon-tournesol\/evenements\">Voir tous les \u00e9v\u00e9nements<\/a><\/p>\n<\/div>\n<\/div>\n\n\n\n<div class=\"wp-block-column is-style-calendar\">\n<div class=\"wp-block-group\"><div class=\"act-post-calendar\">\n    \n<\/div>\n<script>\n    var actPostCalendarPopups = {\n            }\n    var actPostCalendarMonths = [\n        'Janvier', \n        'F\u00e9vrier', \n        'Mars', \n        'Avril', \n        'Mai', \n        'Juin', \n        'Juillet',\n        'Ao\u00fbt', \n        'Septembre', \n        'Octobre', \n        'Novembre', \n        'D\u00e9cembre'\n    ]\n    var actPostCalendarWeekdays = ['D', 'L', 'M', 'M', 'J', 'V', 'S'];\n<\/script>\n\n\n\n<div class=\"wp-block-buttons\">\n<div class=\"wp-block-button\"><a class=\"wp-block-button__link wp-element-button\">T\u00e9l\u00e9charger le calendrier <img loading=\"lazy\" decoding=\"async\" width=\"24\" height=\"25\" class=\"wp-image-122\" style=\"width: 24px\" src=\"http:\/\/cssst.gouv.qc.ca\/pavillon-tournesol\/wp-content\/uploads\/sites\/22\/2023\/02\/Download.svg\" alt=\"\"><\/a><\/div>\n<\/div>\n<\/div>\n<\/div>\n<\/div>\n<\/div>\n<\/div>\n","protected":false},"excerpt":{"rendered":"<p>Actualit\u00e9s Calendrier \u00c0 surveiller Voir tous les \u00e9v\u00e9nements<\/p>\n","protected":false},"author":1,"featured_media":0,"parent":0,"menu_order":0,"comment_status":"closed","ping_status":"closed","template":"","meta":{"_acf_changed":false,"inline_featured_image":false,"footnotes":""},"class_list":["post-4","page","type-page","status-publish","hentry"],"acf":[],"yoast_head":"<!-- This site is optimized with the Yoast SEO plugin v27.3 - https:\/\/yoast.com\/product\/yoast-seo-wordpress\/ -->\n<title>Site en d\u00e9veloppement - Pavillon Tournesol<\/title>\n<meta name=\"robots\" content=\"index, follow, max-snippet:-1, max-image-preview:large, max-video-preview:-1\" \/>\n<link rel=\"canonical\" href=\"https:\/\/cssst.gouv.qc.ca\/pavillon-tournesol\/\" \/>\n<meta property=\"og:locale\" content=\"fr_CA\" \/>\n<meta property=\"og:type\" content=\"article\" \/>\n<meta property=\"og:title\" content=\"Site en d\u00e9veloppement - Pavillon Tournesol\" \/>\n<meta property=\"og:description\" content=\"Actualit\u00e9s Calendrier \u00c0 surveiller Voir tous les \u00e9v\u00e9nements\" \/>\n<meta property=\"og:url\" content=\"https:\/\/cssst.gouv.qc.ca\/pavillon-tournesol\/\" \/>\n<meta property=\"og:site_name\" content=\"Pavillon Tournesol\" \/>\n<meta property=\"article:publisher\" content=\"https:\/\/www.facebook.com\/cssoreltracy\/?locale=fr_CA\" \/>\n<meta property=\"article:modified_time\" content=\"2026-02-10T20:16:25+00:00\" \/>\n<meta property=\"og:image\" content=\"https:\/\/cssst.gouv.qc.ca\/pavillon-tournesol\/wp-content\/uploads\/sites\/22\/2023\/02\/Seawire-Hero-06-2.jpg\" \/>\n\t<meta property=\"og:image:width\" content=\"1920\" \/>\n\t<meta property=\"og:image:height\" content=\"537\" \/>\n\t<meta property=\"og:image:type\" content=\"image\/jpeg\" \/>\n<meta name=\"twitter:card\" content=\"summary_large_image\" \/>\n<meta name=\"twitter:label1\" content=\"Estimation du temps de lecture\" \/>\n\t<meta name=\"twitter:data1\" content=\"1 minute\" \/>\n<script type=\"application\/ld+json\" class=\"yoast-schema-graph\">{\"@context\":\"https:\\\/\\\/schema.org\",\"@graph\":[{\"@type\":\"WebPage\",\"@id\":\"https:\\\/\\\/cssst.gouv.qc.ca\\\/pavillon-tournesol\\\/\",\"url\":\"https:\\\/\\\/cssst.gouv.qc.ca\\\/pavillon-tournesol\\\/\",\"name\":\"Site en d\u00e9veloppement - Pavillon Tournesol\",\"isPartOf\":{\"@id\":\"https:\\\/\\\/cssst.gouv.qc.ca\\\/pavillon-tournesol\\\/#website\"},\"primaryImageOfPage\":{\"@id\":\"https:\\\/\\\/cssst.gouv.qc.ca\\\/pavillon-tournesol\\\/#primaryimage\"},\"image\":{\"@id\":\"https:\\\/\\\/cssst.gouv.qc.ca\\\/pavillon-tournesol\\\/#primaryimage\"},\"thumbnailUrl\":\"https:\\\/\\\/cssst.gouv.qc.ca\\\/pavillon-tournesol\\\/wp-content\\\/uploads\\\/sites\\\/22\\\/2023\\\/02\\\/Seawire-Hero-06-2.jpg\",\"datePublished\":\"2023-02-02T15:44:18+00:00\",\"dateModified\":\"2026-02-10T20:16:25+00:00\",\"breadcrumb\":{\"@id\":\"https:\\\/\\\/cssst.gouv.qc.ca\\\/pavillon-tournesol\\\/#breadcrumb\"},\"inLanguage\":\"fr-CA\",\"potentialAction\":[{\"@type\":\"ReadAction\",\"target\":[\"https:\\\/\\\/cssst.gouv.qc.ca\\\/pavillon-tournesol\\\/\"]}]},{\"@type\":\"ImageObject\",\"inLanguage\":\"fr-CA\",\"@id\":\"https:\\\/\\\/cssst.gouv.qc.ca\\\/pavillon-tournesol\\\/#primaryimage\",\"url\":\"https:\\\/\\\/cssst.gouv.qc.ca\\\/pavillon-tournesol\\\/wp-content\\\/uploads\\\/sites\\\/22\\\/2023\\\/02\\\/Seawire-Hero-06-2.jpg\",\"contentUrl\":\"https:\\\/\\\/cssst.gouv.qc.ca\\\/pavillon-tournesol\\\/wp-content\\\/uploads\\\/sites\\\/22\\\/2023\\\/02\\\/Seawire-Hero-06-2.jpg\",\"width\":1920,\"height\":537},{\"@type\":\"BreadcrumbList\",\"@id\":\"https:\\\/\\\/cssst.gouv.qc.ca\\\/pavillon-tournesol\\\/#breadcrumb\",\"itemListElement\":[{\"@type\":\"ListItem\",\"position\":1,\"name\":\"Accueil\",\"item\":\"https:\\\/\\\/cssst.gouv.qc.ca\\\/pavillon-tournesol\\\/\"},{\"@type\":\"ListItem\",\"position\":2,\"name\":\"Site en d\u00e9veloppement\"}]},{\"@type\":\"WebSite\",\"@id\":\"https:\\\/\\\/cssst.gouv.qc.ca\\\/pavillon-tournesol\\\/#website\",\"url\":\"https:\\\/\\\/cssst.gouv.qc.ca\\\/pavillon-tournesol\\\/\",\"name\":\"Pavillon Tournesol\",\"description\":\"\",\"potentialAction\":[{\"@type\":\"SearchAction\",\"target\":{\"@type\":\"EntryPoint\",\"urlTemplate\":\"https:\\\/\\\/cssst.gouv.qc.ca\\\/pavillon-tournesol\\\/?s={search_term_string}\"},\"query-input\":{\"@type\":\"PropertyValueSpecification\",\"valueRequired\":true,\"valueName\":\"search_term_string\"}}],\"inLanguage\":\"fr-CA\"}]}<\/script>\n<!-- \/ Yoast SEO plugin. -->","yoast_head_json":{"title":"Site en d\u00e9veloppement - Pavillon Tournesol","robots":{"index":"index","follow":"follow","max-snippet":"max-snippet:-1","max-image-preview":"max-image-preview:large","max-video-preview":"max-video-preview:-1"},"canonical":"https:\/\/cssst.gouv.qc.ca\/pavillon-tournesol\/","og_locale":"fr_CA","og_type":"article","og_title":"Site en d\u00e9veloppement - Pavillon Tournesol","og_description":"Actualit\u00e9s Calendrier \u00c0 surveiller Voir tous les \u00e9v\u00e9nements","og_url":"https:\/\/cssst.gouv.qc.ca\/pavillon-tournesol\/","og_site_name":"Pavillon Tournesol","article_publisher":"https:\/\/www.facebook.com\/cssoreltracy\/?locale=fr_CA","article_modified_time":"2026-02-10T20:16:25+00:00","og_image":[{"width":1920,"height":537,"url":"https:\/\/cssst.gouv.qc.ca\/pavillon-tournesol\/wp-content\/uploads\/sites\/22\/2023\/02\/Seawire-Hero-06-2.jpg","type":"image\/jpeg"}],"twitter_card":"summary_large_image","twitter_misc":{"Estimation du temps de lecture":"1 minute"},"schema":{"@context":"https:\/\/schema.org","@graph":[{"@type":"WebPage","@id":"https:\/\/cssst.gouv.qc.ca\/pavillon-tournesol\/","url":"https:\/\/cssst.gouv.qc.ca\/pavillon-tournesol\/","name":"Site en d\u00e9veloppement - Pavillon Tournesol","isPartOf":{"@id":"https:\/\/cssst.gouv.qc.ca\/pavillon-tournesol\/#website"},"primaryImageOfPage":{"@id":"https:\/\/cssst.gouv.qc.ca\/pavillon-tournesol\/#primaryimage"},"image":{"@id":"https:\/\/cssst.gouv.qc.ca\/pavillon-tournesol\/#primaryimage"},"thumbnailUrl":"https:\/\/cssst.gouv.qc.ca\/pavillon-tournesol\/wp-content\/uploads\/sites\/22\/2023\/02\/Seawire-Hero-06-2.jpg","datePublished":"2023-02-02T15:44:18+00:00","dateModified":"2026-02-10T20:16:25+00:00","breadcrumb":{"@id":"https:\/\/cssst.gouv.qc.ca\/pavillon-tournesol\/#breadcrumb"},"inLanguage":"fr-CA","potentialAction":[{"@type":"ReadAction","target":["https:\/\/cssst.gouv.qc.ca\/pavillon-tournesol\/"]}]},{"@type":"ImageObject","inLanguage":"fr-CA","@id":"https:\/\/cssst.gouv.qc.ca\/pavillon-tournesol\/#primaryimage","url":"https:\/\/cssst.gouv.qc.ca\/pavillon-tournesol\/wp-content\/uploads\/sites\/22\/2023\/02\/Seawire-Hero-06-2.jpg","contentUrl":"https:\/\/cssst.gouv.qc.ca\/pavillon-tournesol\/wp-content\/uploads\/sites\/22\/2023\/02\/Seawire-Hero-06-2.jpg","width":1920,"height":537},{"@type":"BreadcrumbList","@id":"https:\/\/cssst.gouv.qc.ca\/pavillon-tournesol\/#breadcrumb","itemListElement":[{"@type":"ListItem","position":1,"name":"Accueil","item":"https:\/\/cssst.gouv.qc.ca\/pavillon-tournesol\/"},{"@type":"ListItem","position":2,"name":"Site en d\u00e9veloppement"}]},{"@type":"WebSite","@id":"https:\/\/cssst.gouv.qc.ca\/pavillon-tournesol\/#website","url":"https:\/\/cssst.gouv.qc.ca\/pavillon-tournesol\/","name":"Pavillon Tournesol","description":"","potentialAction":[{"@type":"SearchAction","target":{"@type":"EntryPoint","urlTemplate":"https:\/\/cssst.gouv.qc.ca\/pavillon-tournesol\/?s={search_term_string}"},"query-input":{"@type":"PropertyValueSpecification","valueRequired":true,"valueName":"search_term_string"}}],"inLanguage":"fr-CA"}]}},"_links":{"self":[{"href":"https:\/\/cssst.gouv.qc.ca\/pavillon-tournesol\/wp-json\/wp\/v2\/pages\/4","targetHints":{"allow":["GET"]}}],"collection":[{"href":"https:\/\/cssst.gouv.qc.ca\/pavillon-tournesol\/wp-json\/wp\/v2\/pages"}],"about":[{"href":"https:\/\/cssst.gouv.qc.ca\/pavillon-tournesol\/wp-json\/wp\/v2\/types\/page"}],"author":[{"embeddable":true,"href":"https:\/\/cssst.gouv.qc.ca\/pavillon-tournesol\/wp-json\/wp\/v2\/users\/1"}],"replies":[{"embeddable":true,"href":"https:\/\/cssst.gouv.qc.ca\/pavillon-tournesol\/wp-json\/wp\/v2\/comments?post=4"}],"version-history":[{"count":0,"href":"https:\/\/cssst.gouv.qc.ca\/pavillon-tournesol\/wp-json\/wp\/v2\/pages\/4\/revisions"}],"wp:attachment":[{"href":"https:\/\/cssst.gouv.qc.ca\/pavillon-tournesol\/wp-json\/wp\/v2\/media?parent=4"}],"curies":[{"name":"wp","href":"https:\/\/api.w.org\/{rel}","templated":true}]}}