{"id":9,"date":"2023-02-02T09:37:06","date_gmt":"2023-02-02T14:37:06","guid":{"rendered":"https:\/\/cssst.gouv.qc.ca\/martel\/ecole\/comites\/conseil-detablissement\/"},"modified":"2026-04-30T13:48:54","modified_gmt":"2026-04-30T17:48:54","slug":"conseil-detablissement","status":"publish","type":"page","link":"https:\/\/cssst.gouv.qc.ca\/martel\/ecole\/comites\/conseil-detablissement\/","title":{"rendered":"Conseil d&rsquo;\u00e9tablissement"},"content":{"rendered":"\n<h2 class=\"wp-block-heading\">2025-2026<\/h2>\n\n\n\n<div class=\"wp-block-file\"><a id=\"wp-block-file--media-d1419201-0d07-4410-bc51-3cbb0ed98d05\" href=\"https:\/\/cssst.gouv.qc.ca\/martel\/wp-content\/uploads\/sites\/10\/2026\/04\/Composition-du-CE_2025-2026.pdf\">Composition du C\u00c9_2025-2026<\/a><a href=\"https:\/\/cssst.gouv.qc.ca\/martel\/wp-content\/uploads\/sites\/10\/2026\/04\/Composition-du-CE_2025-2026.pdf\" class=\"wp-block-file__button wp-element-button\" download aria-describedby=\"wp-block-file--media-d1419201-0d07-4410-bc51-3cbb0ed98d05\">T\u00e9l\u00e9charger<\/a><\/div>\n\n\n\n<h2 class=\"wp-block-heading\">Dates des prochaines rencontres<\/h2>\n\n\n\n<div class=\"wp-block-file\"><a id=\"wp-block-file--media-bd2622d6-a4b3-4e83-9e97-6fb4662801a9\" href=\"https:\/\/cssst.gouv.qc.ca\/martel\/wp-content\/uploads\/sites\/10\/2026\/04\/Dates-de-CE-2025-2026-Martel.pdf\">Dates de C\u00c9 2025-2026 Martel<\/a><a href=\"https:\/\/cssst.gouv.qc.ca\/martel\/wp-content\/uploads\/sites\/10\/2026\/04\/Dates-de-CE-2025-2026-Martel.pdf\" class=\"wp-block-file__button wp-element-button\" download aria-describedby=\"wp-block-file--media-bd2622d6-a4b3-4e83-9e97-6fb4662801a9\">T\u00e9l\u00e9charger<\/a><\/div>\n\n\n\n<h2 class=\"wp-block-heading\">Proc\u00e8s-verbaux<\/h2>\n\n\n\n<div class=\"wp-block-file\"><a id=\"wp-block-file--media-3543a6d5-11df-42d9-b31e-87594eff8315\" href=\"https:\/\/cssst.gouv.qc.ca\/martel\/wp-content\/uploads\/sites\/10\/2026\/04\/Proces-verbal_2026-02-04-2.pdf\">Martel &#8211; Proc\u00e8s-verbal f\u00e9vrier 2026<\/a><a href=\"https:\/\/cssst.gouv.qc.ca\/martel\/wp-content\/uploads\/sites\/10\/2026\/04\/Proces-verbal_2026-02-04-2.pdf\" class=\"wp-block-file__button wp-element-button\" download aria-describedby=\"wp-block-file--media-3543a6d5-11df-42d9-b31e-87594eff8315\">T\u00e9l\u00e9charger<\/a><\/div>\n\n\n\n<div class=\"wp-block-file\"><a id=\"wp-block-file--media-c4c89f68-330f-4983-ac87-a52b5a67d054\" href=\"https:\/\/cssst.gouv.qc.ca\/martel\/wp-content\/uploads\/sites\/10\/2026\/04\/Proces-verbal_2025-11-24-1.pdf\">MARTEL &#8211;  Proc\u00e8s verbal novembre 2025<\/a><a href=\"https:\/\/cssst.gouv.qc.ca\/martel\/wp-content\/uploads\/sites\/10\/2026\/04\/Proces-verbal_2025-11-24-1.pdf\" class=\"wp-block-file__button wp-element-button\" download aria-describedby=\"wp-block-file--media-c4c89f68-330f-4983-ac87-a52b5a67d054\">T\u00e9l\u00e9charger<\/a><\/div>\n\n\n\n<div class=\"wp-block-file\"><a id=\"wp-block-file--media-cccf748d-b7a9-4c70-9b15-ba307c110e80\" href=\"https:\/\/cssst.gouv.qc.ca\/martel\/wp-content\/uploads\/sites\/10\/2026\/04\/Proces-verbal_2025-10-01-2.pdf\">MARTEL &#8211; Proc\u00e8s-verbal octobre 2025<\/a><a href=\"https:\/\/cssst.gouv.qc.ca\/martel\/wp-content\/uploads\/sites\/10\/2026\/04\/Proces-verbal_2025-10-01-2.pdf\" class=\"wp-block-file__button wp-element-button\" download aria-describedby=\"wp-block-file--media-cccf748d-b7a9-4c70-9b15-ba307c110e80\">T\u00e9l\u00e9charger<\/a><\/div>\n\n\n\n<div class=\"wp-block-file\"><a id=\"wp-block-file--media-108b7308-527f-4b2b-b42b-e22abfb614f7\" href=\"https:\/\/cssst.gouv.qc.ca\/martel\/wp-content\/uploads\/sites\/10\/2025\/01\/MARTEL-PV-CE-octobre-2024.pdf\">MARTEL &#8211; Proc\u00e8s verbal octobre 2024<\/a><a href=\"https:\/\/cssst.gouv.qc.ca\/martel\/wp-content\/uploads\/sites\/10\/2025\/01\/MARTEL-PV-CE-octobre-2024.pdf\" class=\"wp-block-file__button wp-element-button\" download aria-describedby=\"wp-block-file--media-108b7308-527f-4b2b-b42b-e22abfb614f7\">T\u00e9l\u00e9charger<\/a><\/div>\n\n\n\n<div class=\"wp-block-file\"><a id=\"wp-block-file--media-4030a9b7-991b-42d4-abea-7e4367bab6c6\" href=\"https:\/\/cssst.gouv.qc.ca\/martel\/wp-content\/uploads\/sites\/10\/2024\/09\/MARTEL-PV-CE-19-juin-2024.pdf\">MARTEL &#8211; Proc\u00e8s verbal juin 2024<\/a><a href=\"https:\/\/cssst.gouv.qc.ca\/martel\/wp-content\/uploads\/sites\/10\/2024\/09\/MARTEL-PV-CE-19-juin-2024.pdf\" class=\"wp-block-file__button wp-element-button\" download aria-describedby=\"wp-block-file--media-4030a9b7-991b-42d4-abea-7e4367bab6c6\">T\u00e9l\u00e9charger<\/a><\/div>\n\n\n\n<div class=\"wp-block-file\"><a id=\"wp-block-file--media-c5c62d48-ae78-4f9a-b7f3-3cf3069ca45b\" href=\"https:\/\/cssst.gouv.qc.ca\/martel\/wp-content\/uploads\/sites\/10\/2025\/01\/MARTEL-PV-CE-27-mars-2024.pdf\">MARTEL &#8211; Proc\u00e8s verbal mars 2024<\/a><a href=\"https:\/\/cssst.gouv.qc.ca\/martel\/wp-content\/uploads\/sites\/10\/2025\/01\/MARTEL-PV-CE-27-mars-2024.pdf\" class=\"wp-block-file__button wp-element-button\" download aria-describedby=\"wp-block-file--media-c5c62d48-ae78-4f9a-b7f3-3cf3069ca45b\">T\u00e9l\u00e9charger<\/a><\/div>\n\n\n\n<div class=\"wp-block-file\"><a id=\"wp-block-file--media-6c2e30e8-4c7c-4bce-a8b0-75f54b502853\" href=\"https:\/\/cssst.gouv.qc.ca\/martel\/wp-content\/uploads\/sites\/10\/2025\/01\/MARTEL-PV-CE-31-janvier-2024.pdf\">MARTEL &#8211; Proc\u00e8s verbal janvier 2024<\/a><a href=\"https:\/\/cssst.gouv.qc.ca\/martel\/wp-content\/uploads\/sites\/10\/2025\/01\/MARTEL-PV-CE-31-janvier-2024.pdf\" class=\"wp-block-file__button wp-element-button\" download aria-describedby=\"wp-block-file--media-6c2e30e8-4c7c-4bce-a8b0-75f54b502853\">T\u00e9l\u00e9charger<\/a><\/div>\n\n\n\n<div class=\"wp-block-file\"><a id=\"wp-block-file--media-17906b96-1532-4b5d-b873-c9bd813f7dbb\" href=\"https:\/\/cssst.gouv.qc.ca\/martel\/wp-content\/uploads\/sites\/10\/2025\/01\/MARTEL-PV-CE-27-septembre-2023.pdf\">MARTEL &#8211; Proc\u00e8s verbal septembre 2023<\/a><a href=\"https:\/\/cssst.gouv.qc.ca\/martel\/wp-content\/uploads\/sites\/10\/2025\/01\/MARTEL-PV-CE-27-septembre-2023.pdf\" class=\"wp-block-file__button wp-element-button\" download aria-describedby=\"wp-block-file--media-17906b96-1532-4b5d-b873-c9bd813f7dbb\">T\u00e9l\u00e9charger<\/a><\/div>\n","protected":false},"excerpt":{"rendered":"<p>2025-2026 Dates des prochaines rencontres Proc\u00e8s-verbaux<\/p>\n","protected":false},"author":1,"featured_media":0,"parent":186,"menu_order":2,"comment_status":"closed","ping_status":"closed","template":"","meta":{"_acf_changed":false,"inline_featured_image":false,"footnotes":""},"class_list":["post-9","page","type-page","status-publish","hentry"],"acf":[],"yoast_head":"<!-- This site is optimized with the Yoast SEO plugin v27.5 - https:\/\/yoast.com\/product\/yoast-seo-wordpress\/ -->\n<title>Conseil d&#039;\u00e9tablissement - \u00c9cole Martel<\/title>\n<meta name=\"robots\" content=\"index, follow, max-snippet:-1, max-image-preview:large, max-video-preview:-1\" \/>\n<link rel=\"canonical\" href=\"https:\/\/cssst.gouv.qc.ca\/martel\/ecole\/comites\/conseil-detablissement\/\" \/>\n<meta property=\"og:locale\" content=\"fr_CA\" \/>\n<meta property=\"og:type\" content=\"article\" \/>\n<meta property=\"og:title\" content=\"Conseil d&#039;\u00e9tablissement - \u00c9cole Martel\" \/>\n<meta property=\"og:description\" content=\"2025-2026 Dates des prochaines rencontres Proc\u00e8s-verbaux\" \/>\n<meta property=\"og:url\" content=\"https:\/\/cssst.gouv.qc.ca\/martel\/ecole\/comites\/conseil-detablissement\/\" \/>\n<meta property=\"og:site_name\" content=\"\u00c9cole Martel\" \/>\n<meta property=\"article:publisher\" content=\"https:\/\/www.facebook.com\/profile.php?id=100084885317196\" \/>\n<meta property=\"article:modified_time\" content=\"2026-04-30T17:48:54+00:00\" \/>\n<meta name=\"twitter:card\" content=\"summary_large_image\" \/>\n<meta name=\"twitter:label1\" content=\"Estimation du temps de lecture\" \/>\n\t<meta name=\"twitter:data1\" content=\"1 minute\" \/>\n<script type=\"application\/ld+json\" class=\"yoast-schema-graph\">{\"@context\":\"https:\\\/\\\/schema.org\",\"@graph\":[{\"@type\":\"WebPage\",\"@id\":\"https:\\\/\\\/cssst.gouv.qc.ca\\\/martel\\\/ecole\\\/comites\\\/conseil-detablissement\\\/\",\"url\":\"https:\\\/\\\/cssst.gouv.qc.ca\\\/martel\\\/ecole\\\/comites\\\/conseil-detablissement\\\/\",\"name\":\"Conseil d'\u00e9tablissement - \u00c9cole Martel\",\"isPartOf\":{\"@id\":\"https:\\\/\\\/cssst.gouv.qc.ca\\\/martel\\\/#website\"},\"datePublished\":\"2023-02-02T14:37:06+00:00\",\"dateModified\":\"2026-04-30T17:48:54+00:00\",\"breadcrumb\":{\"@id\":\"https:\\\/\\\/cssst.gouv.qc.ca\\\/martel\\\/ecole\\\/comites\\\/conseil-detablissement\\\/#breadcrumb\"},\"inLanguage\":\"fr-CA\",\"potentialAction\":[{\"@type\":\"ReadAction\",\"target\":[\"https:\\\/\\\/cssst.gouv.qc.ca\\\/martel\\\/ecole\\\/comites\\\/conseil-detablissement\\\/\"]}]},{\"@type\":\"BreadcrumbList\",\"@id\":\"https:\\\/\\\/cssst.gouv.qc.ca\\\/martel\\\/ecole\\\/comites\\\/conseil-detablissement\\\/#breadcrumb\",\"itemListElement\":[{\"@type\":\"ListItem\",\"position\":1,\"name\":\"Accueil\",\"item\":\"https:\\\/\\\/cssst.gouv.qc.ca\\\/martel\\\/\"},{\"@type\":\"ListItem\",\"position\":2,\"name\":\"\u00c9cole\",\"item\":\"https:\\\/\\\/cssst.gouv.qc.ca\\\/martel\\\/ecole\\\/\"},{\"@type\":\"ListItem\",\"position\":3,\"name\":\"Comit\u00e9s\",\"item\":\"https:\\\/\\\/cssst.gouv.qc.ca\\\/martel\\\/ecole\\\/comites\\\/\"},{\"@type\":\"ListItem\",\"position\":4,\"name\":\"Conseil d&rsquo;\u00e9tablissement\"}]},{\"@type\":\"WebSite\",\"@id\":\"https:\\\/\\\/cssst.gouv.qc.ca\\\/martel\\\/#website\",\"url\":\"https:\\\/\\\/cssst.gouv.qc.ca\\\/martel\\\/\",\"name\":\"\u00c9cole Martel\",\"description\":\"\",\"potentialAction\":[{\"@type\":\"SearchAction\",\"target\":{\"@type\":\"EntryPoint\",\"urlTemplate\":\"https:\\\/\\\/cssst.gouv.qc.ca\\\/martel\\\/?s={search_term_string}\"},\"query-input\":{\"@type\":\"PropertyValueSpecification\",\"valueRequired\":true,\"valueName\":\"search_term_string\"}}],\"inLanguage\":\"fr-CA\"}]}<\/script>\n<!-- \/ Yoast SEO plugin. -->","yoast_head_json":{"title":"Conseil d'\u00e9tablissement - \u00c9cole Martel","robots":{"index":"index","follow":"follow","max-snippet":"max-snippet:-1","max-image-preview":"max-image-preview:large","max-video-preview":"max-video-preview:-1"},"canonical":"https:\/\/cssst.gouv.qc.ca\/martel\/ecole\/comites\/conseil-detablissement\/","og_locale":"fr_CA","og_type":"article","og_title":"Conseil d'\u00e9tablissement - \u00c9cole Martel","og_description":"2025-2026 Dates des prochaines rencontres Proc\u00e8s-verbaux","og_url":"https:\/\/cssst.gouv.qc.ca\/martel\/ecole\/comites\/conseil-detablissement\/","og_site_name":"\u00c9cole Martel","article_publisher":"https:\/\/www.facebook.com\/profile.php?id=100084885317196","article_modified_time":"2026-04-30T17:48:54+00:00","twitter_card":"summary_large_image","twitter_misc":{"Estimation du temps de lecture":"1 minute"},"schema":{"@context":"https:\/\/schema.org","@graph":[{"@type":"WebPage","@id":"https:\/\/cssst.gouv.qc.ca\/martel\/ecole\/comites\/conseil-detablissement\/","url":"https:\/\/cssst.gouv.qc.ca\/martel\/ecole\/comites\/conseil-detablissement\/","name":"Conseil d'\u00e9tablissement - \u00c9cole Martel","isPartOf":{"@id":"https:\/\/cssst.gouv.qc.ca\/martel\/#website"},"datePublished":"2023-02-02T14:37:06+00:00","dateModified":"2026-04-30T17:48:54+00:00","breadcrumb":{"@id":"https:\/\/cssst.gouv.qc.ca\/martel\/ecole\/comites\/conseil-detablissement\/#breadcrumb"},"inLanguage":"fr-CA","potentialAction":[{"@type":"ReadAction","target":["https:\/\/cssst.gouv.qc.ca\/martel\/ecole\/comites\/conseil-detablissement\/"]}]},{"@type":"BreadcrumbList","@id":"https:\/\/cssst.gouv.qc.ca\/martel\/ecole\/comites\/conseil-detablissement\/#breadcrumb","itemListElement":[{"@type":"ListItem","position":1,"name":"Accueil","item":"https:\/\/cssst.gouv.qc.ca\/martel\/"},{"@type":"ListItem","position":2,"name":"\u00c9cole","item":"https:\/\/cssst.gouv.qc.ca\/martel\/ecole\/"},{"@type":"ListItem","position":3,"name":"Comit\u00e9s","item":"https:\/\/cssst.gouv.qc.ca\/martel\/ecole\/comites\/"},{"@type":"ListItem","position":4,"name":"Conseil d&rsquo;\u00e9tablissement"}]},{"@type":"WebSite","@id":"https:\/\/cssst.gouv.qc.ca\/martel\/#website","url":"https:\/\/cssst.gouv.qc.ca\/martel\/","name":"\u00c9cole Martel","description":"","potentialAction":[{"@type":"SearchAction","target":{"@type":"EntryPoint","urlTemplate":"https:\/\/cssst.gouv.qc.ca\/martel\/?s={search_term_string}"},"query-input":{"@type":"PropertyValueSpecification","valueRequired":true,"valueName":"search_term_string"}}],"inLanguage":"fr-CA"}]}},"_links":{"self":[{"href":"https:\/\/cssst.gouv.qc.ca\/martel\/wp-json\/wp\/v2\/pages\/9","targetHints":{"allow":["GET"]}}],"collection":[{"href":"https:\/\/cssst.gouv.qc.ca\/martel\/wp-json\/wp\/v2\/pages"}],"about":[{"href":"https:\/\/cssst.gouv.qc.ca\/martel\/wp-json\/wp\/v2\/types\/page"}],"author":[{"embeddable":true,"href":"https:\/\/cssst.gouv.qc.ca\/martel\/wp-json\/wp\/v2\/users\/1"}],"replies":[{"embeddable":true,"href":"https:\/\/cssst.gouv.qc.ca\/martel\/wp-json\/wp\/v2\/comments?post=9"}],"version-history":[{"count":0,"href":"https:\/\/cssst.gouv.qc.ca\/martel\/wp-json\/wp\/v2\/pages\/9\/revisions"}],"up":[{"embeddable":true,"href":"https:\/\/cssst.gouv.qc.ca\/martel\/wp-json\/wp\/v2\/pages\/186"}],"wp:attachment":[{"href":"https:\/\/cssst.gouv.qc.ca\/martel\/wp-json\/wp\/v2\/media?parent=9"}],"curies":[{"name":"wp","href":"https:\/\/api.w.org\/{rel}","templated":true}]}}