{"id":136,"date":"2024-07-09T11:10:39","date_gmt":"2024-07-09T15:10:39","guid":{"rendered":"https:\/\/cssst.gouv.qc.ca\/martel\/?page_id=136"},"modified":"2025-01-09T10:52:43","modified_gmt":"2025-01-09T15:52:43","slug":"info-parents","status":"publish","type":"page","link":"https:\/\/cssst.gouv.qc.ca\/martel\/accueil\/info-parents\/","title":{"rendered":"Info-Parents"},"content":{"rendered":"\n<div class=\"wp-block-group alignfull has-padding-y-large has-tertiary-background-color has-background\"><div class=\"yoast-breadcrumbs alignwide \"><span class=\"breadcrumbs\"><a href=\"https:\/\/cssst.gouv.qc.ca\/martel\/\" class=\"breadcrumbs__element\">Accueil<\/a> <span class=\"breadcrumbs__separator\">\n        <svg class=\"icon icon-breadcrumb__separator\"><use xlink:href=\"#icon-breadcrumb__separator\"><\/use><\/svg>\n    <\/span> <a href=\"https:\/\/cssst.gouv.qc.ca\/martel\/\" class=\"breadcrumbs__element\">Bienvenue \u00e0 l&rsquo;\u00c9cole Martel<\/a> <span class=\"breadcrumbs__separator\">\n        <svg class=\"icon icon-breadcrumb__separator\"><use xlink:href=\"#icon-breadcrumb__separator\"><\/use><\/svg>\n    <\/span> <span class=\"breadcrumbs__element breadcrumbs__element-current\">Info-Parents<\/span><\/span><\/div><\/div>\n\n\n\n<h1 class=\"wp-block-heading\">Info-Parents<\/h1>\n\n\n\n\n<p class=\"act-lead\">Tout ce que vous devez savoir chaque mois !<\/p>\n\n\n\n\n<h2 class=\"wp-block-heading\">D\u00e9cembre 2024<\/h2>\n\n\n\n<div data-wp-interactive=\"core\/file\" class=\"wp-block-file\"><object data-wp-bind--hidden=\"!state.hasPdfPreview\" hidden class=\"wp-block-file__embed\" data=\"https:\/\/cssst.gouv.qc.ca\/martel\/wp-content\/uploads\/sites\/10\/2024\/12\/MART-Info-Parents-1-1.pdf\" type=\"application\/pdf\" style=\"width:100%;height:600px\" aria-label=\"Contenu incorpor\u00e9 D\u00e9cembre 2024.\"><\/object><a id=\"wp-block-file--media-d98dba79-5d20-49bb-be6c-7a0b825cfc9c\" href=\"https:\/\/cssst.gouv.qc.ca\/martel\/wp-content\/uploads\/sites\/10\/2024\/12\/MART-Info-Parents-1-1.pdf\">D\u00e9cembre 2024<\/a><a href=\"https:\/\/cssst.gouv.qc.ca\/martel\/wp-content\/uploads\/sites\/10\/2024\/12\/MART-Info-Parents-1-1.pdf\" class=\"wp-block-file__button wp-element-button\" download aria-describedby=\"wp-block-file--media-d98dba79-5d20-49bb-be6c-7a0b825cfc9c\">T\u00e9l\u00e9charger<\/a><\/div>\n\n\n\n<div class=\"wp-block-file\"><a id=\"wp-block-file--media-798705f7-d5ab-4852-89d4-31b6e8c1dd27\" href=\"https:\/\/cssst.gouv.qc.ca\/martel\/wp-content\/uploads\/sites\/10\/2024\/11\/MART-Info-Parents-1.pdf\">Novembre 2024<\/a><a href=\"https:\/\/cssst.gouv.qc.ca\/martel\/wp-content\/uploads\/sites\/10\/2024\/11\/MART-Info-Parents-1.pdf\" class=\"wp-block-file__button wp-element-button\" download aria-describedby=\"wp-block-file--media-798705f7-d5ab-4852-89d4-31b6e8c1dd27\">T\u00e9l\u00e9charger<\/a><\/div>\n\n\n\n<div class=\"wp-block-file\"><a id=\"wp-block-file--media-9b268ffa-dd8f-4ee9-86ef-0376eea36546\" href=\"https:\/\/cssst.gouv.qc.ca\/martel\/wp-content\/uploads\/sites\/10\/2024\/09\/MART-Info-Parents-1.pdf\">Octobre 2024<\/a><a href=\"https:\/\/cssst.gouv.qc.ca\/martel\/wp-content\/uploads\/sites\/10\/2024\/09\/MART-Info-Parents-1.pdf\" class=\"wp-block-file__button wp-element-button\" download aria-describedby=\"wp-block-file--media-9b268ffa-dd8f-4ee9-86ef-0376eea36546\">T\u00e9l\u00e9charger<\/a><\/div>\n\n\n\n<div class=\"wp-block-file\"><a id=\"wp-block-file--media-0ea30188-c361-45a3-83ed-7a8e806b8d60\" href=\"https:\/\/cssst.gouv.qc.ca\/martel\/wp-content\/uploads\/sites\/10\/2024\/08\/MART-Info-Parents.pdf\">Septembre 2024<\/a><a href=\"https:\/\/cssst.gouv.qc.ca\/martel\/wp-content\/uploads\/sites\/10\/2024\/08\/MART-Info-Parents.pdf\" class=\"wp-block-file__button wp-element-button\" download aria-describedby=\"wp-block-file--media-0ea30188-c361-45a3-83ed-7a8e806b8d60\">T\u00e9l\u00e9charger<\/a><\/div>\n\n\n\n<h2 class=\"wp-block-heading\">Rentr\u00e9e scolaire 2024-2025<\/h2>\n\n\n\n<div class=\"wp-block-file\"><a id=\"wp-block-file--media-2059f318-8a99-4d67-a62c-e48afeb0a865\" href=\"https:\/\/cssst.gouv.qc.ca\/martel\/wp-content\/uploads\/sites\/10\/2024\/08\/Rentree-scolaire-2024-2025-7.pdf\">Rentre\u0301e scolaire 2024-2025 <\/a><a href=\"https:\/\/cssst.gouv.qc.ca\/martel\/wp-content\/uploads\/sites\/10\/2024\/08\/Rentree-scolaire-2024-2025-7.pdf\" class=\"wp-block-file__button wp-element-button\" download aria-describedby=\"wp-block-file--media-2059f318-8a99-4d67-a62c-e48afeb0a865\">T\u00e9l\u00e9charger<\/a><\/div>\n\n\n\n<p><\/p>\n","protected":false},"excerpt":{"rendered":"<p>Info-Parents D\u00e9cembre 2024 Rentr\u00e9e scolaire 2024-2025<\/p>\n","protected":false},"author":40,"featured_media":0,"parent":4,"menu_order":0,"comment_status":"closed","ping_status":"closed","template":"","meta":{"_acf_changed":false,"inline_featured_image":false,"footnotes":""},"class_list":["post-136","page","type-page","status-publish","hentry"],"acf":[],"yoast_head":"<!-- This site is optimized with the Yoast SEO plugin v27.5 - https:\/\/yoast.com\/product\/yoast-seo-wordpress\/ -->\n<title>Info-Parents - \u00c9cole Martel<\/title>\n<meta name=\"robots\" content=\"index, follow, max-snippet:-1, max-image-preview:large, max-video-preview:-1\" \/>\n<link rel=\"canonical\" href=\"https:\/\/cssst.gouv.qc.ca\/martel\/accueil\/info-parents\/\" \/>\n<meta property=\"og:locale\" content=\"fr_CA\" \/>\n<meta property=\"og:type\" content=\"article\" \/>\n<meta property=\"og:title\" content=\"Info-Parents - \u00c9cole Martel\" \/>\n<meta property=\"og:description\" content=\"Info-Parents D\u00e9cembre 2024 Rentr\u00e9e scolaire 2024-2025\" \/>\n<meta property=\"og:url\" content=\"https:\/\/cssst.gouv.qc.ca\/martel\/accueil\/info-parents\/\" \/>\n<meta property=\"og:site_name\" content=\"\u00c9cole Martel\" \/>\n<meta property=\"article:publisher\" content=\"https:\/\/www.facebook.com\/profile.php?id=100084885317196\" \/>\n<meta property=\"article:modified_time\" content=\"2025-01-09T15:52:43+00:00\" \/>\n<meta name=\"twitter:card\" content=\"summary_large_image\" \/>\n<meta name=\"twitter:label1\" content=\"Estimation du temps de lecture\" \/>\n\t<meta name=\"twitter:data1\" content=\"1 minute\" \/>\n<script type=\"application\/ld+json\" class=\"yoast-schema-graph\">{\"@context\":\"https:\\\/\\\/schema.org\",\"@graph\":[{\"@type\":\"WebPage\",\"@id\":\"https:\\\/\\\/cssst.gouv.qc.ca\\\/martel\\\/accueil\\\/info-parents\\\/\",\"url\":\"https:\\\/\\\/cssst.gouv.qc.ca\\\/martel\\\/accueil\\\/info-parents\\\/\",\"name\":\"Info-Parents - \u00c9cole Martel\",\"isPartOf\":{\"@id\":\"https:\\\/\\\/cssst.gouv.qc.ca\\\/martel\\\/#website\"},\"datePublished\":\"2024-07-09T15:10:39+00:00\",\"dateModified\":\"2025-01-09T15:52:43+00:00\",\"breadcrumb\":{\"@id\":\"https:\\\/\\\/cssst.gouv.qc.ca\\\/martel\\\/accueil\\\/info-parents\\\/#breadcrumb\"},\"inLanguage\":\"fr-CA\",\"potentialAction\":[{\"@type\":\"ReadAction\",\"target\":[\"https:\\\/\\\/cssst.gouv.qc.ca\\\/martel\\\/accueil\\\/info-parents\\\/\"]}]},{\"@type\":\"BreadcrumbList\",\"@id\":\"https:\\\/\\\/cssst.gouv.qc.ca\\\/martel\\\/accueil\\\/info-parents\\\/#breadcrumb\",\"itemListElement\":[{\"@type\":\"ListItem\",\"position\":1,\"name\":\"Accueil\",\"item\":\"https:\\\/\\\/cssst.gouv.qc.ca\\\/martel\\\/\"},{\"@type\":\"ListItem\",\"position\":2,\"name\":\"Bienvenue \u00e0 l&rsquo;\u00c9cole Martel\",\"item\":\"https:\\\/\\\/cssst.gouv.qc.ca\\\/martel\\\/\"},{\"@type\":\"ListItem\",\"position\":3,\"name\":\"Info-Parents\"}]},{\"@type\":\"WebSite\",\"@id\":\"https:\\\/\\\/cssst.gouv.qc.ca\\\/martel\\\/#website\",\"url\":\"https:\\\/\\\/cssst.gouv.qc.ca\\\/martel\\\/\",\"name\":\"\u00c9cole Martel\",\"description\":\"\",\"potentialAction\":[{\"@type\":\"SearchAction\",\"target\":{\"@type\":\"EntryPoint\",\"urlTemplate\":\"https:\\\/\\\/cssst.gouv.qc.ca\\\/martel\\\/?s={search_term_string}\"},\"query-input\":{\"@type\":\"PropertyValueSpecification\",\"valueRequired\":true,\"valueName\":\"search_term_string\"}}],\"inLanguage\":\"fr-CA\"}]}<\/script>\n<!-- \/ Yoast SEO plugin. -->","yoast_head_json":{"title":"Info-Parents - \u00c9cole Martel","robots":{"index":"index","follow":"follow","max-snippet":"max-snippet:-1","max-image-preview":"max-image-preview:large","max-video-preview":"max-video-preview:-1"},"canonical":"https:\/\/cssst.gouv.qc.ca\/martel\/accueil\/info-parents\/","og_locale":"fr_CA","og_type":"article","og_title":"Info-Parents - \u00c9cole Martel","og_description":"Info-Parents D\u00e9cembre 2024 Rentr\u00e9e scolaire 2024-2025","og_url":"https:\/\/cssst.gouv.qc.ca\/martel\/accueil\/info-parents\/","og_site_name":"\u00c9cole Martel","article_publisher":"https:\/\/www.facebook.com\/profile.php?id=100084885317196","article_modified_time":"2025-01-09T15:52:43+00:00","twitter_card":"summary_large_image","twitter_misc":{"Estimation du temps de lecture":"1 minute"},"schema":{"@context":"https:\/\/schema.org","@graph":[{"@type":"WebPage","@id":"https:\/\/cssst.gouv.qc.ca\/martel\/accueil\/info-parents\/","url":"https:\/\/cssst.gouv.qc.ca\/martel\/accueil\/info-parents\/","name":"Info-Parents - \u00c9cole Martel","isPartOf":{"@id":"https:\/\/cssst.gouv.qc.ca\/martel\/#website"},"datePublished":"2024-07-09T15:10:39+00:00","dateModified":"2025-01-09T15:52:43+00:00","breadcrumb":{"@id":"https:\/\/cssst.gouv.qc.ca\/martel\/accueil\/info-parents\/#breadcrumb"},"inLanguage":"fr-CA","potentialAction":[{"@type":"ReadAction","target":["https:\/\/cssst.gouv.qc.ca\/martel\/accueil\/info-parents\/"]}]},{"@type":"BreadcrumbList","@id":"https:\/\/cssst.gouv.qc.ca\/martel\/accueil\/info-parents\/#breadcrumb","itemListElement":[{"@type":"ListItem","position":1,"name":"Accueil","item":"https:\/\/cssst.gouv.qc.ca\/martel\/"},{"@type":"ListItem","position":2,"name":"Bienvenue \u00e0 l&rsquo;\u00c9cole Martel","item":"https:\/\/cssst.gouv.qc.ca\/martel\/"},{"@type":"ListItem","position":3,"name":"Info-Parents"}]},{"@type":"WebSite","@id":"https:\/\/cssst.gouv.qc.ca\/martel\/#website","url":"https:\/\/cssst.gouv.qc.ca\/martel\/","name":"\u00c9cole Martel","description":"","potentialAction":[{"@type":"SearchAction","target":{"@type":"EntryPoint","urlTemplate":"https:\/\/cssst.gouv.qc.ca\/martel\/?s={search_term_string}"},"query-input":{"@type":"PropertyValueSpecification","valueRequired":true,"valueName":"search_term_string"}}],"inLanguage":"fr-CA"}]}},"_links":{"self":[{"href":"https:\/\/cssst.gouv.qc.ca\/martel\/wp-json\/wp\/v2\/pages\/136","targetHints":{"allow":["GET"]}}],"collection":[{"href":"https:\/\/cssst.gouv.qc.ca\/martel\/wp-json\/wp\/v2\/pages"}],"about":[{"href":"https:\/\/cssst.gouv.qc.ca\/martel\/wp-json\/wp\/v2\/types\/page"}],"author":[{"embeddable":true,"href":"https:\/\/cssst.gouv.qc.ca\/martel\/wp-json\/wp\/v2\/users\/40"}],"replies":[{"embeddable":true,"href":"https:\/\/cssst.gouv.qc.ca\/martel\/wp-json\/wp\/v2\/comments?post=136"}],"version-history":[{"count":0,"href":"https:\/\/cssst.gouv.qc.ca\/martel\/wp-json\/wp\/v2\/pages\/136\/revisions"}],"up":[{"embeddable":true,"href":"https:\/\/cssst.gouv.qc.ca\/martel\/wp-json\/wp\/v2\/pages\/4"}],"wp:attachment":[{"href":"https:\/\/cssst.gouv.qc.ca\/martel\/wp-json\/wp\/v2\/media?parent=136"}],"curies":[{"name":"wp","href":"https:\/\/api.w.org\/{rel}","templated":true}]}}