{"id":9,"date":"2023-02-02T09:37:06","date_gmt":"2023-02-02T14:37:06","guid":{"rendered":"https:\/\/cssst.gouv.qc.ca\/maria-goretti\/ecole\/comites\/conseil-detablissement\/"},"modified":"2025-09-11T13:46:23","modified_gmt":"2025-09-11T17:46:23","slug":"conseil-detablissement","status":"publish","type":"page","link":"https:\/\/cssst.gouv.qc.ca\/maria-goretti\/ecole\/comites\/conseil-detablissement\/","title":{"rendered":"Conseil d&rsquo;\u00e9tablissement"},"content":{"rendered":"\n<h2 class=\"wp-block-heading\">Pr\u00e9sident du conseil d&rsquo;\u00e9tablissement 2025-2026<\/h2>\n\n\n\n<p>\u00c0 d\u00e9terminer<\/p>\n\n\n\n<h2 class=\"wp-block-heading\">Dates des prochaines rencontres<\/h2>\n\n\n\n<p>Assembl\u00e9e g\u00e9n\u00e9rale pour l&rsquo;\u00e9lection des membres: jeudi 11 septembre 2025 17h45<\/p>\n\n\n\n<h2 class=\"wp-block-heading\">Proc\u00e8s-verbaux<\/h2>\n\n\n\n<div class=\"wp-block-file\"><a id=\"wp-block-file--media-73aff9ec-84b2-4af7-b5e6-02e605872964\" href=\"https:\/\/cssst.gouv.qc.ca\/maria-goretti\/wp-content\/uploads\/sites\/9\/2025\/04\/PV-CE-18-mars-2025-FINAL.pdf\">Proc\u00e8s verbal du conseil d&rsquo;\u00e9tablissement du 18 mars 2025 <\/a><a href=\"https:\/\/cssst.gouv.qc.ca\/maria-goretti\/wp-content\/uploads\/sites\/9\/2025\/04\/PV-CE-18-mars-2025-FINAL.pdf\" class=\"wp-block-file__button wp-element-button\" download aria-describedby=\"wp-block-file--media-73aff9ec-84b2-4af7-b5e6-02e605872964\">T\u00e9l\u00e9charger<\/a><\/div>\n\n\n\n<div class=\"wp-block-file\"><a id=\"wp-block-file--media-7f268804-5fec-444c-9eb4-3685eb129c6b\" href=\"https:\/\/cssst.gouv.qc.ca\/maria-goretti\/wp-content\/uploads\/sites\/9\/2025\/04\/PV-CE-14-janvier-2025-FINAL.pdf\">Proc\u00e8s verbal du conseil d&rsquo;\u00e9tablissement du 14 janvier 2025 <\/a><a href=\"https:\/\/cssst.gouv.qc.ca\/maria-goretti\/wp-content\/uploads\/sites\/9\/2025\/04\/PV-CE-14-janvier-2025-FINAL.pdf\" class=\"wp-block-file__button wp-element-button\" download aria-describedby=\"wp-block-file--media-7f268804-5fec-444c-9eb4-3685eb129c6b\">T\u00e9l\u00e9charger<\/a><\/div>\n\n\n\n<div class=\"wp-block-file\"><a id=\"wp-block-file--media-a130dc6c-cb59-4628-9614-1b6885eb600c\" href=\"https:\/\/cssst.gouv.qc.ca\/maria-goretti\/wp-content\/uploads\/sites\/9\/2025\/04\/PV-CE-5-novembre-2024-FINAL.pdf\">Proc\u00e8s verbal du conseil d&rsquo;\u00e9tablissement du 5 novembre 2024<\/a><a href=\"https:\/\/cssst.gouv.qc.ca\/maria-goretti\/wp-content\/uploads\/sites\/9\/2025\/04\/PV-CE-5-novembre-2024-FINAL.pdf\" class=\"wp-block-file__button wp-element-button\" download aria-describedby=\"wp-block-file--media-a130dc6c-cb59-4628-9614-1b6885eb600c\">T\u00e9l\u00e9charger<\/a><\/div>\n\n\n\n<div class=\"wp-block-file\"><a id=\"wp-block-file--media-ba69fc79-18b5-4082-bc51-d28e7ead2d90\" href=\"https:\/\/cssst.gouv.qc.ca\/maria-goretti\/wp-content\/uploads\/sites\/9\/2025\/02\/PV-C.E.-26-03-2024.pdf\">Proc\u00e8s verbal conseil d&rsquo;\u00e9tablissement 26 mars 2024<\/a><a href=\"https:\/\/cssst.gouv.qc.ca\/maria-goretti\/wp-content\/uploads\/sites\/9\/2025\/02\/PV-C.E.-26-03-2024.pdf\" class=\"wp-block-file__button wp-element-button\" download aria-describedby=\"wp-block-file--media-ba69fc79-18b5-4082-bc51-d28e7ead2d90\">T\u00e9l\u00e9charger<\/a><\/div>\n\n\n\n<div class=\"wp-block-file\"><a id=\"wp-block-file--media-0435dd1b-8fa0-4416-9810-098c5606a52c\" href=\"https:\/\/cssst.gouv.qc.ca\/maria-goretti\/wp-content\/uploads\/sites\/9\/2025\/02\/PV-C.E.-28-11-2023.pdf\">Proc\u00e8s verbal du conseil d&rsquo;\u00e9tablissement du 8 novembre 2023<\/a><a href=\"https:\/\/cssst.gouv.qc.ca\/maria-goretti\/wp-content\/uploads\/sites\/9\/2025\/02\/PV-C.E.-28-11-2023.pdf\" class=\"wp-block-file__button wp-element-button\" download aria-describedby=\"wp-block-file--media-0435dd1b-8fa0-4416-9810-098c5606a52c\">T\u00e9l\u00e9charger<\/a><\/div>\n\n\n\n<div class=\"wp-block-file\"><a id=\"wp-block-file--media-ee63d32b-0e9c-4469-9eb8-a1f0ce1a1503\" href=\"https:\/\/cssst.gouv.qc.ca\/maria-goretti\/wp-content\/uploads\/sites\/9\/2025\/02\/PV-C.E.-4-10-2023.pdf\">Proc\u00e8s verbal conseil d&rsquo;\u00e9tablissement du 4 octobre 2023<\/a><a href=\"https:\/\/cssst.gouv.qc.ca\/maria-goretti\/wp-content\/uploads\/sites\/9\/2025\/02\/PV-C.E.-4-10-2023.pdf\" class=\"wp-block-file__button wp-element-button\" download aria-describedby=\"wp-block-file--media-ee63d32b-0e9c-4469-9eb8-a1f0ce1a1503\">T\u00e9l\u00e9charger<\/a><\/div>\n","protected":false},"excerpt":{"rendered":"<p>Pr\u00e9sident du conseil d&rsquo;\u00e9tablissement 2025-2026 \u00c0 d\u00e9terminer Dates des prochaines rencontres Assembl\u00e9e g\u00e9n\u00e9rale pour l&rsquo;\u00e9lection des membres: jeudi 11 septembre 2025 17h45 Proc\u00e8s-verbaux<\/p>\n","protected":false},"author":1,"featured_media":0,"parent":8,"menu_order":0,"comment_status":"closed","ping_status":"closed","template":"","meta":{"_acf_changed":false,"inline_featured_image":false,"footnotes":""},"class_list":["post-9","page","type-page","status-publish","hentry"],"acf":[],"yoast_head":"<!-- This site is optimized with the Yoast SEO plugin v27.4 - https:\/\/yoast.com\/product\/yoast-seo-wordpress\/ -->\n<title>Conseil d&#039;\u00e9tablissement - \u00c9cole Maria-Goretti<\/title>\n<meta name=\"robots\" content=\"index, follow, max-snippet:-1, max-image-preview:large, max-video-preview:-1\" \/>\n<link rel=\"canonical\" href=\"https:\/\/cssst.gouv.qc.ca\/maria-goretti\/ecole\/comites\/conseil-detablissement\/\" \/>\n<meta property=\"og:locale\" content=\"fr_CA\" \/>\n<meta property=\"og:type\" content=\"article\" \/>\n<meta property=\"og:title\" content=\"Conseil d&#039;\u00e9tablissement - \u00c9cole Maria-Goretti\" \/>\n<meta property=\"og:description\" content=\"Pr\u00e9sident du conseil d&rsquo;\u00e9tablissement 2025-2026 \u00c0 d\u00e9terminer Dates des prochaines rencontres Assembl\u00e9e g\u00e9n\u00e9rale pour l&rsquo;\u00e9lection des membres: jeudi 11 septembre 2025 17h45 Proc\u00e8s-verbaux\" \/>\n<meta property=\"og:url\" content=\"https:\/\/cssst.gouv.qc.ca\/maria-goretti\/ecole\/comites\/conseil-detablissement\/\" \/>\n<meta property=\"og:site_name\" content=\"\u00c9cole Maria-Goretti\" \/>\n<meta property=\"article:publisher\" content=\"https:\/\/www.facebook.com\/ecolemariagoretti\" \/>\n<meta property=\"article:modified_time\" content=\"2025-09-11T17:46:23+00:00\" \/>\n<meta name=\"twitter:card\" content=\"summary_large_image\" \/>\n<meta name=\"twitter:label1\" content=\"Estimation du temps de lecture\" \/>\n\t<meta name=\"twitter:data1\" content=\"1 minute\" \/>\n<script type=\"application\/ld+json\" class=\"yoast-schema-graph\">{\"@context\":\"https:\\\/\\\/schema.org\",\"@graph\":[{\"@type\":\"WebPage\",\"@id\":\"https:\\\/\\\/cssst.gouv.qc.ca\\\/maria-goretti\\\/ecole\\\/comites\\\/conseil-detablissement\\\/\",\"url\":\"https:\\\/\\\/cssst.gouv.qc.ca\\\/maria-goretti\\\/ecole\\\/comites\\\/conseil-detablissement\\\/\",\"name\":\"Conseil d'\u00e9tablissement - \u00c9cole Maria-Goretti\",\"isPartOf\":{\"@id\":\"https:\\\/\\\/cssst.gouv.qc.ca\\\/maria-goretti\\\/#website\"},\"datePublished\":\"2023-02-02T14:37:06+00:00\",\"dateModified\":\"2025-09-11T17:46:23+00:00\",\"breadcrumb\":{\"@id\":\"https:\\\/\\\/cssst.gouv.qc.ca\\\/maria-goretti\\\/ecole\\\/comites\\\/conseil-detablissement\\\/#breadcrumb\"},\"inLanguage\":\"fr-CA\",\"potentialAction\":[{\"@type\":\"ReadAction\",\"target\":[\"https:\\\/\\\/cssst.gouv.qc.ca\\\/maria-goretti\\\/ecole\\\/comites\\\/conseil-detablissement\\\/\"]}]},{\"@type\":\"BreadcrumbList\",\"@id\":\"https:\\\/\\\/cssst.gouv.qc.ca\\\/maria-goretti\\\/ecole\\\/comites\\\/conseil-detablissement\\\/#breadcrumb\",\"itemListElement\":[{\"@type\":\"ListItem\",\"position\":1,\"name\":\"Accueil\",\"item\":\"https:\\\/\\\/cssst.gouv.qc.ca\\\/maria-goretti\\\/\"},{\"@type\":\"ListItem\",\"position\":2,\"name\":\"\u00c9cole\",\"item\":\"https:\\\/\\\/cssst.gouv.qc.ca\\\/maria-goretti\\\/ecole\\\/\"},{\"@type\":\"ListItem\",\"position\":3,\"name\":\"Comit\u00e9s\",\"item\":\"https:\\\/\\\/cssst.gouv.qc.ca\\\/maria-goretti\\\/ecole\\\/comites\\\/\"},{\"@type\":\"ListItem\",\"position\":4,\"name\":\"Conseil d&rsquo;\u00e9tablissement\"}]},{\"@type\":\"WebSite\",\"@id\":\"https:\\\/\\\/cssst.gouv.qc.ca\\\/maria-goretti\\\/#website\",\"url\":\"https:\\\/\\\/cssst.gouv.qc.ca\\\/maria-goretti\\\/\",\"name\":\"\u00c9cole Maria-Goretti\",\"description\":\"\",\"potentialAction\":[{\"@type\":\"SearchAction\",\"target\":{\"@type\":\"EntryPoint\",\"urlTemplate\":\"https:\\\/\\\/cssst.gouv.qc.ca\\\/maria-goretti\\\/?s={search_term_string}\"},\"query-input\":{\"@type\":\"PropertyValueSpecification\",\"valueRequired\":true,\"valueName\":\"search_term_string\"}}],\"inLanguage\":\"fr-CA\"}]}<\/script>\n<!-- \/ Yoast SEO plugin. -->","yoast_head_json":{"title":"Conseil d'\u00e9tablissement - \u00c9cole Maria-Goretti","robots":{"index":"index","follow":"follow","max-snippet":"max-snippet:-1","max-image-preview":"max-image-preview:large","max-video-preview":"max-video-preview:-1"},"canonical":"https:\/\/cssst.gouv.qc.ca\/maria-goretti\/ecole\/comites\/conseil-detablissement\/","og_locale":"fr_CA","og_type":"article","og_title":"Conseil d'\u00e9tablissement - \u00c9cole Maria-Goretti","og_description":"Pr\u00e9sident du conseil d&rsquo;\u00e9tablissement 2025-2026 \u00c0 d\u00e9terminer Dates des prochaines rencontres Assembl\u00e9e g\u00e9n\u00e9rale pour l&rsquo;\u00e9lection des membres: jeudi 11 septembre 2025 17h45 Proc\u00e8s-verbaux","og_url":"https:\/\/cssst.gouv.qc.ca\/maria-goretti\/ecole\/comites\/conseil-detablissement\/","og_site_name":"\u00c9cole Maria-Goretti","article_publisher":"https:\/\/www.facebook.com\/ecolemariagoretti","article_modified_time":"2025-09-11T17:46:23+00:00","twitter_card":"summary_large_image","twitter_misc":{"Estimation du temps de lecture":"1 minute"},"schema":{"@context":"https:\/\/schema.org","@graph":[{"@type":"WebPage","@id":"https:\/\/cssst.gouv.qc.ca\/maria-goretti\/ecole\/comites\/conseil-detablissement\/","url":"https:\/\/cssst.gouv.qc.ca\/maria-goretti\/ecole\/comites\/conseil-detablissement\/","name":"Conseil d'\u00e9tablissement - \u00c9cole Maria-Goretti","isPartOf":{"@id":"https:\/\/cssst.gouv.qc.ca\/maria-goretti\/#website"},"datePublished":"2023-02-02T14:37:06+00:00","dateModified":"2025-09-11T17:46:23+00:00","breadcrumb":{"@id":"https:\/\/cssst.gouv.qc.ca\/maria-goretti\/ecole\/comites\/conseil-detablissement\/#breadcrumb"},"inLanguage":"fr-CA","potentialAction":[{"@type":"ReadAction","target":["https:\/\/cssst.gouv.qc.ca\/maria-goretti\/ecole\/comites\/conseil-detablissement\/"]}]},{"@type":"BreadcrumbList","@id":"https:\/\/cssst.gouv.qc.ca\/maria-goretti\/ecole\/comites\/conseil-detablissement\/#breadcrumb","itemListElement":[{"@type":"ListItem","position":1,"name":"Accueil","item":"https:\/\/cssst.gouv.qc.ca\/maria-goretti\/"},{"@type":"ListItem","position":2,"name":"\u00c9cole","item":"https:\/\/cssst.gouv.qc.ca\/maria-goretti\/ecole\/"},{"@type":"ListItem","position":3,"name":"Comit\u00e9s","item":"https:\/\/cssst.gouv.qc.ca\/maria-goretti\/ecole\/comites\/"},{"@type":"ListItem","position":4,"name":"Conseil d&rsquo;\u00e9tablissement"}]},{"@type":"WebSite","@id":"https:\/\/cssst.gouv.qc.ca\/maria-goretti\/#website","url":"https:\/\/cssst.gouv.qc.ca\/maria-goretti\/","name":"\u00c9cole Maria-Goretti","description":"","potentialAction":[{"@type":"SearchAction","target":{"@type":"EntryPoint","urlTemplate":"https:\/\/cssst.gouv.qc.ca\/maria-goretti\/?s={search_term_string}"},"query-input":{"@type":"PropertyValueSpecification","valueRequired":true,"valueName":"search_term_string"}}],"inLanguage":"fr-CA"}]}},"_links":{"self":[{"href":"https:\/\/cssst.gouv.qc.ca\/maria-goretti\/wp-json\/wp\/v2\/pages\/9","targetHints":{"allow":["GET"]}}],"collection":[{"href":"https:\/\/cssst.gouv.qc.ca\/maria-goretti\/wp-json\/wp\/v2\/pages"}],"about":[{"href":"https:\/\/cssst.gouv.qc.ca\/maria-goretti\/wp-json\/wp\/v2\/types\/page"}],"author":[{"embeddable":true,"href":"https:\/\/cssst.gouv.qc.ca\/maria-goretti\/wp-json\/wp\/v2\/users\/1"}],"replies":[{"embeddable":true,"href":"https:\/\/cssst.gouv.qc.ca\/maria-goretti\/wp-json\/wp\/v2\/comments?post=9"}],"version-history":[{"count":0,"href":"https:\/\/cssst.gouv.qc.ca\/maria-goretti\/wp-json\/wp\/v2\/pages\/9\/revisions"}],"up":[{"embeddable":true,"href":"https:\/\/cssst.gouv.qc.ca\/maria-goretti\/wp-json\/wp\/v2\/pages\/8"}],"wp:attachment":[{"href":"https:\/\/cssst.gouv.qc.ca\/maria-goretti\/wp-json\/wp\/v2\/media?parent=9"}],"curies":[{"name":"wp","href":"https:\/\/api.w.org\/{rel}","templated":true}]}}