{"id":497,"date":"2025-10-09T15:45:07","date_gmt":"2025-10-09T19:45:07","guid":{"rendered":"https:\/\/cssst.gouv.qc.ca\/maria-goretti\/?page_id=497"},"modified":"2025-10-09T16:07:11","modified_gmt":"2025-10-09T20:07:11","slug":"revision-dun-resultat","status":"publish","type":"page","link":"https:\/\/cssst.gouv.qc.ca\/maria-goretti\/ecole\/revision-dun-resultat\/","title":{"rendered":"R\u00e9vision d&rsquo;un r\u00e9sultat"},"content":{"rendered":"\n<div class=\"wp-block-group alignfull has-padding-y-large has-tertiary-background-color has-background\"><div class=\"yoast-breadcrumbs alignwide \"><span class=\"breadcrumbs\"><a href=\"https:\/\/cssst.gouv.qc.ca\/maria-goretti\/\" class=\"breadcrumbs__element\">Accueil<\/a> <span class=\"breadcrumbs__separator\">\n        <svg class=\"icon icon-breadcrumb__separator\"><use xlink:href=\"#icon-breadcrumb__separator\"><\/use><\/svg>\n    <\/span> <a href=\"https:\/\/cssst.gouv.qc.ca\/maria-goretti\/ecole\/\" class=\"breadcrumbs__element\">\u00c9cole<\/a> <span class=\"breadcrumbs__separator\">\n        <svg class=\"icon icon-breadcrumb__separator\"><use xlink:href=\"#icon-breadcrumb__separator\"><\/use><\/svg>\n    <\/span> <span class=\"breadcrumbs__element breadcrumbs__element-current\">R\u00e9vision d&rsquo;un r\u00e9sultat<\/span><\/span><\/div><\/div>\n\n\n\n<h1 class=\"wp-block-heading\">R\u00e9vision d&rsquo;un r\u00e9sultat<\/h1>\n\n\n\n\n<p class=\"act-lead\">Pour demander la r\u00e9vision d&rsquo;un r\u00e9sultat de votre enfant, veuillez suivre la proc\u00e9dure ci-jointe.<\/p>\n\n\n\n\n<div class=\"wp-block-file\"><a id=\"wp-block-file--media-5ac2cb04-24db-4f71-bee1-1dd202bfc4e4\" href=\"https:\/\/cssst.gouv.qc.ca\/maria-goretti\/wp-content\/uploads\/sites\/9\/2025\/10\/schema-revision-dun-resultat-prim-sec.pdf\">schema-revision-dun-resultat prim-sec<\/a><a href=\"https:\/\/cssst.gouv.qc.ca\/maria-goretti\/wp-content\/uploads\/sites\/9\/2025\/10\/schema-revision-dun-resultat-prim-sec.pdf\" class=\"wp-block-file__button wp-element-button\" download aria-describedby=\"wp-block-file--media-5ac2cb04-24db-4f71-bee1-1dd202bfc4e4\">T\u00e9l\u00e9charger<\/a><\/div>\n","protected":false},"excerpt":{"rendered":"<p>R\u00e9vision d&rsquo;un r\u00e9sultat<\/p>\n","protected":false},"author":15,"featured_media":0,"parent":5,"menu_order":7,"comment_status":"closed","ping_status":"closed","template":"","meta":{"_acf_changed":false,"inline_featured_image":false,"footnotes":""},"class_list":["post-497","page","type-page","status-publish","hentry"],"acf":[],"yoast_head":"<!-- This site is optimized with the Yoast SEO plugin v27.4 - https:\/\/yoast.com\/product\/yoast-seo-wordpress\/ -->\n<title>R\u00e9vision d&#039;un r\u00e9sultat - \u00c9cole Maria-Goretti<\/title>\n<meta name=\"robots\" content=\"index, follow, max-snippet:-1, max-image-preview:large, max-video-preview:-1\" \/>\n<link rel=\"canonical\" href=\"https:\/\/cssst.gouv.qc.ca\/maria-goretti\/ecole\/revision-dun-resultat\/\" \/>\n<meta property=\"og:locale\" content=\"fr_CA\" \/>\n<meta property=\"og:type\" content=\"article\" \/>\n<meta property=\"og:title\" content=\"R\u00e9vision d&#039;un r\u00e9sultat - \u00c9cole Maria-Goretti\" \/>\n<meta property=\"og:description\" content=\"R\u00e9vision d&rsquo;un r\u00e9sultat\" \/>\n<meta property=\"og:url\" content=\"https:\/\/cssst.gouv.qc.ca\/maria-goretti\/ecole\/revision-dun-resultat\/\" \/>\n<meta property=\"og:site_name\" content=\"\u00c9cole Maria-Goretti\" \/>\n<meta property=\"article:publisher\" content=\"https:\/\/www.facebook.com\/ecolemariagoretti\" \/>\n<meta property=\"article:modified_time\" content=\"2025-10-09T20:07:11+00:00\" \/>\n<meta name=\"twitter:card\" content=\"summary_large_image\" \/>\n<meta name=\"twitter:label1\" content=\"Estimation du temps de lecture\" \/>\n\t<meta name=\"twitter:data1\" content=\"1 minute\" \/>\n<script type=\"application\/ld+json\" class=\"yoast-schema-graph\">{\"@context\":\"https:\\\/\\\/schema.org\",\"@graph\":[{\"@type\":\"WebPage\",\"@id\":\"https:\\\/\\\/cssst.gouv.qc.ca\\\/maria-goretti\\\/ecole\\\/revision-dun-resultat\\\/\",\"url\":\"https:\\\/\\\/cssst.gouv.qc.ca\\\/maria-goretti\\\/ecole\\\/revision-dun-resultat\\\/\",\"name\":\"R\u00e9vision d'un r\u00e9sultat - \u00c9cole Maria-Goretti\",\"isPartOf\":{\"@id\":\"https:\\\/\\\/cssst.gouv.qc.ca\\\/maria-goretti\\\/#website\"},\"datePublished\":\"2025-10-09T19:45:07+00:00\",\"dateModified\":\"2025-10-09T20:07:11+00:00\",\"breadcrumb\":{\"@id\":\"https:\\\/\\\/cssst.gouv.qc.ca\\\/maria-goretti\\\/ecole\\\/revision-dun-resultat\\\/#breadcrumb\"},\"inLanguage\":\"fr-CA\",\"potentialAction\":[{\"@type\":\"ReadAction\",\"target\":[\"https:\\\/\\\/cssst.gouv.qc.ca\\\/maria-goretti\\\/ecole\\\/revision-dun-resultat\\\/\"]}]},{\"@type\":\"BreadcrumbList\",\"@id\":\"https:\\\/\\\/cssst.gouv.qc.ca\\\/maria-goretti\\\/ecole\\\/revision-dun-resultat\\\/#breadcrumb\",\"itemListElement\":[{\"@type\":\"ListItem\",\"position\":1,\"name\":\"Accueil\",\"item\":\"https:\\\/\\\/cssst.gouv.qc.ca\\\/maria-goretti\\\/\"},{\"@type\":\"ListItem\",\"position\":2,\"name\":\"\u00c9cole\",\"item\":\"https:\\\/\\\/cssst.gouv.qc.ca\\\/maria-goretti\\\/ecole\\\/\"},{\"@type\":\"ListItem\",\"position\":3,\"name\":\"R\u00e9vision d&rsquo;un r\u00e9sultat\"}]},{\"@type\":\"WebSite\",\"@id\":\"https:\\\/\\\/cssst.gouv.qc.ca\\\/maria-goretti\\\/#website\",\"url\":\"https:\\\/\\\/cssst.gouv.qc.ca\\\/maria-goretti\\\/\",\"name\":\"\u00c9cole Maria-Goretti\",\"description\":\"\",\"potentialAction\":[{\"@type\":\"SearchAction\",\"target\":{\"@type\":\"EntryPoint\",\"urlTemplate\":\"https:\\\/\\\/cssst.gouv.qc.ca\\\/maria-goretti\\\/?s={search_term_string}\"},\"query-input\":{\"@type\":\"PropertyValueSpecification\",\"valueRequired\":true,\"valueName\":\"search_term_string\"}}],\"inLanguage\":\"fr-CA\"}]}<\/script>\n<!-- \/ Yoast SEO plugin. -->","yoast_head_json":{"title":"R\u00e9vision d'un r\u00e9sultat - \u00c9cole Maria-Goretti","robots":{"index":"index","follow":"follow","max-snippet":"max-snippet:-1","max-image-preview":"max-image-preview:large","max-video-preview":"max-video-preview:-1"},"canonical":"https:\/\/cssst.gouv.qc.ca\/maria-goretti\/ecole\/revision-dun-resultat\/","og_locale":"fr_CA","og_type":"article","og_title":"R\u00e9vision d'un r\u00e9sultat - \u00c9cole Maria-Goretti","og_description":"R\u00e9vision d&rsquo;un r\u00e9sultat","og_url":"https:\/\/cssst.gouv.qc.ca\/maria-goretti\/ecole\/revision-dun-resultat\/","og_site_name":"\u00c9cole Maria-Goretti","article_publisher":"https:\/\/www.facebook.com\/ecolemariagoretti","article_modified_time":"2025-10-09T20:07:11+00:00","twitter_card":"summary_large_image","twitter_misc":{"Estimation du temps de lecture":"1 minute"},"schema":{"@context":"https:\/\/schema.org","@graph":[{"@type":"WebPage","@id":"https:\/\/cssst.gouv.qc.ca\/maria-goretti\/ecole\/revision-dun-resultat\/","url":"https:\/\/cssst.gouv.qc.ca\/maria-goretti\/ecole\/revision-dun-resultat\/","name":"R\u00e9vision d'un r\u00e9sultat - \u00c9cole Maria-Goretti","isPartOf":{"@id":"https:\/\/cssst.gouv.qc.ca\/maria-goretti\/#website"},"datePublished":"2025-10-09T19:45:07+00:00","dateModified":"2025-10-09T20:07:11+00:00","breadcrumb":{"@id":"https:\/\/cssst.gouv.qc.ca\/maria-goretti\/ecole\/revision-dun-resultat\/#breadcrumb"},"inLanguage":"fr-CA","potentialAction":[{"@type":"ReadAction","target":["https:\/\/cssst.gouv.qc.ca\/maria-goretti\/ecole\/revision-dun-resultat\/"]}]},{"@type":"BreadcrumbList","@id":"https:\/\/cssst.gouv.qc.ca\/maria-goretti\/ecole\/revision-dun-resultat\/#breadcrumb","itemListElement":[{"@type":"ListItem","position":1,"name":"Accueil","item":"https:\/\/cssst.gouv.qc.ca\/maria-goretti\/"},{"@type":"ListItem","position":2,"name":"\u00c9cole","item":"https:\/\/cssst.gouv.qc.ca\/maria-goretti\/ecole\/"},{"@type":"ListItem","position":3,"name":"R\u00e9vision d&rsquo;un r\u00e9sultat"}]},{"@type":"WebSite","@id":"https:\/\/cssst.gouv.qc.ca\/maria-goretti\/#website","url":"https:\/\/cssst.gouv.qc.ca\/maria-goretti\/","name":"\u00c9cole Maria-Goretti","description":"","potentialAction":[{"@type":"SearchAction","target":{"@type":"EntryPoint","urlTemplate":"https:\/\/cssst.gouv.qc.ca\/maria-goretti\/?s={search_term_string}"},"query-input":{"@type":"PropertyValueSpecification","valueRequired":true,"valueName":"search_term_string"}}],"inLanguage":"fr-CA"}]}},"_links":{"self":[{"href":"https:\/\/cssst.gouv.qc.ca\/maria-goretti\/wp-json\/wp\/v2\/pages\/497","targetHints":{"allow":["GET"]}}],"collection":[{"href":"https:\/\/cssst.gouv.qc.ca\/maria-goretti\/wp-json\/wp\/v2\/pages"}],"about":[{"href":"https:\/\/cssst.gouv.qc.ca\/maria-goretti\/wp-json\/wp\/v2\/types\/page"}],"author":[{"embeddable":true,"href":"https:\/\/cssst.gouv.qc.ca\/maria-goretti\/wp-json\/wp\/v2\/users\/15"}],"replies":[{"embeddable":true,"href":"https:\/\/cssst.gouv.qc.ca\/maria-goretti\/wp-json\/wp\/v2\/comments?post=497"}],"version-history":[{"count":0,"href":"https:\/\/cssst.gouv.qc.ca\/maria-goretti\/wp-json\/wp\/v2\/pages\/497\/revisions"}],"up":[{"embeddable":true,"href":"https:\/\/cssst.gouv.qc.ca\/maria-goretti\/wp-json\/wp\/v2\/pages\/5"}],"wp:attachment":[{"href":"https:\/\/cssst.gouv.qc.ca\/maria-goretti\/wp-json\/wp\/v2\/media?parent=497"}],"curies":[{"name":"wp","href":"https:\/\/api.w.org\/{rel}","templated":true}]}}