{"id":14,"date":"2023-02-02T10:44:21","date_gmt":"2023-02-02T15:44:21","guid":{"rendered":"https:\/\/cssst.gouv.qc.ca\/fernand-lefebvre\/ecole\/inscription-et-programmes\/cours-dete\/"},"modified":"2025-06-26T08:51:55","modified_gmt":"2025-06-26T12:51:55","slug":"cours-dete","status":"publish","type":"page","link":"https:\/\/cssst.gouv.qc.ca\/fernand-lefebvre\/ecole\/inscription-et-programmes\/cours-dete\/","title":{"rendered":"Cours d&rsquo;\u00e9t\u00e9"},"content":{"rendered":"\n<p>Tous les cours d&rsquo;\u00e9t\u00e9 offerts seront en ligne.<\/p>\n\n\n\n<p>Pour l&rsquo;inscription et les informations compl\u00e8tes, veuillez-vous r\u00e9f\u00e9rer au site suivant : <a href=\"https:\/\/l.facebook.com\/l.php?u=https%3A%2F%2Fmescoursdete.ca%2F%3Ffbclid%3DIwZXh0bgNhZW0CMTAAAR1UthZmjoU3DN0m384bF1SmxLvqH3KK0juo7QcbeVmWDdWv9ujdGGM5x9A_aem_z3w3VxWP9GidDKVnV1VrRA&amp;h=AT3u8ByY9KM3jBHVGM-xKQtxndh_byU2Gjb1v4_bDW6D-hTYSeSyuFRVGsMTJ45SngqiaaI3eGt0E5pCsVBdYNyZ9L_6nNnwo5bKTOQolQkjful4XhyOWZmhUXC04erWJw&amp;__tn__=-UK-R&amp;c%5b0%5d=AT22IM-kKIqrLrreMEocNtSwUraC-vY4QmRJw5NzZPOkFkYaQsYePLDPACrQinTyoj32JR4QFyVljNoamgNfQ9AuQYz1EkC7iqimyXPphXD0vBD4bOMBrXn8n2xygeQqIDKKrvrwKP6Fv_rFmnN_mSyXg3Gz61Apt6Y6e17nKnhqOudz9v8htAlKK8sy5wKh1LvcdJk7-2BYdsGo3B-yf8LhLNMD8AORdiMQ\" target=\"_blank\" rel=\"noreferrer noopener\">https:\/\/mescoursdete.ca\/<\/a><\/p>\n\n\n\n<p>Comme nous sommes en collaboration avec d&rsquo;autres centres de services scolaires pour les cours d&rsquo;\u00e9t\u00e9, il est tr\u00e8s important de s&rsquo;inscrire d\u00e8s l&rsquo;ouverture des inscriptions puisque le nombre de places est limit\u00e9. Si un \u00e9l\u00e8ve pense avoir besoin d&rsquo;un cours d&rsquo;\u00e9t\u00e9, il doit s&rsquo;inscrire d\u00e8s l&rsquo;ouverture du site et il sera totalement rembours\u00e9 s&rsquo;il r\u00e9ussit finalement son cours \u00e0 la fin juin.<\/p>\n\n\n\n<p>Les cours d&rsquo;\u00e9t\u00e9 en lien avec la r\u00e9vision pour les examens du MEQ seront gratuits. Les places seront tr\u00e8s limit\u00e9es.<\/p>\n\n\n\n<figure class=\"wp-block-image aligncenter size-full is-resized\"><img loading=\"lazy\" decoding=\"async\" width=\"576\" height=\"483\" src=\"https:\/\/cssst.gouv.qc.ca\/fernand-lefebvre\/wp-content\/uploads\/sites\/21\/2024\/06\/Cours-dete.jpg\" alt=\"\" class=\"wp-image-351\" style=\"width:555px;height:auto\" srcset=\"https:\/\/cssst.gouv.qc.ca\/fernand-lefebvre\/wp-content\/uploads\/sites\/21\/2024\/06\/Cours-dete.jpg 576w, https:\/\/cssst.gouv.qc.ca\/fernand-lefebvre\/wp-content\/uploads\/sites\/21\/2024\/06\/Cours-dete-300x252.jpg 300w\" sizes=\"auto, (max-width: 576px) 100vw, 576px\" \/><\/figure>\n\n\n\n<div data-wp-interactive=\"core\/file\" class=\"wp-block-file\"><object data-wp-bind--hidden=\"!state.hasPdfPreview\" hidden class=\"wp-block-file__embed\" data=\"https:\/\/cssst.gouv.qc.ca\/fernand-lefebvre\/wp-content\/uploads\/sites\/21\/2025\/06\/Horaire-reprises-examens-ete-2025.pdf\" type=\"application\/pdf\" style=\"width:100%;height:590px\" aria-label=\"Contenu incorpor\u00e9 Horaire reprises examens \u00e9t\u00e9 2025.\"><\/object><a id=\"wp-block-file--media-1f81d176-cb5d-4ab0-83b7-f096edd1fe6f\" href=\"https:\/\/cssst.gouv.qc.ca\/fernand-lefebvre\/wp-content\/uploads\/sites\/21\/2025\/06\/Horaire-reprises-examens-ete-2025.pdf\">Horaire reprises examens \u00e9t\u00e9 2025<\/a><a href=\"https:\/\/cssst.gouv.qc.ca\/fernand-lefebvre\/wp-content\/uploads\/sites\/21\/2025\/06\/Horaire-reprises-examens-ete-2025.pdf\" class=\"wp-block-file__button wp-element-button\" download aria-describedby=\"wp-block-file--media-1f81d176-cb5d-4ab0-83b7-f096edd1fe6f\">T\u00e9l\u00e9charger<\/a><\/div>\n","protected":false},"excerpt":{"rendered":"<p>Tous les cours d&rsquo;\u00e9t\u00e9 offerts seront en ligne. Pour l&rsquo;inscription et les informations compl\u00e8tes, veuillez-vous r\u00e9f\u00e9rer au site suivant : https:\/\/mescoursdete.ca\/ Comme nous sommes en collaboration avec d&rsquo;autres centres de services scolaires pour les cours d&rsquo;\u00e9t\u00e9, il est tr\u00e8s important de s&rsquo;inscrire d\u00e8s l&rsquo;ouverture des inscriptions puisque le nombre de places est limit\u00e9. Si un [&hellip;]<\/p>\n","protected":false},"author":1,"featured_media":0,"parent":12,"menu_order":0,"comment_status":"closed","ping_status":"closed","template":"","meta":{"_acf_changed":false,"inline_featured_image":false,"footnotes":""},"class_list":["post-14","page","type-page","status-publish","hentry"],"acf":[],"yoast_head":"<!-- This site is optimized with the Yoast SEO plugin v27.4 - https:\/\/yoast.com\/product\/yoast-seo-wordpress\/ -->\n<title>Cours d&#039;\u00e9t\u00e9 - \u00c9cole Secondaire Fernand-Lefebvre<\/title>\n<meta name=\"robots\" content=\"index, follow, max-snippet:-1, max-image-preview:large, max-video-preview:-1\" \/>\n<link rel=\"canonical\" href=\"https:\/\/cssst.gouv.qc.ca\/fernand-lefebvre\/ecole\/inscription-et-programmes\/cours-dete\/\" \/>\n<meta property=\"og:locale\" content=\"fr_CA\" \/>\n<meta property=\"og:type\" content=\"article\" \/>\n<meta property=\"og:title\" content=\"Cours d&#039;\u00e9t\u00e9 - \u00c9cole Secondaire Fernand-Lefebvre\" \/>\n<meta property=\"og:description\" content=\"Tous les cours d&rsquo;\u00e9t\u00e9 offerts seront en ligne. Pour l&rsquo;inscription et les informations compl\u00e8tes, veuillez-vous r\u00e9f\u00e9rer au site suivant : https:\/\/mescoursdete.ca\/ Comme nous sommes en collaboration avec d&rsquo;autres centres de services scolaires pour les cours d&rsquo;\u00e9t\u00e9, il est tr\u00e8s important de s&rsquo;inscrire d\u00e8s l&rsquo;ouverture des inscriptions puisque le nombre de places est limit\u00e9. Si un [&hellip;]\" \/>\n<meta property=\"og:url\" content=\"https:\/\/cssst.gouv.qc.ca\/fernand-lefebvre\/ecole\/inscription-et-programmes\/cours-dete\/\" \/>\n<meta property=\"og:site_name\" content=\"\u00c9cole Secondaire Fernand-Lefebvre\" \/>\n<meta property=\"article:publisher\" content=\"https:\/\/www.facebook.com\/cssoreltracy\/?locale=fr_CA\" \/>\n<meta property=\"article:modified_time\" content=\"2025-06-26T12:51:55+00:00\" \/>\n<meta property=\"og:image\" content=\"https:\/\/cssst.gouv.qc.ca\/fernand-lefebvre\/wp-content\/uploads\/sites\/21\/2024\/06\/Cours-dete.jpg\" \/>\n\t<meta property=\"og:image:width\" content=\"576\" \/>\n\t<meta property=\"og:image:height\" content=\"483\" \/>\n\t<meta property=\"og:image:type\" content=\"image\/jpeg\" \/>\n<meta name=\"twitter:card\" content=\"summary_large_image\" \/>\n<meta name=\"twitter:label1\" content=\"Estimation du temps de lecture\" \/>\n\t<meta name=\"twitter:data1\" content=\"1 minute\" \/>\n<script type=\"application\/ld+json\" class=\"yoast-schema-graph\">{\"@context\":\"https:\\\/\\\/schema.org\",\"@graph\":[{\"@type\":\"WebPage\",\"@id\":\"https:\\\/\\\/cssst.gouv.qc.ca\\\/fernand-lefebvre\\\/ecole\\\/inscription-et-programmes\\\/cours-dete\\\/\",\"url\":\"https:\\\/\\\/cssst.gouv.qc.ca\\\/fernand-lefebvre\\\/ecole\\\/inscription-et-programmes\\\/cours-dete\\\/\",\"name\":\"Cours d'\u00e9t\u00e9 - \u00c9cole Secondaire Fernand-Lefebvre\",\"isPartOf\":{\"@id\":\"https:\\\/\\\/cssst.gouv.qc.ca\\\/fernand-lefebvre\\\/#website\"},\"primaryImageOfPage\":{\"@id\":\"https:\\\/\\\/cssst.gouv.qc.ca\\\/fernand-lefebvre\\\/ecole\\\/inscription-et-programmes\\\/cours-dete\\\/#primaryimage\"},\"image\":{\"@id\":\"https:\\\/\\\/cssst.gouv.qc.ca\\\/fernand-lefebvre\\\/ecole\\\/inscription-et-programmes\\\/cours-dete\\\/#primaryimage\"},\"thumbnailUrl\":\"https:\\\/\\\/cssst.gouv.qc.ca\\\/fernand-lefebvre\\\/wp-content\\\/uploads\\\/sites\\\/21\\\/2024\\\/06\\\/Cours-dete.jpg\",\"datePublished\":\"2023-02-02T15:44:21+00:00\",\"dateModified\":\"2025-06-26T12:51:55+00:00\",\"breadcrumb\":{\"@id\":\"https:\\\/\\\/cssst.gouv.qc.ca\\\/fernand-lefebvre\\\/ecole\\\/inscription-et-programmes\\\/cours-dete\\\/#breadcrumb\"},\"inLanguage\":\"fr-CA\",\"potentialAction\":[{\"@type\":\"ReadAction\",\"target\":[\"https:\\\/\\\/cssst.gouv.qc.ca\\\/fernand-lefebvre\\\/ecole\\\/inscription-et-programmes\\\/cours-dete\\\/\"]}]},{\"@type\":\"ImageObject\",\"inLanguage\":\"fr-CA\",\"@id\":\"https:\\\/\\\/cssst.gouv.qc.ca\\\/fernand-lefebvre\\\/ecole\\\/inscription-et-programmes\\\/cours-dete\\\/#primaryimage\",\"url\":\"https:\\\/\\\/cssst.gouv.qc.ca\\\/fernand-lefebvre\\\/wp-content\\\/uploads\\\/sites\\\/21\\\/2024\\\/06\\\/Cours-dete.jpg\",\"contentUrl\":\"https:\\\/\\\/cssst.gouv.qc.ca\\\/fernand-lefebvre\\\/wp-content\\\/uploads\\\/sites\\\/21\\\/2024\\\/06\\\/Cours-dete.jpg\",\"width\":576,\"height\":483},{\"@type\":\"BreadcrumbList\",\"@id\":\"https:\\\/\\\/cssst.gouv.qc.ca\\\/fernand-lefebvre\\\/ecole\\\/inscription-et-programmes\\\/cours-dete\\\/#breadcrumb\",\"itemListElement\":[{\"@type\":\"ListItem\",\"position\":1,\"name\":\"Accueil\",\"item\":\"https:\\\/\\\/cssst.gouv.qc.ca\\\/fernand-lefebvre\\\/\"},{\"@type\":\"ListItem\",\"position\":2,\"name\":\"\u00c9cole\",\"item\":\"https:\\\/\\\/cssst.gouv.qc.ca\\\/fernand-lefebvre\\\/ecole\\\/\"},{\"@type\":\"ListItem\",\"position\":3,\"name\":\"Inscription et programmes\",\"item\":\"https:\\\/\\\/cssst.gouv.qc.ca\\\/fernand-lefebvre\\\/ecole\\\/inscription-et-programmes\\\/\"},{\"@type\":\"ListItem\",\"position\":4,\"name\":\"Cours d&rsquo;\u00e9t\u00e9\"}]},{\"@type\":\"WebSite\",\"@id\":\"https:\\\/\\\/cssst.gouv.qc.ca\\\/fernand-lefebvre\\\/#website\",\"url\":\"https:\\\/\\\/cssst.gouv.qc.ca\\\/fernand-lefebvre\\\/\",\"name\":\"\u00c9cole Secondaire Fernand-Lefebvre\",\"description\":\"\",\"potentialAction\":[{\"@type\":\"SearchAction\",\"target\":{\"@type\":\"EntryPoint\",\"urlTemplate\":\"https:\\\/\\\/cssst.gouv.qc.ca\\\/fernand-lefebvre\\\/?s={search_term_string}\"},\"query-input\":{\"@type\":\"PropertyValueSpecification\",\"valueRequired\":true,\"valueName\":\"search_term_string\"}}],\"inLanguage\":\"fr-CA\"}]}<\/script>\n<!-- \/ Yoast SEO plugin. -->","yoast_head_json":{"title":"Cours d'\u00e9t\u00e9 - \u00c9cole Secondaire Fernand-Lefebvre","robots":{"index":"index","follow":"follow","max-snippet":"max-snippet:-1","max-image-preview":"max-image-preview:large","max-video-preview":"max-video-preview:-1"},"canonical":"https:\/\/cssst.gouv.qc.ca\/fernand-lefebvre\/ecole\/inscription-et-programmes\/cours-dete\/","og_locale":"fr_CA","og_type":"article","og_title":"Cours d'\u00e9t\u00e9 - \u00c9cole Secondaire Fernand-Lefebvre","og_description":"Tous les cours d&rsquo;\u00e9t\u00e9 offerts seront en ligne. Pour l&rsquo;inscription et les informations compl\u00e8tes, veuillez-vous r\u00e9f\u00e9rer au site suivant : https:\/\/mescoursdete.ca\/ Comme nous sommes en collaboration avec d&rsquo;autres centres de services scolaires pour les cours d&rsquo;\u00e9t\u00e9, il est tr\u00e8s important de s&rsquo;inscrire d\u00e8s l&rsquo;ouverture des inscriptions puisque le nombre de places est limit\u00e9. Si un [&hellip;]","og_url":"https:\/\/cssst.gouv.qc.ca\/fernand-lefebvre\/ecole\/inscription-et-programmes\/cours-dete\/","og_site_name":"\u00c9cole Secondaire Fernand-Lefebvre","article_publisher":"https:\/\/www.facebook.com\/cssoreltracy\/?locale=fr_CA","article_modified_time":"2025-06-26T12:51:55+00:00","og_image":[{"width":576,"height":483,"url":"https:\/\/cssst.gouv.qc.ca\/fernand-lefebvre\/wp-content\/uploads\/sites\/21\/2024\/06\/Cours-dete.jpg","type":"image\/jpeg"}],"twitter_card":"summary_large_image","twitter_misc":{"Estimation du temps de lecture":"1 minute"},"schema":{"@context":"https:\/\/schema.org","@graph":[{"@type":"WebPage","@id":"https:\/\/cssst.gouv.qc.ca\/fernand-lefebvre\/ecole\/inscription-et-programmes\/cours-dete\/","url":"https:\/\/cssst.gouv.qc.ca\/fernand-lefebvre\/ecole\/inscription-et-programmes\/cours-dete\/","name":"Cours d'\u00e9t\u00e9 - \u00c9cole Secondaire Fernand-Lefebvre","isPartOf":{"@id":"https:\/\/cssst.gouv.qc.ca\/fernand-lefebvre\/#website"},"primaryImageOfPage":{"@id":"https:\/\/cssst.gouv.qc.ca\/fernand-lefebvre\/ecole\/inscription-et-programmes\/cours-dete\/#primaryimage"},"image":{"@id":"https:\/\/cssst.gouv.qc.ca\/fernand-lefebvre\/ecole\/inscription-et-programmes\/cours-dete\/#primaryimage"},"thumbnailUrl":"https:\/\/cssst.gouv.qc.ca\/fernand-lefebvre\/wp-content\/uploads\/sites\/21\/2024\/06\/Cours-dete.jpg","datePublished":"2023-02-02T15:44:21+00:00","dateModified":"2025-06-26T12:51:55+00:00","breadcrumb":{"@id":"https:\/\/cssst.gouv.qc.ca\/fernand-lefebvre\/ecole\/inscription-et-programmes\/cours-dete\/#breadcrumb"},"inLanguage":"fr-CA","potentialAction":[{"@type":"ReadAction","target":["https:\/\/cssst.gouv.qc.ca\/fernand-lefebvre\/ecole\/inscription-et-programmes\/cours-dete\/"]}]},{"@type":"ImageObject","inLanguage":"fr-CA","@id":"https:\/\/cssst.gouv.qc.ca\/fernand-lefebvre\/ecole\/inscription-et-programmes\/cours-dete\/#primaryimage","url":"https:\/\/cssst.gouv.qc.ca\/fernand-lefebvre\/wp-content\/uploads\/sites\/21\/2024\/06\/Cours-dete.jpg","contentUrl":"https:\/\/cssst.gouv.qc.ca\/fernand-lefebvre\/wp-content\/uploads\/sites\/21\/2024\/06\/Cours-dete.jpg","width":576,"height":483},{"@type":"BreadcrumbList","@id":"https:\/\/cssst.gouv.qc.ca\/fernand-lefebvre\/ecole\/inscription-et-programmes\/cours-dete\/#breadcrumb","itemListElement":[{"@type":"ListItem","position":1,"name":"Accueil","item":"https:\/\/cssst.gouv.qc.ca\/fernand-lefebvre\/"},{"@type":"ListItem","position":2,"name":"\u00c9cole","item":"https:\/\/cssst.gouv.qc.ca\/fernand-lefebvre\/ecole\/"},{"@type":"ListItem","position":3,"name":"Inscription et programmes","item":"https:\/\/cssst.gouv.qc.ca\/fernand-lefebvre\/ecole\/inscription-et-programmes\/"},{"@type":"ListItem","position":4,"name":"Cours d&rsquo;\u00e9t\u00e9"}]},{"@type":"WebSite","@id":"https:\/\/cssst.gouv.qc.ca\/fernand-lefebvre\/#website","url":"https:\/\/cssst.gouv.qc.ca\/fernand-lefebvre\/","name":"\u00c9cole Secondaire Fernand-Lefebvre","description":"","potentialAction":[{"@type":"SearchAction","target":{"@type":"EntryPoint","urlTemplate":"https:\/\/cssst.gouv.qc.ca\/fernand-lefebvre\/?s={search_term_string}"},"query-input":{"@type":"PropertyValueSpecification","valueRequired":true,"valueName":"search_term_string"}}],"inLanguage":"fr-CA"}]}},"_links":{"self":[{"href":"https:\/\/cssst.gouv.qc.ca\/fernand-lefebvre\/wp-json\/wp\/v2\/pages\/14","targetHints":{"allow":["GET"]}}],"collection":[{"href":"https:\/\/cssst.gouv.qc.ca\/fernand-lefebvre\/wp-json\/wp\/v2\/pages"}],"about":[{"href":"https:\/\/cssst.gouv.qc.ca\/fernand-lefebvre\/wp-json\/wp\/v2\/types\/page"}],"author":[{"embeddable":true,"href":"https:\/\/cssst.gouv.qc.ca\/fernand-lefebvre\/wp-json\/wp\/v2\/users\/1"}],"replies":[{"embeddable":true,"href":"https:\/\/cssst.gouv.qc.ca\/fernand-lefebvre\/wp-json\/wp\/v2\/comments?post=14"}],"version-history":[{"count":0,"href":"https:\/\/cssst.gouv.qc.ca\/fernand-lefebvre\/wp-json\/wp\/v2\/pages\/14\/revisions"}],"up":[{"embeddable":true,"href":"https:\/\/cssst.gouv.qc.ca\/fernand-lefebvre\/wp-json\/wp\/v2\/pages\/12"}],"wp:attachment":[{"href":"https:\/\/cssst.gouv.qc.ca\/fernand-lefebvre\/wp-json\/wp\/v2\/media?parent=14"}],"curies":[{"name":"wp","href":"https:\/\/api.w.org\/{rel}","templated":true}]}}