{"id":9,"date":"2023-02-02T09:37:06","date_gmt":"2023-02-02T14:37:06","guid":{"rendered":"https:\/\/cssst.gouv.qc.ca\/au-petit-bois\/ecole\/comites\/conseil-detablissement\/"},"modified":"2026-03-23T09:58:54","modified_gmt":"2026-03-23T13:58:54","slug":"conseil-detablissement","status":"publish","type":"page","link":"https:\/\/cssst.gouv.qc.ca\/au-petit-bois\/ecole\/comites\/conseil-detablissement\/","title":{"rendered":"Conseil d&rsquo;\u00e9tablissement"},"content":{"rendered":"\n<h2 class=\"wp-block-heading\">Membres du conseil<\/h2>\n\n\n\n<p>Pr\u00e9sidente : Isabelle Marinacci, parent<\/p>\n\n\n\n<p>Vice-pr\u00e9sident : Fanny Civel, parent<\/p>\n\n\n\n<p> Janie S. Cournoyer, parent<\/p>\n\n\n\n<p>Catherine Parent, parent<\/p>\n\n\n\n<p>Isabelle Grenier, parent <\/p>\n\n\n\n<p>Olivier Lemoine, parent<\/p>\n\n\n\n<p>Isabelle Pontbriand, enseignante<\/p>\n\n\n\n<p>Catherine Salvas, enseignante<\/p>\n\n\n\n<p>Marie-\u00c8ve Dub\u00e9, enseignante <\/p>\n\n\n\n<p>Sonia Gendron, orthop\u00e9dagogue<\/p>\n\n\n\n<p>Anny Dufour, technicienne en \u00e9ducation sp\u00e9cialis\u00e9e<\/p>\n\n\n\n<p>Karyne D\u00e9ziel, technicienne et responsable du service de garde<\/p>\n\n\n\n<p>Marie-Eve Michon, directrice<\/p>\n\n\n\n<h2 class=\"wp-block-heading\">Dates des prochaines rencontres<\/h2>\n\n\n\n<p><\/p>\n\n\n\n<ul class=\"wp-block-list\">\n<li>lundi 9 f\u00e9vrier 2026 18h30<\/li>\n\n\n\n<li><\/li>\n<\/ul>\n\n\n\n<div data-wp-interactive=\"core\/file\" class=\"wp-block-file\"><object data-wp-bind--hidden=\"!state.hasPdfPreview\" hidden class=\"wp-block-file__embed\" data=\"https:\/\/cssst.gouv.qc.ca\/au-petit-bois\/wp-content\/uploads\/sites\/5\/2026\/03\/6.0PV-CE-4-decembre-2025_Mod.-17-03-2026-1.pdf\" type=\"application\/pdf\" style=\"width:100%;height:600px\" aria-label=\"Contenu incorpor\u00e9 6.0PV C\u00c9 4 d\u00e9cembre 2025_Mod. 17-03-2026 (1).\"><\/object><a id=\"wp-block-file--media-9c55c3d1-a953-4c8f-ae8a-29533e78dafc\" href=\"https:\/\/cssst.gouv.qc.ca\/au-petit-bois\/wp-content\/uploads\/sites\/5\/2026\/03\/6.0PV-CE-4-decembre-2025_Mod.-17-03-2026-1.pdf\">6.0PV C\u00c9 4 d\u00e9cembre 2025_Mod. 17-03-2026 (1)<\/a><a href=\"https:\/\/cssst.gouv.qc.ca\/au-petit-bois\/wp-content\/uploads\/sites\/5\/2026\/03\/6.0PV-CE-4-decembre-2025_Mod.-17-03-2026-1.pdf\" class=\"wp-block-file__button wp-element-button\" download aria-describedby=\"wp-block-file--media-9c55c3d1-a953-4c8f-ae8a-29533e78dafc\">T\u00e9l\u00e9charger<\/a><\/div>\n\n\n\n<h2 class=\"wp-block-heading\">Proc\u00e8s-verbaux<\/h2>\n\n\n\n\n<p class=\"act-lead\"><\/p>\n\n","protected":false},"excerpt":{"rendered":"<p>Membres du conseil Pr\u00e9sidente : Isabelle Marinacci, parent Vice-pr\u00e9sident : Fanny Civel, parent Janie S. Cournoyer, parent Catherine Parent, parent Isabelle Grenier, parent Olivier Lemoine, parent Isabelle Pontbriand, enseignante Catherine Salvas, enseignante Marie-\u00c8ve Dub\u00e9, enseignante Sonia Gendron, orthop\u00e9dagogue Anny Dufour, technicienne en \u00e9ducation sp\u00e9cialis\u00e9e Karyne D\u00e9ziel, technicienne et responsable du service de garde Marie-Eve Michon, [&hellip;]<\/p>\n","protected":false},"author":1,"featured_media":0,"parent":8,"menu_order":0,"comment_status":"closed","ping_status":"closed","template":"","meta":{"_acf_changed":false,"inline_featured_image":false,"footnotes":""},"class_list":["post-9","page","type-page","status-publish","hentry"],"acf":[],"yoast_head":"<!-- This site is optimized with the Yoast SEO plugin v27.4 - https:\/\/yoast.com\/product\/yoast-seo-wordpress\/ -->\n<title>Conseil d&#039;\u00e9tablissement - \u00c9cole Au Petit Bois<\/title>\n<meta name=\"robots\" content=\"index, follow, max-snippet:-1, max-image-preview:large, max-video-preview:-1\" \/>\n<link rel=\"canonical\" href=\"https:\/\/cssst.gouv.qc.ca\/au-petit-bois\/ecole\/comites\/conseil-detablissement\/\" \/>\n<meta property=\"og:locale\" content=\"fr_CA\" \/>\n<meta property=\"og:type\" content=\"article\" \/>\n<meta property=\"og:title\" content=\"Conseil d&#039;\u00e9tablissement - \u00c9cole Au Petit Bois\" \/>\n<meta property=\"og:description\" content=\"Membres du conseil Pr\u00e9sidente : Isabelle Marinacci, parent Vice-pr\u00e9sident : Fanny Civel, parent Janie S. Cournoyer, parent Catherine Parent, parent Isabelle Grenier, parent Olivier Lemoine, parent Isabelle Pontbriand, enseignante Catherine Salvas, enseignante Marie-\u00c8ve Dub\u00e9, enseignante Sonia Gendron, orthop\u00e9dagogue Anny Dufour, technicienne en \u00e9ducation sp\u00e9cialis\u00e9e Karyne D\u00e9ziel, technicienne et responsable du service de garde Marie-Eve Michon, [&hellip;]\" \/>\n<meta property=\"og:url\" content=\"https:\/\/cssst.gouv.qc.ca\/au-petit-bois\/ecole\/comites\/conseil-detablissement\/\" \/>\n<meta property=\"og:site_name\" content=\"\u00c9cole Au Petit Bois\" \/>\n<meta property=\"article:publisher\" content=\"https:\/\/www.facebook.com\/profile.php?id=100057350654012&amp;locale=fr_CA\" \/>\n<meta property=\"article:modified_time\" content=\"2026-03-23T13:58:54+00:00\" \/>\n<meta name=\"twitter:card\" content=\"summary_large_image\" \/>\n<meta name=\"twitter:label1\" content=\"Estimation du temps de lecture\" \/>\n\t<meta name=\"twitter:data1\" content=\"1 minute\" \/>\n<script type=\"application\/ld+json\" class=\"yoast-schema-graph\">{\"@context\":\"https:\\\/\\\/schema.org\",\"@graph\":[{\"@type\":\"WebPage\",\"@id\":\"https:\\\/\\\/cssst.gouv.qc.ca\\\/au-petit-bois\\\/ecole\\\/comites\\\/conseil-detablissement\\\/\",\"url\":\"https:\\\/\\\/cssst.gouv.qc.ca\\\/au-petit-bois\\\/ecole\\\/comites\\\/conseil-detablissement\\\/\",\"name\":\"Conseil d'\u00e9tablissement - \u00c9cole Au Petit Bois\",\"isPartOf\":{\"@id\":\"https:\\\/\\\/cssst.gouv.qc.ca\\\/au-petit-bois\\\/#website\"},\"datePublished\":\"2023-02-02T14:37:06+00:00\",\"dateModified\":\"2026-03-23T13:58:54+00:00\",\"breadcrumb\":{\"@id\":\"https:\\\/\\\/cssst.gouv.qc.ca\\\/au-petit-bois\\\/ecole\\\/comites\\\/conseil-detablissement\\\/#breadcrumb\"},\"inLanguage\":\"fr-CA\",\"potentialAction\":[{\"@type\":\"ReadAction\",\"target\":[\"https:\\\/\\\/cssst.gouv.qc.ca\\\/au-petit-bois\\\/ecole\\\/comites\\\/conseil-detablissement\\\/\"]}]},{\"@type\":\"BreadcrumbList\",\"@id\":\"https:\\\/\\\/cssst.gouv.qc.ca\\\/au-petit-bois\\\/ecole\\\/comites\\\/conseil-detablissement\\\/#breadcrumb\",\"itemListElement\":[{\"@type\":\"ListItem\",\"position\":1,\"name\":\"Accueil\",\"item\":\"https:\\\/\\\/cssst.gouv.qc.ca\\\/au-petit-bois\\\/\"},{\"@type\":\"ListItem\",\"position\":2,\"name\":\"\u00c9cole\",\"item\":\"https:\\\/\\\/cssst.gouv.qc.ca\\\/au-petit-bois\\\/ecole\\\/\"},{\"@type\":\"ListItem\",\"position\":3,\"name\":\"Comit\u00e9s\",\"item\":\"https:\\\/\\\/cssst.gouv.qc.ca\\\/au-petit-bois\\\/ecole\\\/comites\\\/\"},{\"@type\":\"ListItem\",\"position\":4,\"name\":\"Conseil d&rsquo;\u00e9tablissement\"}]},{\"@type\":\"WebSite\",\"@id\":\"https:\\\/\\\/cssst.gouv.qc.ca\\\/au-petit-bois\\\/#website\",\"url\":\"https:\\\/\\\/cssst.gouv.qc.ca\\\/au-petit-bois\\\/\",\"name\":\"\u00c9cole Au Petit Bois\",\"description\":\"\",\"potentialAction\":[{\"@type\":\"SearchAction\",\"target\":{\"@type\":\"EntryPoint\",\"urlTemplate\":\"https:\\\/\\\/cssst.gouv.qc.ca\\\/au-petit-bois\\\/?s={search_term_string}\"},\"query-input\":{\"@type\":\"PropertyValueSpecification\",\"valueRequired\":true,\"valueName\":\"search_term_string\"}}],\"inLanguage\":\"fr-CA\"}]}<\/script>\n<!-- \/ Yoast SEO plugin. -->","yoast_head_json":{"title":"Conseil d'\u00e9tablissement - \u00c9cole Au Petit Bois","robots":{"index":"index","follow":"follow","max-snippet":"max-snippet:-1","max-image-preview":"max-image-preview:large","max-video-preview":"max-video-preview:-1"},"canonical":"https:\/\/cssst.gouv.qc.ca\/au-petit-bois\/ecole\/comites\/conseil-detablissement\/","og_locale":"fr_CA","og_type":"article","og_title":"Conseil d'\u00e9tablissement - \u00c9cole Au Petit Bois","og_description":"Membres du conseil Pr\u00e9sidente : Isabelle Marinacci, parent Vice-pr\u00e9sident : Fanny Civel, parent Janie S. Cournoyer, parent Catherine Parent, parent Isabelle Grenier, parent Olivier Lemoine, parent Isabelle Pontbriand, enseignante Catherine Salvas, enseignante Marie-\u00c8ve Dub\u00e9, enseignante Sonia Gendron, orthop\u00e9dagogue Anny Dufour, technicienne en \u00e9ducation sp\u00e9cialis\u00e9e Karyne D\u00e9ziel, technicienne et responsable du service de garde Marie-Eve Michon, [&hellip;]","og_url":"https:\/\/cssst.gouv.qc.ca\/au-petit-bois\/ecole\/comites\/conseil-detablissement\/","og_site_name":"\u00c9cole Au Petit Bois","article_publisher":"https:\/\/www.facebook.com\/profile.php?id=100057350654012&locale=fr_CA","article_modified_time":"2026-03-23T13:58:54+00:00","twitter_card":"summary_large_image","twitter_misc":{"Estimation du temps de lecture":"1 minute"},"schema":{"@context":"https:\/\/schema.org","@graph":[{"@type":"WebPage","@id":"https:\/\/cssst.gouv.qc.ca\/au-petit-bois\/ecole\/comites\/conseil-detablissement\/","url":"https:\/\/cssst.gouv.qc.ca\/au-petit-bois\/ecole\/comites\/conseil-detablissement\/","name":"Conseil d'\u00e9tablissement - \u00c9cole Au Petit Bois","isPartOf":{"@id":"https:\/\/cssst.gouv.qc.ca\/au-petit-bois\/#website"},"datePublished":"2023-02-02T14:37:06+00:00","dateModified":"2026-03-23T13:58:54+00:00","breadcrumb":{"@id":"https:\/\/cssst.gouv.qc.ca\/au-petit-bois\/ecole\/comites\/conseil-detablissement\/#breadcrumb"},"inLanguage":"fr-CA","potentialAction":[{"@type":"ReadAction","target":["https:\/\/cssst.gouv.qc.ca\/au-petit-bois\/ecole\/comites\/conseil-detablissement\/"]}]},{"@type":"BreadcrumbList","@id":"https:\/\/cssst.gouv.qc.ca\/au-petit-bois\/ecole\/comites\/conseil-detablissement\/#breadcrumb","itemListElement":[{"@type":"ListItem","position":1,"name":"Accueil","item":"https:\/\/cssst.gouv.qc.ca\/au-petit-bois\/"},{"@type":"ListItem","position":2,"name":"\u00c9cole","item":"https:\/\/cssst.gouv.qc.ca\/au-petit-bois\/ecole\/"},{"@type":"ListItem","position":3,"name":"Comit\u00e9s","item":"https:\/\/cssst.gouv.qc.ca\/au-petit-bois\/ecole\/comites\/"},{"@type":"ListItem","position":4,"name":"Conseil d&rsquo;\u00e9tablissement"}]},{"@type":"WebSite","@id":"https:\/\/cssst.gouv.qc.ca\/au-petit-bois\/#website","url":"https:\/\/cssst.gouv.qc.ca\/au-petit-bois\/","name":"\u00c9cole Au Petit Bois","description":"","potentialAction":[{"@type":"SearchAction","target":{"@type":"EntryPoint","urlTemplate":"https:\/\/cssst.gouv.qc.ca\/au-petit-bois\/?s={search_term_string}"},"query-input":{"@type":"PropertyValueSpecification","valueRequired":true,"valueName":"search_term_string"}}],"inLanguage":"fr-CA"}]}},"_links":{"self":[{"href":"https:\/\/cssst.gouv.qc.ca\/au-petit-bois\/wp-json\/wp\/v2\/pages\/9","targetHints":{"allow":["GET"]}}],"collection":[{"href":"https:\/\/cssst.gouv.qc.ca\/au-petit-bois\/wp-json\/wp\/v2\/pages"}],"about":[{"href":"https:\/\/cssst.gouv.qc.ca\/au-petit-bois\/wp-json\/wp\/v2\/types\/page"}],"author":[{"embeddable":true,"href":"https:\/\/cssst.gouv.qc.ca\/au-petit-bois\/wp-json\/wp\/v2\/users\/1"}],"replies":[{"embeddable":true,"href":"https:\/\/cssst.gouv.qc.ca\/au-petit-bois\/wp-json\/wp\/v2\/comments?post=9"}],"version-history":[{"count":0,"href":"https:\/\/cssst.gouv.qc.ca\/au-petit-bois\/wp-json\/wp\/v2\/pages\/9\/revisions"}],"up":[{"embeddable":true,"href":"https:\/\/cssst.gouv.qc.ca\/au-petit-bois\/wp-json\/wp\/v2\/pages\/8"}],"wp:attachment":[{"href":"https:\/\/cssst.gouv.qc.ca\/au-petit-bois\/wp-json\/wp\/v2\/media?parent=9"}],"curies":[{"name":"wp","href":"https:\/\/api.w.org\/{rel}","templated":true}]}}

Conseil d&rsquo;établissement

<h2 class="wp-block-heading">Membres du conseil</h2>



<p>Présidente : Isabelle Marinacci, parent</p>



<p>Vice-président : Fanny Civel, parent</p>



<p> Janie S. Cournoyer, parent</p>



<p>Catherine Parent, parent</p>



<p>Isabelle Grenier, parent </p>



<p>Olivier Lemoine, parent</p>



<p>Isabelle Pontbriand, enseignante</p>



<p>Catherine Salvas, enseignante</p>



<p>Marie-Ève Dubé, enseignante </p>



<p>Sonia Gendron, orthopédagogue</p>



<p>Anny Dufour, technicienne en éducation spécialisée</p>



<p>Karyne Déziel, technicienne et responsable du service de garde</p>



<p>Marie-Eve Michon, directrice</p>



<h2 class="wp-block-heading">Dates des prochaines rencontres</h2>



<p></p>



<ul class="wp-block-list">
<li>lundi 9 février 2026 18h30</li>



<li></li>
</ul>



<div data-wp-interactive="core/file" class="wp-block-file"><object data-wp-bind--hidden="!state.hasPdfPreview" hidden class="wp-block-file__embed" data="https://cssst.gouv.qc.ca/au-petit-bois/wp-content/uploads/sites/5/2026/03/6.0PV-CE-4-decembre-2025_Mod.-17-03-2026-1.pdf" type="application/pdf" style="width:100%;height:600px" aria-label="Contenu incorporé 6.0PV CÉ 4 décembre 2025_Mod. 17-03-2026 (1)."></object><a id="wp-block-file--media-9c55c3d1-a953-4c8f-ae8a-29533e78dafc" href="https://cssst.gouv.qc.ca/au-petit-bois/wp-content/uploads/sites/5/2026/03/6.0PV-CE-4-decembre-2025_Mod.-17-03-2026-1.pdf">6.0PV CÉ 4 décembre 2025_Mod. 17-03-2026 (1)</a><a href="https://cssst.gouv.qc.ca/au-petit-bois/wp-content/uploads/sites/5/2026/03/6.0PV-CE-4-decembre-2025_Mod.-17-03-2026-1.pdf" class="wp-block-file__button wp-element-button" download aria-describedby="wp-block-file--media-9c55c3d1-a953-4c8f-ae8a-29533e78dafc">Télécharger</a></div>



<h2 class="wp-block-heading">Procès-verbaux</h2>




<p class="act-lead"></p>

<p>Membres du conseil Présidente : Isabelle Marinacci, parent Vice-président : Fanny Civel, parent Janie S. Cournoyer, parent Catherine Parent, parent Isabelle Grenier, parent Olivier Lemoine, parent Isabelle Pontbriand, enseignante Catherine Salvas, enseignante Marie-Ève Dubé, enseignante Sonia Gendron, orthopédagogue Anny Dufour, technicienne en éducation spécialisée Karyne Déziel, technicienne et responsable du service de garde Marie-Eve Michon, [&hellip;]</p>

<!-- This site is optimized with the Yoast SEO plugin v27.4 - https://yoast.com/product/yoast-seo-wordpress/ -->
<title>Conseil d&#039;établissement - École Au Petit Bois</title>
<meta name="robots" content="index, follow, max-snippet:-1, max-image-preview:large, max-video-preview:-1" />
<link rel="canonical" href="https://cssst.gouv.qc.ca/au-petit-bois/ecole/comites/conseil-detablissement/" />
<meta property="og:locale" content="fr_CA" />
<meta property="og:type" content="article" />
<meta property="og:title" content="Conseil d&#039;établissement - École Au Petit Bois" />
<meta property="og:description" content="Membres du conseil Présidente : Isabelle Marinacci, parent Vice-président : Fanny Civel, parent Janie S. Cournoyer, parent Catherine Parent, parent Isabelle Grenier, parent Olivier Lemoine, parent Isabelle Pontbriand, enseignante Catherine Salvas, enseignante Marie-Ève Dubé, enseignante Sonia Gendron, orthopédagogue Anny Dufour, technicienne en éducation spécialisée Karyne Déziel, technicienne et responsable du service de garde Marie-Eve Michon, [&hellip;]" />
<meta property="og:url" content="https://cssst.gouv.qc.ca/au-petit-bois/ecole/comites/conseil-detablissement/" />
<meta property="og:site_name" content="École Au Petit Bois" />
<meta property="article:publisher" content="https://www.facebook.com/profile.php?id=100057350654012&amp;locale=fr_CA" />
<meta property="article:modified_time" content="2026-03-23T13:58:54+00:00" />
<meta name="twitter:card" content="summary_large_image" />
<meta name="twitter:label1" content="Estimation du temps de lecture" />
	<meta name="twitter:data1" content="1 minute" />
<script type="application/ld+json" class="yoast-schema-graph">{"@context":"https:\/\/schema.org","@graph":[{"@type":"WebPage","@id":"https:\/\/cssst.gouv.qc.ca\/au-petit-bois\/ecole\/comites\/conseil-detablissement\/","url":"https:\/\/cssst.gouv.qc.ca\/au-petit-bois\/ecole\/comites\/conseil-detablissement\/","name":"Conseil d'établissement - École Au Petit Bois","isPartOf":{"@id":"https:\/\/cssst.gouv.qc.ca\/au-petit-bois\/#website"},"datePublished":"2023-02-02T14:37:06+00:00","dateModified":"2026-03-23T13:58:54+00:00","breadcrumb":{"@id":"https:\/\/cssst.gouv.qc.ca\/au-petit-bois\/ecole\/comites\/conseil-detablissement\/#breadcrumb"},"inLanguage":"fr-CA","potentialAction":[{"@type":"ReadAction","target":["https:\/\/cssst.gouv.qc.ca\/au-petit-bois\/ecole\/comites\/conseil-detablissement\/"]}]},{"@type":"BreadcrumbList","@id":"https:\/\/cssst.gouv.qc.ca\/au-petit-bois\/ecole\/comites\/conseil-detablissement\/#breadcrumb","itemListElement":[{"@type":"ListItem","position":1,"name":"Accueil","item":"https:\/\/cssst.gouv.qc.ca\/au-petit-bois\/"},{"@type":"ListItem","position":2,"name":"École","item":"https:\/\/cssst.gouv.qc.ca\/au-petit-bois\/ecole\/"},{"@type":"ListItem","position":3,"name":"Comités","item":"https:\/\/cssst.gouv.qc.ca\/au-petit-bois\/ecole\/comites\/"},{"@type":"ListItem","position":4,"name":"Conseil d&rsquo;établissement"}]},{"@type":"WebSite","@id":"https:\/\/cssst.gouv.qc.ca\/au-petit-bois\/#website","url":"https:\/\/cssst.gouv.qc.ca\/au-petit-bois\/","name":"École Au Petit Bois","description":"","potentialAction":[{"@type":"SearchAction","target":{"@type":"EntryPoint","urlTemplate":"https:\/\/cssst.gouv.qc.ca\/au-petit-bois\/?s={search_term_string}"},"query-input":{"@type":"PropertyValueSpecification","valueRequired":true,"valueName":"search_term_string"}}],"inLanguage":"fr-CA"}]}</script>
<!-- / Yoast SEO plugin. -->

Conseil d'établissement - École Au Petit Bois

Membres du conseil Présidente : Isabelle Marinacci, parent Vice-président : Fanny Civel, parent Janie S. Cournoyer, parent Catherine Parent, parent Isabelle Grenier, parent Olivier Lemoine, parent Isabelle Pontbriand, enseignante Catherine Salvas, enseignante Marie-Ève Dubé, enseignante Sonia Gendron, orthopédagogue Anny Dufour, technicienne en éducation spécialisée Karyne Déziel, technicienne et responsable du service de garde Marie-Eve Michon, [&hellip;]

École Au Petit Bois

École

Comités
