{"id":13,"date":"2023-02-02T09:37:07","date_gmt":"2023-02-02T14:37:07","guid":{"rendered":"https:\/\/cssst.gouv.qc.ca\/au-petit-bois\/ecole\/service-de-garde\/"},"modified":"2025-02-20T15:12:28","modified_gmt":"2025-02-20T20:12:28","slug":"service-de-garde","status":"publish","type":"page","link":"https:\/\/cssst.gouv.qc.ca\/au-petit-bois\/ecole\/service-de-garde\/","title":{"rendered":"Service de garde"},"content":{"rendered":"\n<h2 class=\"wp-block-heading\">Responsable du service de garde<\/h2>\n\n\n\n<p>Mme Karyne D\u00e9ziel<\/p>\n\n\n\n<p>Adresse courriel : garderie.aupetitbois@cssst.gouv.qc.ca<\/p>\n\n\n\n<p>T\u00e9l\u00e9phone : 450 743-2777 poste 4030<\/p>\n\n\n\n<p><\/p>\n\n\n\n<div data-wp-interactive=\"core\/file\" class=\"wp-block-file\"><object data-wp-bind--hidden=\"!state.hasPdfPreview\" hidden class=\"wp-block-file__embed\" data=\"https:\/\/cssst.gouv.qc.ca\/au-petit-bois\/wp-content\/uploads\/sites\/5\/2025\/01\/Service-de-garde-regie-interne.pdf\" type=\"application\/pdf\" style=\"width:100%;height:600px\" aria-label=\"Contenu incorpor\u00e9 Service de garde - r\u00e9gie interne.\"><\/object><a id=\"wp-block-file--media-d9bacac9-4de8-4669-bdc2-9096931e57d5\" href=\"https:\/\/cssst.gouv.qc.ca\/au-petit-bois\/wp-content\/uploads\/sites\/5\/2025\/01\/Service-de-garde-regie-interne.pdf\">Service de garde &#8211; r\u00e9gie interne<\/a><a href=\"https:\/\/cssst.gouv.qc.ca\/au-petit-bois\/wp-content\/uploads\/sites\/5\/2025\/01\/Service-de-garde-regie-interne.pdf\" class=\"wp-block-file__button wp-element-button\" download aria-describedby=\"wp-block-file--media-d9bacac9-4de8-4669-bdc2-9096931e57d5\">T\u00e9l\u00e9charger<\/a><\/div>\n","protected":false},"excerpt":{"rendered":"<p>Responsable du service de garde Mme Karyne D\u00e9ziel Adresse courriel : garderie.aupetitbois@cssst.gouv.qc.ca T\u00e9l\u00e9phone : 450 743-2777 poste 4030<\/p>\n","protected":false},"author":1,"featured_media":0,"parent":5,"menu_order":0,"comment_status":"closed","ping_status":"closed","template":"","meta":{"_acf_changed":false,"inline_featured_image":false,"footnotes":""},"class_list":["post-13","page","type-page","status-publish","hentry"],"acf":[],"yoast_head":"<!-- This site is optimized with the Yoast SEO plugin v27.4 - https:\/\/yoast.com\/product\/yoast-seo-wordpress\/ -->\n<title>Service de garde - \u00c9cole Au Petit Bois<\/title>\n<meta name=\"robots\" content=\"index, follow, max-snippet:-1, max-image-preview:large, max-video-preview:-1\" \/>\n<link rel=\"canonical\" href=\"https:\/\/cssst.gouv.qc.ca\/au-petit-bois\/ecole\/service-de-garde\/\" \/>\n<meta property=\"og:locale\" content=\"fr_CA\" \/>\n<meta property=\"og:type\" content=\"article\" \/>\n<meta property=\"og:title\" content=\"Service de garde - \u00c9cole Au Petit Bois\" \/>\n<meta property=\"og:description\" content=\"Responsable du service de garde Mme Karyne D\u00e9ziel Adresse courriel : garderie.aupetitbois@cssst.gouv.qc.ca T\u00e9l\u00e9phone : 450 743-2777 poste 4030\" \/>\n<meta property=\"og:url\" content=\"https:\/\/cssst.gouv.qc.ca\/au-petit-bois\/ecole\/service-de-garde\/\" \/>\n<meta property=\"og:site_name\" content=\"\u00c9cole Au Petit Bois\" \/>\n<meta property=\"article:publisher\" content=\"https:\/\/www.facebook.com\/profile.php?id=100057350654012&amp;locale=fr_CA\" \/>\n<meta property=\"article:modified_time\" content=\"2025-02-20T20:12:28+00:00\" \/>\n<meta name=\"twitter:card\" content=\"summary_large_image\" \/>\n<meta name=\"twitter:label1\" content=\"Estimation du temps de lecture\" \/>\n\t<meta name=\"twitter:data1\" content=\"1 minute\" \/>\n<script type=\"application\/ld+json\" class=\"yoast-schema-graph\">{\"@context\":\"https:\\\/\\\/schema.org\",\"@graph\":[{\"@type\":\"WebPage\",\"@id\":\"https:\\\/\\\/cssst.gouv.qc.ca\\\/au-petit-bois\\\/ecole\\\/service-de-garde\\\/\",\"url\":\"https:\\\/\\\/cssst.gouv.qc.ca\\\/au-petit-bois\\\/ecole\\\/service-de-garde\\\/\",\"name\":\"Service de garde - \u00c9cole Au Petit Bois\",\"isPartOf\":{\"@id\":\"https:\\\/\\\/cssst.gouv.qc.ca\\\/au-petit-bois\\\/#website\"},\"datePublished\":\"2023-02-02T14:37:07+00:00\",\"dateModified\":\"2025-02-20T20:12:28+00:00\",\"breadcrumb\":{\"@id\":\"https:\\\/\\\/cssst.gouv.qc.ca\\\/au-petit-bois\\\/ecole\\\/service-de-garde\\\/#breadcrumb\"},\"inLanguage\":\"fr-CA\",\"potentialAction\":[{\"@type\":\"ReadAction\",\"target\":[\"https:\\\/\\\/cssst.gouv.qc.ca\\\/au-petit-bois\\\/ecole\\\/service-de-garde\\\/\"]}]},{\"@type\":\"BreadcrumbList\",\"@id\":\"https:\\\/\\\/cssst.gouv.qc.ca\\\/au-petit-bois\\\/ecole\\\/service-de-garde\\\/#breadcrumb\",\"itemListElement\":[{\"@type\":\"ListItem\",\"position\":1,\"name\":\"Accueil\",\"item\":\"https:\\\/\\\/cssst.gouv.qc.ca\\\/au-petit-bois\\\/\"},{\"@type\":\"ListItem\",\"position\":2,\"name\":\"\u00c9cole\",\"item\":\"https:\\\/\\\/cssst.gouv.qc.ca\\\/au-petit-bois\\\/ecole\\\/\"},{\"@type\":\"ListItem\",\"position\":3,\"name\":\"Service de garde\"}]},{\"@type\":\"WebSite\",\"@id\":\"https:\\\/\\\/cssst.gouv.qc.ca\\\/au-petit-bois\\\/#website\",\"url\":\"https:\\\/\\\/cssst.gouv.qc.ca\\\/au-petit-bois\\\/\",\"name\":\"\u00c9cole Au Petit Bois\",\"description\":\"\",\"potentialAction\":[{\"@type\":\"SearchAction\",\"target\":{\"@type\":\"EntryPoint\",\"urlTemplate\":\"https:\\\/\\\/cssst.gouv.qc.ca\\\/au-petit-bois\\\/?s={search_term_string}\"},\"query-input\":{\"@type\":\"PropertyValueSpecification\",\"valueRequired\":true,\"valueName\":\"search_term_string\"}}],\"inLanguage\":\"fr-CA\"}]}<\/script>\n<!-- \/ Yoast SEO plugin. -->","yoast_head_json":{"title":"Service de garde - \u00c9cole Au Petit Bois","robots":{"index":"index","follow":"follow","max-snippet":"max-snippet:-1","max-image-preview":"max-image-preview:large","max-video-preview":"max-video-preview:-1"},"canonical":"https:\/\/cssst.gouv.qc.ca\/au-petit-bois\/ecole\/service-de-garde\/","og_locale":"fr_CA","og_type":"article","og_title":"Service de garde - \u00c9cole Au Petit Bois","og_description":"Responsable du service de garde Mme Karyne D\u00e9ziel Adresse courriel : garderie.aupetitbois@cssst.gouv.qc.ca T\u00e9l\u00e9phone : 450 743-2777 poste 4030","og_url":"https:\/\/cssst.gouv.qc.ca\/au-petit-bois\/ecole\/service-de-garde\/","og_site_name":"\u00c9cole Au Petit Bois","article_publisher":"https:\/\/www.facebook.com\/profile.php?id=100057350654012&locale=fr_CA","article_modified_time":"2025-02-20T20:12:28+00:00","twitter_card":"summary_large_image","twitter_misc":{"Estimation du temps de lecture":"1 minute"},"schema":{"@context":"https:\/\/schema.org","@graph":[{"@type":"WebPage","@id":"https:\/\/cssst.gouv.qc.ca\/au-petit-bois\/ecole\/service-de-garde\/","url":"https:\/\/cssst.gouv.qc.ca\/au-petit-bois\/ecole\/service-de-garde\/","name":"Service de garde - \u00c9cole Au Petit Bois","isPartOf":{"@id":"https:\/\/cssst.gouv.qc.ca\/au-petit-bois\/#website"},"datePublished":"2023-02-02T14:37:07+00:00","dateModified":"2025-02-20T20:12:28+00:00","breadcrumb":{"@id":"https:\/\/cssst.gouv.qc.ca\/au-petit-bois\/ecole\/service-de-garde\/#breadcrumb"},"inLanguage":"fr-CA","potentialAction":[{"@type":"ReadAction","target":["https:\/\/cssst.gouv.qc.ca\/au-petit-bois\/ecole\/service-de-garde\/"]}]},{"@type":"BreadcrumbList","@id":"https:\/\/cssst.gouv.qc.ca\/au-petit-bois\/ecole\/service-de-garde\/#breadcrumb","itemListElement":[{"@type":"ListItem","position":1,"name":"Accueil","item":"https:\/\/cssst.gouv.qc.ca\/au-petit-bois\/"},{"@type":"ListItem","position":2,"name":"\u00c9cole","item":"https:\/\/cssst.gouv.qc.ca\/au-petit-bois\/ecole\/"},{"@type":"ListItem","position":3,"name":"Service de garde"}]},{"@type":"WebSite","@id":"https:\/\/cssst.gouv.qc.ca\/au-petit-bois\/#website","url":"https:\/\/cssst.gouv.qc.ca\/au-petit-bois\/","name":"\u00c9cole Au Petit Bois","description":"","potentialAction":[{"@type":"SearchAction","target":{"@type":"EntryPoint","urlTemplate":"https:\/\/cssst.gouv.qc.ca\/au-petit-bois\/?s={search_term_string}"},"query-input":{"@type":"PropertyValueSpecification","valueRequired":true,"valueName":"search_term_string"}}],"inLanguage":"fr-CA"}]}},"_links":{"self":[{"href":"https:\/\/cssst.gouv.qc.ca\/au-petit-bois\/wp-json\/wp\/v2\/pages\/13","targetHints":{"allow":["GET"]}}],"collection":[{"href":"https:\/\/cssst.gouv.qc.ca\/au-petit-bois\/wp-json\/wp\/v2\/pages"}],"about":[{"href":"https:\/\/cssst.gouv.qc.ca\/au-petit-bois\/wp-json\/wp\/v2\/types\/page"}],"author":[{"embeddable":true,"href":"https:\/\/cssst.gouv.qc.ca\/au-petit-bois\/wp-json\/wp\/v2\/users\/1"}],"replies":[{"embeddable":true,"href":"https:\/\/cssst.gouv.qc.ca\/au-petit-bois\/wp-json\/wp\/v2\/comments?post=13"}],"version-history":[{"count":0,"href":"https:\/\/cssst.gouv.qc.ca\/au-petit-bois\/wp-json\/wp\/v2\/pages\/13\/revisions"}],"up":[{"embeddable":true,"href":"https:\/\/cssst.gouv.qc.ca\/au-petit-bois\/wp-json\/wp\/v2\/pages\/5"}],"wp:attachment":[{"href":"https:\/\/cssst.gouv.qc.ca\/au-petit-bois\/wp-json\/wp\/v2\/media?parent=13"}],"curies":[{"name":"wp","href":"https:\/\/api.w.org\/{rel}","templated":true}]}}

<h2 class="wp-block-heading">Responsable du service de garde</h2>



<p>Mme Karyne Déziel</p>



<p>Adresse courriel : garderie.aupetitbois@cssst.gouv.qc.ca</p>



<p>Téléphone : 450 743-2777 poste 4030</p>



<p></p>



<div data-wp-interactive="core/file" class="wp-block-file"><object data-wp-bind--hidden="!state.hasPdfPreview" hidden class="wp-block-file__embed" data="https://cssst.gouv.qc.ca/au-petit-bois/wp-content/uploads/sites/5/2025/01/Service-de-garde-regie-interne.pdf" type="application/pdf" style="width:100%;height:600px" aria-label="Contenu incorporé Service de garde - régie interne."></object><a id="wp-block-file--media-d9bacac9-4de8-4669-bdc2-9096931e57d5" href="https://cssst.gouv.qc.ca/au-petit-bois/wp-content/uploads/sites/5/2025/01/Service-de-garde-regie-interne.pdf">Service de garde &#8211; régie interne</a><a href="https://cssst.gouv.qc.ca/au-petit-bois/wp-content/uploads/sites/5/2025/01/Service-de-garde-regie-interne.pdf" class="wp-block-file__button wp-element-button" download aria-describedby="wp-block-file--media-d9bacac9-4de8-4669-bdc2-9096931e57d5">Télécharger</a></div>

<p>Responsable du service de garde Mme Karyne Déziel Adresse courriel : garderie.aupetitbois@cssst.gouv.qc.ca Téléphone : 450 743-2777 poste 4030</p>

<!-- This site is optimized with the Yoast SEO plugin v27.4 - https://yoast.com/product/yoast-seo-wordpress/ -->
<title>Service de garde - École Au Petit Bois</title>
<meta name="robots" content="index, follow, max-snippet:-1, max-image-preview:large, max-video-preview:-1" />
<link rel="canonical" href="https://cssst.gouv.qc.ca/au-petit-bois/ecole/service-de-garde/" />
<meta property="og:locale" content="fr_CA" />
<meta property="og:type" content="article" />
<meta property="og:title" content="Service de garde - École Au Petit Bois" />
<meta property="og:description" content="Responsable du service de garde Mme Karyne Déziel Adresse courriel : garderie.aupetitbois@cssst.gouv.qc.ca Téléphone : 450 743-2777 poste 4030" />
<meta property="og:url" content="https://cssst.gouv.qc.ca/au-petit-bois/ecole/service-de-garde/" />
<meta property="og:site_name" content="École Au Petit Bois" />
<meta property="article:publisher" content="https://www.facebook.com/profile.php?id=100057350654012&amp;locale=fr_CA" />
<meta property="article:modified_time" content="2025-02-20T20:12:28+00:00" />
<meta name="twitter:card" content="summary_large_image" />
<meta name="twitter:label1" content="Estimation du temps de lecture" />
	<meta name="twitter:data1" content="1 minute" />
<script type="application/ld+json" class="yoast-schema-graph">{"@context":"https:\/\/schema.org","@graph":[{"@type":"WebPage","@id":"https:\/\/cssst.gouv.qc.ca\/au-petit-bois\/ecole\/service-de-garde\/","url":"https:\/\/cssst.gouv.qc.ca\/au-petit-bois\/ecole\/service-de-garde\/","name":"Service de garde - École Au Petit Bois","isPartOf":{"@id":"https:\/\/cssst.gouv.qc.ca\/au-petit-bois\/#website"},"datePublished":"2023-02-02T14:37:07+00:00","dateModified":"2025-02-20T20:12:28+00:00","breadcrumb":{"@id":"https:\/\/cssst.gouv.qc.ca\/au-petit-bois\/ecole\/service-de-garde\/#breadcrumb"},"inLanguage":"fr-CA","potentialAction":[{"@type":"ReadAction","target":["https:\/\/cssst.gouv.qc.ca\/au-petit-bois\/ecole\/service-de-garde\/"]}]},{"@type":"BreadcrumbList","@id":"https:\/\/cssst.gouv.qc.ca\/au-petit-bois\/ecole\/service-de-garde\/#breadcrumb","itemListElement":[{"@type":"ListItem","position":1,"name":"Accueil","item":"https:\/\/cssst.gouv.qc.ca\/au-petit-bois\/"},{"@type":"ListItem","position":2,"name":"École","item":"https:\/\/cssst.gouv.qc.ca\/au-petit-bois\/ecole\/"},{"@type":"ListItem","position":3,"name":"Service de garde"}]},{"@type":"WebSite","@id":"https:\/\/cssst.gouv.qc.ca\/au-petit-bois\/#website","url":"https:\/\/cssst.gouv.qc.ca\/au-petit-bois\/","name":"École Au Petit Bois","description":"","potentialAction":[{"@type":"SearchAction","target":{"@type":"EntryPoint","urlTemplate":"https:\/\/cssst.gouv.qc.ca\/au-petit-bois\/?s={search_term_string}"},"query-input":{"@type":"PropertyValueSpecification","valueRequired":true,"valueName":"search_term_string"}}],"inLanguage":"fr-CA"}]}</script>
<!-- / Yoast SEO plugin. -->

Service de garde - École Au Petit Bois

Responsable du service de garde Mme Karyne Déziel Adresse courriel : garderie.aupetitbois@cssst.gouv.qc.ca Téléphone : 450 743-2777 poste 4030

École Au Petit Bois

École
