{"id":10,"date":"2023-02-02T09:37:07","date_gmt":"2023-02-02T14:37:07","guid":{"rendered":"https:\/\/cssst.gouv.qc.ca\/au-petit-bois\/ecole\/comites\/organisme-de-participation-des-parents-opp\/"},"modified":"2025-11-27T11:28:47","modified_gmt":"2025-11-27T16:28:47","slug":"organisme-de-participation-des-parents-opp","status":"publish","type":"page","link":"https:\/\/cssst.gouv.qc.ca\/au-petit-bois\/ecole\/comites\/organisme-de-participation-des-parents-opp\/","title":{"rendered":"Organisme de participation des parents (OPP)"},"content":{"rendered":"\n<p><\/p>\n\n\n\n<p><strong>Membres<\/strong><\/p>\n\n\n\n<p>Isabelle Grenier &#8211; Pr\u00e9sidente &#8211; Activit\u00e9s et communication<\/p>\n\n\n\n<p>M\u00e9lanie Amin &#8211; Tr\u00e9sori\u00e8re <\/p>\n\n\n\n<p>Myriam Beauchesne Lachapelle &#8211; Secr\u00e9taire<\/p>\n\n\n\n<p>Catherine L\u00e9vesque &#8211; Activit\u00e9s <\/p>\n\n\n\n<p>Jimmy R. Lacroix &#8211; Activit\u00e9s<\/p>\n\n\n\n<p>Yannick Beaudoin &#8211; Activit\u00e9s<\/p>\n\n\n\n<p>Sophie Lemire &#8211; Activit\u00e9s<\/p>\n\n\n\n<figure class=\"wp-block-image size-full\"><img loading=\"lazy\" decoding=\"async\" width=\"450\" height=\"452\" src=\"https:\/\/cssst.gouv.qc.ca\/au-petit-bois\/wp-content\/uploads\/sites\/5\/2025\/11\/image.png\" alt=\"\" class=\"wp-image-422\" srcset=\"https:\/\/cssst.gouv.qc.ca\/au-petit-bois\/wp-content\/uploads\/sites\/5\/2025\/11\/image.png 450w, https:\/\/cssst.gouv.qc.ca\/au-petit-bois\/wp-content\/uploads\/sites\/5\/2025\/11\/image-300x300.png 300w, https:\/\/cssst.gouv.qc.ca\/au-petit-bois\/wp-content\/uploads\/sites\/5\/2025\/11\/image-150x150.png 150w\" sizes=\"auto, (max-width: 450px) 100vw, 450px\" \/><\/figure>\n","protected":false},"excerpt":{"rendered":"<p>Membres Isabelle Grenier &#8211; Pr\u00e9sidente &#8211; Activit\u00e9s et communication M\u00e9lanie Amin &#8211; Tr\u00e9sori\u00e8re Myriam Beauchesne Lachapelle &#8211; Secr\u00e9taire Catherine L\u00e9vesque &#8211; Activit\u00e9s Jimmy R. Lacroix &#8211; Activit\u00e9s Yannick Beaudoin &#8211; Activit\u00e9s Sophie Lemire &#8211; Activit\u00e9s<\/p>\n","protected":false},"author":1,"featured_media":0,"parent":8,"menu_order":0,"comment_status":"closed","ping_status":"closed","template":"","meta":{"_acf_changed":false,"inline_featured_image":false,"footnotes":""},"class_list":["post-10","page","type-page","status-publish","hentry"],"acf":[],"yoast_head":"<!-- This site is optimized with the Yoast SEO plugin v27.4 - https:\/\/yoast.com\/product\/yoast-seo-wordpress\/ -->\n<title>Organisme de participation des parents (OPP) - \u00c9cole Au Petit Bois<\/title>\n<meta name=\"robots\" content=\"index, follow, max-snippet:-1, max-image-preview:large, max-video-preview:-1\" \/>\n<link rel=\"canonical\" href=\"https:\/\/cssst.gouv.qc.ca\/au-petit-bois\/ecole\/comites\/organisme-de-participation-des-parents-opp\/\" \/>\n<meta property=\"og:locale\" content=\"fr_CA\" \/>\n<meta property=\"og:type\" content=\"article\" \/>\n<meta property=\"og:title\" content=\"Organisme de participation des parents (OPP) - \u00c9cole Au Petit Bois\" \/>\n<meta property=\"og:description\" content=\"Membres Isabelle Grenier &#8211; Pr\u00e9sidente &#8211; Activit\u00e9s et communication M\u00e9lanie Amin &#8211; Tr\u00e9sori\u00e8re Myriam Beauchesne Lachapelle &#8211; Secr\u00e9taire Catherine L\u00e9vesque &#8211; Activit\u00e9s Jimmy R. Lacroix &#8211; Activit\u00e9s Yannick Beaudoin &#8211; Activit\u00e9s Sophie Lemire &#8211; Activit\u00e9s\" \/>\n<meta property=\"og:url\" content=\"https:\/\/cssst.gouv.qc.ca\/au-petit-bois\/ecole\/comites\/organisme-de-participation-des-parents-opp\/\" \/>\n<meta property=\"og:site_name\" content=\"\u00c9cole Au Petit Bois\" \/>\n<meta property=\"article:publisher\" content=\"https:\/\/www.facebook.com\/profile.php?id=100057350654012&amp;locale=fr_CA\" \/>\n<meta property=\"article:modified_time\" content=\"2025-11-27T16:28:47+00:00\" \/>\n<meta property=\"og:image\" content=\"https:\/\/cssst.gouv.qc.ca\/au-petit-bois\/wp-content\/uploads\/sites\/5\/2025\/11\/image.png\" \/>\n\t<meta property=\"og:image:width\" content=\"450\" \/>\n\t<meta property=\"og:image:height\" content=\"452\" \/>\n\t<meta property=\"og:image:type\" content=\"image\/png\" \/>\n<meta name=\"twitter:card\" content=\"summary_large_image\" \/>\n<meta name=\"twitter:label1\" content=\"Estimation du temps de lecture\" \/>\n\t<meta name=\"twitter:data1\" content=\"1 minute\" \/>\n<script type=\"application\/ld+json\" class=\"yoast-schema-graph\">{\"@context\":\"https:\\\/\\\/schema.org\",\"@graph\":[{\"@type\":\"WebPage\",\"@id\":\"https:\\\/\\\/cssst.gouv.qc.ca\\\/au-petit-bois\\\/ecole\\\/comites\\\/organisme-de-participation-des-parents-opp\\\/\",\"url\":\"https:\\\/\\\/cssst.gouv.qc.ca\\\/au-petit-bois\\\/ecole\\\/comites\\\/organisme-de-participation-des-parents-opp\\\/\",\"name\":\"Organisme de participation des parents (OPP) - \u00c9cole Au Petit Bois\",\"isPartOf\":{\"@id\":\"https:\\\/\\\/cssst.gouv.qc.ca\\\/au-petit-bois\\\/#website\"},\"primaryImageOfPage\":{\"@id\":\"https:\\\/\\\/cssst.gouv.qc.ca\\\/au-petit-bois\\\/ecole\\\/comites\\\/organisme-de-participation-des-parents-opp\\\/#primaryimage\"},\"image\":{\"@id\":\"https:\\\/\\\/cssst.gouv.qc.ca\\\/au-petit-bois\\\/ecole\\\/comites\\\/organisme-de-participation-des-parents-opp\\\/#primaryimage\"},\"thumbnailUrl\":\"https:\\\/\\\/cssst.gouv.qc.ca\\\/au-petit-bois\\\/wp-content\\\/uploads\\\/sites\\\/5\\\/2025\\\/11\\\/image.png\",\"datePublished\":\"2023-02-02T14:37:07+00:00\",\"dateModified\":\"2025-11-27T16:28:47+00:00\",\"breadcrumb\":{\"@id\":\"https:\\\/\\\/cssst.gouv.qc.ca\\\/au-petit-bois\\\/ecole\\\/comites\\\/organisme-de-participation-des-parents-opp\\\/#breadcrumb\"},\"inLanguage\":\"fr-CA\",\"potentialAction\":[{\"@type\":\"ReadAction\",\"target\":[\"https:\\\/\\\/cssst.gouv.qc.ca\\\/au-petit-bois\\\/ecole\\\/comites\\\/organisme-de-participation-des-parents-opp\\\/\"]}]},{\"@type\":\"ImageObject\",\"inLanguage\":\"fr-CA\",\"@id\":\"https:\\\/\\\/cssst.gouv.qc.ca\\\/au-petit-bois\\\/ecole\\\/comites\\\/organisme-de-participation-des-parents-opp\\\/#primaryimage\",\"url\":\"https:\\\/\\\/cssst.gouv.qc.ca\\\/au-petit-bois\\\/wp-content\\\/uploads\\\/sites\\\/5\\\/2025\\\/11\\\/image.png\",\"contentUrl\":\"https:\\\/\\\/cssst.gouv.qc.ca\\\/au-petit-bois\\\/wp-content\\\/uploads\\\/sites\\\/5\\\/2025\\\/11\\\/image.png\",\"width\":450,\"height\":452},{\"@type\":\"BreadcrumbList\",\"@id\":\"https:\\\/\\\/cssst.gouv.qc.ca\\\/au-petit-bois\\\/ecole\\\/comites\\\/organisme-de-participation-des-parents-opp\\\/#breadcrumb\",\"itemListElement\":[{\"@type\":\"ListItem\",\"position\":1,\"name\":\"Accueil\",\"item\":\"https:\\\/\\\/cssst.gouv.qc.ca\\\/au-petit-bois\\\/\"},{\"@type\":\"ListItem\",\"position\":2,\"name\":\"\u00c9cole\",\"item\":\"https:\\\/\\\/cssst.gouv.qc.ca\\\/au-petit-bois\\\/ecole\\\/\"},{\"@type\":\"ListItem\",\"position\":3,\"name\":\"Comit\u00e9s\",\"item\":\"https:\\\/\\\/cssst.gouv.qc.ca\\\/au-petit-bois\\\/ecole\\\/comites\\\/\"},{\"@type\":\"ListItem\",\"position\":4,\"name\":\"Organisme de participation des parents (OPP)\"}]},{\"@type\":\"WebSite\",\"@id\":\"https:\\\/\\\/cssst.gouv.qc.ca\\\/au-petit-bois\\\/#website\",\"url\":\"https:\\\/\\\/cssst.gouv.qc.ca\\\/au-petit-bois\\\/\",\"name\":\"\u00c9cole Au Petit Bois\",\"description\":\"\",\"potentialAction\":[{\"@type\":\"SearchAction\",\"target\":{\"@type\":\"EntryPoint\",\"urlTemplate\":\"https:\\\/\\\/cssst.gouv.qc.ca\\\/au-petit-bois\\\/?s={search_term_string}\"},\"query-input\":{\"@type\":\"PropertyValueSpecification\",\"valueRequired\":true,\"valueName\":\"search_term_string\"}}],\"inLanguage\":\"fr-CA\"}]}<\/script>\n<!-- \/ Yoast SEO plugin. -->","yoast_head_json":{"title":"Organisme de participation des parents (OPP) - \u00c9cole Au Petit Bois","robots":{"index":"index","follow":"follow","max-snippet":"max-snippet:-1","max-image-preview":"max-image-preview:large","max-video-preview":"max-video-preview:-1"},"canonical":"https:\/\/cssst.gouv.qc.ca\/au-petit-bois\/ecole\/comites\/organisme-de-participation-des-parents-opp\/","og_locale":"fr_CA","og_type":"article","og_title":"Organisme de participation des parents (OPP) - \u00c9cole Au Petit Bois","og_description":"Membres Isabelle Grenier &#8211; Pr\u00e9sidente &#8211; Activit\u00e9s et communication M\u00e9lanie Amin &#8211; Tr\u00e9sori\u00e8re Myriam Beauchesne Lachapelle &#8211; Secr\u00e9taire Catherine L\u00e9vesque &#8211; Activit\u00e9s Jimmy R. Lacroix &#8211; Activit\u00e9s Yannick Beaudoin &#8211; Activit\u00e9s Sophie Lemire &#8211; Activit\u00e9s","og_url":"https:\/\/cssst.gouv.qc.ca\/au-petit-bois\/ecole\/comites\/organisme-de-participation-des-parents-opp\/","og_site_name":"\u00c9cole Au Petit Bois","article_publisher":"https:\/\/www.facebook.com\/profile.php?id=100057350654012&locale=fr_CA","article_modified_time":"2025-11-27T16:28:47+00:00","og_image":[{"width":450,"height":452,"url":"https:\/\/cssst.gouv.qc.ca\/au-petit-bois\/wp-content\/uploads\/sites\/5\/2025\/11\/image.png","type":"image\/png"}],"twitter_card":"summary_large_image","twitter_misc":{"Estimation du temps de lecture":"1 minute"},"schema":{"@context":"https:\/\/schema.org","@graph":[{"@type":"WebPage","@id":"https:\/\/cssst.gouv.qc.ca\/au-petit-bois\/ecole\/comites\/organisme-de-participation-des-parents-opp\/","url":"https:\/\/cssst.gouv.qc.ca\/au-petit-bois\/ecole\/comites\/organisme-de-participation-des-parents-opp\/","name":"Organisme de participation des parents (OPP) - \u00c9cole Au Petit Bois","isPartOf":{"@id":"https:\/\/cssst.gouv.qc.ca\/au-petit-bois\/#website"},"primaryImageOfPage":{"@id":"https:\/\/cssst.gouv.qc.ca\/au-petit-bois\/ecole\/comites\/organisme-de-participation-des-parents-opp\/#primaryimage"},"image":{"@id":"https:\/\/cssst.gouv.qc.ca\/au-petit-bois\/ecole\/comites\/organisme-de-participation-des-parents-opp\/#primaryimage"},"thumbnailUrl":"https:\/\/cssst.gouv.qc.ca\/au-petit-bois\/wp-content\/uploads\/sites\/5\/2025\/11\/image.png","datePublished":"2023-02-02T14:37:07+00:00","dateModified":"2025-11-27T16:28:47+00:00","breadcrumb":{"@id":"https:\/\/cssst.gouv.qc.ca\/au-petit-bois\/ecole\/comites\/organisme-de-participation-des-parents-opp\/#breadcrumb"},"inLanguage":"fr-CA","potentialAction":[{"@type":"ReadAction","target":["https:\/\/cssst.gouv.qc.ca\/au-petit-bois\/ecole\/comites\/organisme-de-participation-des-parents-opp\/"]}]},{"@type":"ImageObject","inLanguage":"fr-CA","@id":"https:\/\/cssst.gouv.qc.ca\/au-petit-bois\/ecole\/comites\/organisme-de-participation-des-parents-opp\/#primaryimage","url":"https:\/\/cssst.gouv.qc.ca\/au-petit-bois\/wp-content\/uploads\/sites\/5\/2025\/11\/image.png","contentUrl":"https:\/\/cssst.gouv.qc.ca\/au-petit-bois\/wp-content\/uploads\/sites\/5\/2025\/11\/image.png","width":450,"height":452},{"@type":"BreadcrumbList","@id":"https:\/\/cssst.gouv.qc.ca\/au-petit-bois\/ecole\/comites\/organisme-de-participation-des-parents-opp\/#breadcrumb","itemListElement":[{"@type":"ListItem","position":1,"name":"Accueil","item":"https:\/\/cssst.gouv.qc.ca\/au-petit-bois\/"},{"@type":"ListItem","position":2,"name":"\u00c9cole","item":"https:\/\/cssst.gouv.qc.ca\/au-petit-bois\/ecole\/"},{"@type":"ListItem","position":3,"name":"Comit\u00e9s","item":"https:\/\/cssst.gouv.qc.ca\/au-petit-bois\/ecole\/comites\/"},{"@type":"ListItem","position":4,"name":"Organisme de participation des parents (OPP)"}]},{"@type":"WebSite","@id":"https:\/\/cssst.gouv.qc.ca\/au-petit-bois\/#website","url":"https:\/\/cssst.gouv.qc.ca\/au-petit-bois\/","name":"\u00c9cole Au Petit Bois","description":"","potentialAction":[{"@type":"SearchAction","target":{"@type":"EntryPoint","urlTemplate":"https:\/\/cssst.gouv.qc.ca\/au-petit-bois\/?s={search_term_string}"},"query-input":{"@type":"PropertyValueSpecification","valueRequired":true,"valueName":"search_term_string"}}],"inLanguage":"fr-CA"}]}},"_links":{"self":[{"href":"https:\/\/cssst.gouv.qc.ca\/au-petit-bois\/wp-json\/wp\/v2\/pages\/10","targetHints":{"allow":["GET"]}}],"collection":[{"href":"https:\/\/cssst.gouv.qc.ca\/au-petit-bois\/wp-json\/wp\/v2\/pages"}],"about":[{"href":"https:\/\/cssst.gouv.qc.ca\/au-petit-bois\/wp-json\/wp\/v2\/types\/page"}],"author":[{"embeddable":true,"href":"https:\/\/cssst.gouv.qc.ca\/au-petit-bois\/wp-json\/wp\/v2\/users\/1"}],"replies":[{"embeddable":true,"href":"https:\/\/cssst.gouv.qc.ca\/au-petit-bois\/wp-json\/wp\/v2\/comments?post=10"}],"version-history":[{"count":0,"href":"https:\/\/cssst.gouv.qc.ca\/au-petit-bois\/wp-json\/wp\/v2\/pages\/10\/revisions"}],"up":[{"embeddable":true,"href":"https:\/\/cssst.gouv.qc.ca\/au-petit-bois\/wp-json\/wp\/v2\/pages\/8"}],"wp:attachment":[{"href":"https:\/\/cssst.gouv.qc.ca\/au-petit-bois\/wp-json\/wp\/v2\/media?parent=10"}],"curies":[{"name":"wp","href":"https:\/\/api.w.org\/{rel}","templated":true}]}}

<p></p>



<p><strong>Membres</strong></p>



<p>Isabelle Grenier &#8211; Présidente &#8211; Activités et communication</p>



<p>Mélanie Amin &#8211; Trésorière </p>



<p>Myriam Beauchesne Lachapelle &#8211; Secrétaire</p>



<p>Catherine Lévesque &#8211; Activités </p>



<p>Jimmy R. Lacroix &#8211; Activités</p>



<p>Yannick Beaudoin &#8211; Activités</p>



<p>Sophie Lemire &#8211; Activités</p>



<figure class="wp-block-image size-full"><img loading="lazy" decoding="async" width="450" height="452" src="https://cssst.gouv.qc.ca/au-petit-bois/wp-content/uploads/sites/5/2025/11/image.png" alt="" class="wp-image-422" srcset="https://cssst.gouv.qc.ca/au-petit-bois/wp-content/uploads/sites/5/2025/11/image.png 450w, https://cssst.gouv.qc.ca/au-petit-bois/wp-content/uploads/sites/5/2025/11/image-300x300.png 300w, https://cssst.gouv.qc.ca/au-petit-bois/wp-content/uploads/sites/5/2025/11/image-150x150.png 150w" sizes="auto, (max-width: 450px) 100vw, 450px" /></figure>

<p>Membres Isabelle Grenier &#8211; Présidente &#8211; Activités et communication Mélanie Amin &#8211; Trésorière Myriam Beauchesne Lachapelle &#8211; Secrétaire Catherine Lévesque &#8211; Activités Jimmy R. Lacroix &#8211; Activités Yannick Beaudoin &#8211; Activités Sophie Lemire &#8211; Activités</p>

<!-- This site is optimized with the Yoast SEO plugin v27.4 - https://yoast.com/product/yoast-seo-wordpress/ -->
<title>Organisme de participation des parents (OPP) - École Au Petit Bois</title>
<meta name="robots" content="index, follow, max-snippet:-1, max-image-preview:large, max-video-preview:-1" />
<link rel="canonical" href="https://cssst.gouv.qc.ca/au-petit-bois/ecole/comites/organisme-de-participation-des-parents-opp/" />
<meta property="og:locale" content="fr_CA" />
<meta property="og:type" content="article" />
<meta property="og:title" content="Organisme de participation des parents (OPP) - École Au Petit Bois" />
<meta property="og:description" content="Membres Isabelle Grenier &#8211; Présidente &#8211; Activités et communication Mélanie Amin &#8211; Trésorière Myriam Beauchesne Lachapelle &#8211; Secrétaire Catherine Lévesque &#8211; Activités Jimmy R. Lacroix &#8211; Activités Yannick Beaudoin &#8211; Activités Sophie Lemire &#8211; Activités" />
<meta property="og:url" content="https://cssst.gouv.qc.ca/au-petit-bois/ecole/comites/organisme-de-participation-des-parents-opp/" />
<meta property="og:site_name" content="École Au Petit Bois" />
<meta property="article:publisher" content="https://www.facebook.com/profile.php?id=100057350654012&amp;locale=fr_CA" />
<meta property="article:modified_time" content="2025-11-27T16:28:47+00:00" />
<meta property="og:image" content="https://cssst.gouv.qc.ca/au-petit-bois/wp-content/uploads/sites/5/2025/11/image.png" />
	<meta property="og:image:width" content="450" />
	<meta property="og:image:height" content="452" />
	<meta property="og:image:type" content="image/png" />
<meta name="twitter:card" content="summary_large_image" />
<meta name="twitter:label1" content="Estimation du temps de lecture" />
	<meta name="twitter:data1" content="1 minute" />
<script type="application/ld+json" class="yoast-schema-graph">{"@context":"https:\/\/schema.org","@graph":[{"@type":"WebPage","@id":"https:\/\/cssst.gouv.qc.ca\/au-petit-bois\/ecole\/comites\/organisme-de-participation-des-parents-opp\/","url":"https:\/\/cssst.gouv.qc.ca\/au-petit-bois\/ecole\/comites\/organisme-de-participation-des-parents-opp\/","name":"Organisme de participation des parents (OPP) - École Au Petit Bois","isPartOf":{"@id":"https:\/\/cssst.gouv.qc.ca\/au-petit-bois\/#website"},"primaryImageOfPage":{"@id":"https:\/\/cssst.gouv.qc.ca\/au-petit-bois\/ecole\/comites\/organisme-de-participation-des-parents-opp\/#primaryimage"},"image":{"@id":"https:\/\/cssst.gouv.qc.ca\/au-petit-bois\/ecole\/comites\/organisme-de-participation-des-parents-opp\/#primaryimage"},"thumbnailUrl":"https:\/\/cssst.gouv.qc.ca\/au-petit-bois\/wp-content\/uploads\/sites\/5\/2025\/11\/image.png","datePublished":"2023-02-02T14:37:07+00:00","dateModified":"2025-11-27T16:28:47+00:00","breadcrumb":{"@id":"https:\/\/cssst.gouv.qc.ca\/au-petit-bois\/ecole\/comites\/organisme-de-participation-des-parents-opp\/#breadcrumb"},"inLanguage":"fr-CA","potentialAction":[{"@type":"ReadAction","target":["https:\/\/cssst.gouv.qc.ca\/au-petit-bois\/ecole\/comites\/organisme-de-participation-des-parents-opp\/"]}]},{"@type":"ImageObject","inLanguage":"fr-CA","@id":"https:\/\/cssst.gouv.qc.ca\/au-petit-bois\/ecole\/comites\/organisme-de-participation-des-parents-opp\/#primaryimage","url":"https:\/\/cssst.gouv.qc.ca\/au-petit-bois\/wp-content\/uploads\/sites\/5\/2025\/11\/image.png","contentUrl":"https:\/\/cssst.gouv.qc.ca\/au-petit-bois\/wp-content\/uploads\/sites\/5\/2025\/11\/image.png","width":450,"height":452},{"@type":"BreadcrumbList","@id":"https:\/\/cssst.gouv.qc.ca\/au-petit-bois\/ecole\/comites\/organisme-de-participation-des-parents-opp\/#breadcrumb","itemListElement":[{"@type":"ListItem","position":1,"name":"Accueil","item":"https:\/\/cssst.gouv.qc.ca\/au-petit-bois\/"},{"@type":"ListItem","position":2,"name":"École","item":"https:\/\/cssst.gouv.qc.ca\/au-petit-bois\/ecole\/"},{"@type":"ListItem","position":3,"name":"Comités","item":"https:\/\/cssst.gouv.qc.ca\/au-petit-bois\/ecole\/comites\/"},{"@type":"ListItem","position":4,"name":"Organisme de participation des parents (OPP)"}]},{"@type":"WebSite","@id":"https:\/\/cssst.gouv.qc.ca\/au-petit-bois\/#website","url":"https:\/\/cssst.gouv.qc.ca\/au-petit-bois\/","name":"École Au Petit Bois","description":"","potentialAction":[{"@type":"SearchAction","target":{"@type":"EntryPoint","urlTemplate":"https:\/\/cssst.gouv.qc.ca\/au-petit-bois\/?s={search_term_string}"},"query-input":{"@type":"PropertyValueSpecification","valueRequired":true,"valueName":"search_term_string"}}],"inLanguage":"fr-CA"}]}</script>
<!-- / Yoast SEO plugin. -->

Organisme de participation des parents (OPP) - École Au Petit Bois

Membres Isabelle Grenier &#8211; Présidente &#8211; Activités et communication Mélanie Amin &#8211; Trésorière Myriam Beauchesne Lachapelle &#8211; Secrétaire Catherine Lévesque &#8211; Activités Jimmy R. Lacroix &#8211; Activités Yannick Beaudoin &#8211; Activités Sophie Lemire &#8211; Activités

École Au Petit Bois

École

Comités
