{"id":4,"date":"2022-08-14T18:17:54","date_gmt":"2022-08-14T18:17:54","guid":{"rendered":"http:\/\/cssst.gouv.qc.ca\/adultes\/accueil\/"},"modified":"2026-02-24T20:41:41","modified_gmt":"2026-02-24T20:41:41","slug":"accueil","status":"publish","type":"page","link":"https:\/\/cssst.gouv.qc.ca\/adultes\/","title":{"rendered":"Accueil"},"content":{"rendered":"\n<div class=\"wp-block-cover alignfull has-custom-content-position is-position-center-left is-style-hero-home-subsite wp-duotone-unset-2\" style=\"min-height:486px;aspect-ratio:unset;\"><img loading=\"lazy\" decoding=\"async\" width=\"1009\" height=\"675\" class=\"wp-block-cover__image-background wp-image-3372 size-full\" alt=\"\" src=\"https:\/\/cssst.gouv.qc.ca\/adultes\/wp-content\/uploads\/sites\/2\/2026\/02\/Copie_CBG.jpg\" style=\"object-position:54% 30%\" data-object-fit=\"cover\" data-object-position=\"54% 30%\" srcset=\"https:\/\/cssst.gouv.qc.ca\/adultes\/wp-content\/uploads\/sites\/2\/2026\/02\/Copie_CBG.jpg 1009w, https:\/\/cssst.gouv.qc.ca\/adultes\/wp-content\/uploads\/sites\/2\/2026\/02\/Copie_CBG-300x201.jpg 300w, https:\/\/cssst.gouv.qc.ca\/adultes\/wp-content\/uploads\/sites\/2\/2026\/02\/Copie_CBG-768x514.jpg 768w\" sizes=\"auto, (max-width: 1009px) 100vw, 1009px\" \/><span aria-hidden=\"true\" class=\"wp-block-cover__background has-background-dim-0 has-background-dim\"><\/span><div class=\"wp-block-cover__inner-container\">\n<p><\/p>\n<\/div><\/div>\n\n\n\n<div class=\"wp-block-group alignwide is-style-home-info\">\n<div class=\"wp-block-columns are-vertically-aligned-top info-columns\">\n<div class=\"wp-block-column is-vertically-aligned-top column-left\">\n<div class=\"wp-block-group title\">\n<p><strong>\u00c0 propos des CFPEAST<\/strong><\/p>\n\n\n\n<h2 class=\"wp-block-heading\">Nous sommes l\u00e0 pour toi!<\/h2>\n\n\n\n<p class=\"has-text-align-left\">Les <strong>CFPEAST<\/strong> regroupent l\u2019ensemble des services aux adultes offerts par le <strong>Centre de services scolaire de Sorel-Tracy<\/strong>. Ils sont compos\u00e9s de deux \u00e9tablissements : le <strong>Centre Bernard-Gari\u00e9py (CBG)<\/strong> et le <strong>Centre de formation professionnelle Sorel-Tracy (CFP)<\/strong>.<\/p>\n\n\n\n<p>Nos centres offrent une vari\u00e9t\u00e9 de formations visant \u00e0 enrichir les connaissances de base, \u00e0 perfectionner des comp\u00e9tences professionnelles et \u00e0 obtenir des qualifications reconnues. Les formations peuvent mener \u00e0 l\u2019obtention de diff\u00e9rents dipl\u00f4mes, tels que :<\/p>\n\n\n\n<ul class=\"wp-block-list\">\n<li>le <strong>dipl\u00f4me d\u2019\u00e9tudes secondaires (DES)<\/strong>,<\/li>\n\n\n\n<li>l\u2019<strong>attestation d\u2019\u00e9tudes professionnelles (AEP)<\/strong>,<\/li>\n\n\n\n<li>l\u2019<strong>attestation de sp\u00e9cialisation professionnelle (ASP)<\/strong>,<\/li>\n\n\n\n<li>le <strong>certificat de formation \u00e0 l\u2019exercice d\u2019un m\u00e9tier semi-sp\u00e9cialis\u00e9 (CFMS)<\/strong>,<\/li>\n\n\n\n<li>le <strong>dipl\u00f4me d\u2019\u00e9tudes professionnelles (DEP)<\/strong> permettant d\u2019exercer un m\u00e9tier.<\/li>\n<\/ul>\n\n\n\n<p>Chaque centre se distingue par sa vie scolaire dynamique et ses avantages uniques, offrant aux \u00e9l\u00e8ves une exp\u00e9rience de formation enrichissante leur permettant d\u2019atteindre leurs objectifs.<\/p>\n\n\n\n<p class=\"has-text-align-left\">R\u00e9unis sous un m\u00eame nom, les <strong>Centres de formation professionnelle et d\u2019\u00e9ducation des adultes Sorel-Tracy<\/strong> (CFPEAST) sont une r\u00e9f\u00e9rence en mati\u00e8re d\u2019\u00e9ducation aux adultes dans la r\u00e9gion.<\/p>\n\n\n\n<p><strong>Centre Bernard-Gari\u00e9py<\/strong><\/p>\n\n\n\n<p>Le Centre Bernard-Gari\u00e9py (CBG) est le c\u0153ur de la formation professionnelle. On y retrouve un v\u00e9ritable salon de coiffure (ouvert au public), des salles de formation reproduisant des chambres d\u2019h\u00f4pital, un petit atelier de soudage, une mini-usine, des ateliers d\u2019usinage et de m\u00e9canique industrielle et m\u00eame un laboratoire d&rsquo;infographie. Tout ce qu\u2019il faut pour apprendre les r\u00e9alit\u00e9s d\u2019un m\u00e9tier!<\/p>\n\n\n\n<p><strong>Centre de formation professionnelle<\/strong><\/p>\n\n\n\n<p>Le Centre de formation professionnelle (CFP) accueille la formation g\u00e9n\u00e9rale au secondaire et en comp\u00e9tences de base, la francisation, le programme de participation sociale, d&rsquo;int\u00e9gration socioprofessionnelle, de d\u00e9veloppement d&rsquo;habilet\u00e9s sp\u00e9cifiques de m\u00eame que des programmes de formation professionnelle dont \u00e9lectricit\u00e9 et soudage-assemblage.<\/p>\n<\/div>\n\n\n\n<div class=\"wp-block-group numbers\">\n<div class=\"wp-block-columns\">\n<div class=\"wp-block-column is-style-rounded-corners\">\n<p class=\"is-style-keynumbers\"><strong>2<\/strong><br>\u00c9TABLISSEMENTS<\/p>\n<\/div>\n\n\n\n<div class=\"wp-block-column is-style-rounded-corners\">\n<p class=\"is-style-keynumbers\"><strong>500<\/strong><br>\u00c9L\u00c8VES<\/p>\n<\/div>\n<\/div>\n\n\n\n<div class=\"wp-block-columns\">\n<div class=\"wp-block-column is-style-rounded-corners\">\n<p class=\"is-style-keynumbers\"><strong>30 <\/strong><br>PROGRAMMES ET FORMATIONS<\/p>\n<\/div>\n\n\n\n<div class=\"wp-block-column is-style-rounded-corners\">\n<p class=\"is-style-keynumbers\"><strong>133<\/strong><\/p>\n\n\n\n<p class=\"is-style-keynumbers\">MEMBRES DU PERSONNEL<\/p>\n<\/div>\n<\/div>\n<\/div>\n<\/div>\n\n\n\n<div class=\"wp-block-column is-vertically-aligned-top column-right\">\n<div class=\"wp-block-group\">\n<figure class=\"wp-block-image size-large\"><img loading=\"lazy\" decoding=\"async\" width=\"1024\" height=\"684\" src=\"https:\/\/cssst.gouv.qc.ca\/adultes\/wp-content\/uploads\/sites\/2\/2023\/06\/SM-24-1024x684.jpg\" alt=\"\" class=\"wp-image-694\" srcset=\"https:\/\/cssst.gouv.qc.ca\/adultes\/wp-content\/uploads\/sites\/2\/2023\/06\/SM-24-1024x684.jpg 1024w, https:\/\/cssst.gouv.qc.ca\/adultes\/wp-content\/uploads\/sites\/2\/2023\/06\/SM-24-300x200.jpg 300w, https:\/\/cssst.gouv.qc.ca\/adultes\/wp-content\/uploads\/sites\/2\/2023\/06\/SM-24-768x513.jpg 768w, https:\/\/cssst.gouv.qc.ca\/adultes\/wp-content\/uploads\/sites\/2\/2023\/06\/SM-24-1536x1026.jpg 1536w, https:\/\/cssst.gouv.qc.ca\/adultes\/wp-content\/uploads\/sites\/2\/2023\/06\/SM-24-2048x1367.jpg 2048w\" sizes=\"auto, (max-width: 1024px) 100vw, 1024px\" \/><\/figure>\n<\/div>\n\n\n\n<figure class=\"wp-block-image size-full\"><img loading=\"lazy\" decoding=\"async\" width=\"1483\" height=\"992\" src=\"https:\/\/cssst.gouv.qc.ca\/adultes\/wp-content\/uploads\/sites\/2\/2025\/03\/Copie_FGA_CFPEAST.jpg\" alt=\"\" class=\"wp-image-1234\" srcset=\"https:\/\/cssst.gouv.qc.ca\/adultes\/wp-content\/uploads\/sites\/2\/2025\/03\/Copie_FGA_CFPEAST.jpg 1483w, https:\/\/cssst.gouv.qc.ca\/adultes\/wp-content\/uploads\/sites\/2\/2025\/03\/Copie_FGA_CFPEAST-300x201.jpg 300w, https:\/\/cssst.gouv.qc.ca\/adultes\/wp-content\/uploads\/sites\/2\/2025\/03\/Copie_FGA_CFPEAST-1024x685.jpg 1024w, https:\/\/cssst.gouv.qc.ca\/adultes\/wp-content\/uploads\/sites\/2\/2025\/03\/Copie_FGA_CFPEAST-768x514.jpg 768w\" sizes=\"auto, (max-width: 1483px) 100vw, 1483px\" \/><\/figure>\n<\/div>\n<\/div>\n<\/div>\n\n\n\n<p><\/p>\n\n\n\n<div class=\"wp-block-buttons\"><\/div>\n\n\n\n<div class=\"wp-block-group alignwide\">\n<div class=\"wp-block-columns alignwide\">\n<div class=\"wp-block-column\">\n<figure class=\"wp-block-image size-large\"><img loading=\"lazy\" decoding=\"async\" width=\"1024\" height=\"693\" src=\"https:\/\/cssst.gouv.qc.ca\/adultes\/wp-content\/uploads\/sites\/2\/2023\/06\/map-3-centres-1-1024x693.png\" alt=\"\" class=\"wp-image-1099\" srcset=\"https:\/\/cssst.gouv.qc.ca\/adultes\/wp-content\/uploads\/sites\/2\/2023\/06\/map-3-centres-1-1024x693.png 1024w, https:\/\/cssst.gouv.qc.ca\/adultes\/wp-content\/uploads\/sites\/2\/2023\/06\/map-3-centres-1-300x203.png 300w, https:\/\/cssst.gouv.qc.ca\/adultes\/wp-content\/uploads\/sites\/2\/2023\/06\/map-3-centres-1-768x519.png 768w, https:\/\/cssst.gouv.qc.ca\/adultes\/wp-content\/uploads\/sites\/2\/2023\/06\/map-3-centres-1-1536x1039.png 1536w, https:\/\/cssst.gouv.qc.ca\/adultes\/wp-content\/uploads\/sites\/2\/2023\/06\/map-3-centres-1.png 1656w\" sizes=\"auto, (max-width: 1024px) 100vw, 1024px\" \/><\/figure>\n<\/div>\n\n\n\n<div class=\"wp-block-column\">\n<p>Trouver un Centre<\/p>\n\n\n\n<h1 class=\"wp-block-heading\">Utilise notre carte interactive afin de trouver un de nos Centres<\/h1>\n\n\n\n<p><\/p>\n\n\n\n<div class=\"wp-block-buttons\">\n<div class=\"wp-block-button\"><a class=\"wp-block-button__link wp-element-button\" href=\"https:\/\/cssst.gouv.qc.ca\/adultes\/centre\/trouver-un-etablissement\/\">Trouver un Centre  <img loading=\"lazy\" decoding=\"async\" width=\"271\" height=\"141\" class=\"wp-image-1095\" style=\"width: 150px\" src=\"https:\/\/cssst.gouv.qc.ca\/adultes\/wp-content\/uploads\/sites\/2\/2023\/06\/fleche-vers-droite.jpg\" alt=\"\"><\/a><\/div>\n<\/div>\n<\/div>\n<\/div>\n<\/div>\n\n\n\n<p><\/p>\n","protected":false},"excerpt":{"rendered":"<p>\u00c0 propos des CFPEAST Nous sommes l\u00e0 pour toi! Les CFPEAST regroupent l\u2019ensemble des services aux adultes offerts par le Centre de services scolaire de Sorel-Tracy. Ils sont compos\u00e9s de deux \u00e9tablissements : le Centre Bernard-Gari\u00e9py (CBG) et le Centre de formation professionnelle Sorel-Tracy (CFP). Nos centres offrent une vari\u00e9t\u00e9 de formations visant \u00e0 enrichir [&hellip;]<\/p>\n","protected":false},"author":1,"featured_media":0,"parent":175,"menu_order":0,"comment_status":"closed","ping_status":"closed","template":"","meta":{"_acf_changed":false,"inline_featured_image":false,"footnotes":""},"class_list":["post-4","page","type-page","status-publish","hentry"],"acf":[],"yoast_head":"<!-- This site is optimized with the Yoast SEO plugin v27.4 - https:\/\/yoast.com\/product\/yoast-seo-wordpress\/ -->\n<title>Accueil -<\/title>\n<meta name=\"robots\" content=\"index, follow, max-snippet:-1, max-image-preview:large, max-video-preview:-1\" \/>\n<link rel=\"canonical\" href=\"https:\/\/cssst.gouv.qc.ca\/adultes\/\" \/>\n<meta property=\"og:locale\" content=\"fr_CA\" \/>\n<meta property=\"og:type\" content=\"article\" \/>\n<meta property=\"og:title\" content=\"Accueil -\" \/>\n<meta property=\"og:description\" content=\"\u00c0 propos des CFPEAST Nous sommes l\u00e0 pour toi! Les CFPEAST regroupent l\u2019ensemble des services aux adultes offerts par le Centre de services scolaire de Sorel-Tracy. Ils sont compos\u00e9s de deux \u00e9tablissements : le Centre Bernard-Gari\u00e9py (CBG) et le Centre de formation professionnelle Sorel-Tracy (CFP). Nos centres offrent une vari\u00e9t\u00e9 de formations visant \u00e0 enrichir [&hellip;]\" \/>\n<meta property=\"og:url\" content=\"https:\/\/cssst.gouv.qc.ca\/adultes\/\" \/>\n<meta property=\"article:publisher\" content=\"https:\/\/www.facebook.com\/CFPEAST?locale=fr_CA\" \/>\n<meta property=\"article:modified_time\" content=\"2026-02-24T20:41:41+00:00\" \/>\n<meta property=\"og:image\" content=\"https:\/\/cssst.gouv.qc.ca\/adultes\/wp-content\/uploads\/sites\/2\/2026\/02\/Copie_CBG.jpg\" \/>\n\t<meta property=\"og:image:width\" content=\"1009\" \/>\n\t<meta property=\"og:image:height\" content=\"675\" \/>\n\t<meta property=\"og:image:type\" content=\"image\/jpeg\" \/>\n<meta name=\"twitter:card\" content=\"summary_large_image\" \/>\n<meta name=\"twitter:label1\" content=\"Estimation du temps de lecture\" \/>\n\t<meta name=\"twitter:data1\" content=\"3 minutes\" \/>\n<script type=\"application\/ld+json\" class=\"yoast-schema-graph\">{\"@context\":\"https:\\\/\\\/schema.org\",\"@graph\":[{\"@type\":\"WebPage\",\"@id\":\"https:\\\/\\\/cssst.gouv.qc.ca\\\/adultes\\\/\",\"url\":\"https:\\\/\\\/cssst.gouv.qc.ca\\\/adultes\\\/\",\"name\":\"Accueil -\",\"isPartOf\":{\"@id\":\"https:\\\/\\\/cssst.gouv.qc.ca\\\/adultes\\\/#website\"},\"primaryImageOfPage\":{\"@id\":\"https:\\\/\\\/cssst.gouv.qc.ca\\\/adultes\\\/#primaryimage\"},\"image\":{\"@id\":\"https:\\\/\\\/cssst.gouv.qc.ca\\\/adultes\\\/#primaryimage\"},\"thumbnailUrl\":\"https:\\\/\\\/cssst.gouv.qc.ca\\\/adultes\\\/wp-content\\\/uploads\\\/sites\\\/2\\\/2026\\\/02\\\/Copie_CBG.jpg\",\"datePublished\":\"2022-08-14T18:17:54+00:00\",\"dateModified\":\"2026-02-24T20:41:41+00:00\",\"breadcrumb\":{\"@id\":\"https:\\\/\\\/cssst.gouv.qc.ca\\\/adultes\\\/#breadcrumb\"},\"inLanguage\":\"fr-CA\",\"potentialAction\":[{\"@type\":\"ReadAction\",\"target\":[\"https:\\\/\\\/cssst.gouv.qc.ca\\\/adultes\\\/\"]}]},{\"@type\":\"ImageObject\",\"inLanguage\":\"fr-CA\",\"@id\":\"https:\\\/\\\/cssst.gouv.qc.ca\\\/adultes\\\/#primaryimage\",\"url\":\"https:\\\/\\\/cssst.gouv.qc.ca\\\/adultes\\\/wp-content\\\/uploads\\\/sites\\\/2\\\/2026\\\/02\\\/Copie_CBG.jpg\",\"contentUrl\":\"https:\\\/\\\/cssst.gouv.qc.ca\\\/adultes\\\/wp-content\\\/uploads\\\/sites\\\/2\\\/2026\\\/02\\\/Copie_CBG.jpg\",\"width\":1009,\"height\":675},{\"@type\":\"BreadcrumbList\",\"@id\":\"https:\\\/\\\/cssst.gouv.qc.ca\\\/adultes\\\/#breadcrumb\",\"itemListElement\":[{\"@type\":\"ListItem\",\"position\":1,\"name\":\"Accueil\",\"item\":\"https:\\\/\\\/cssst.gouv.qc.ca\\\/adultes\\\/\"},{\"@type\":\"ListItem\",\"position\":2,\"name\":\"Formation professionnelle\",\"item\":\"https:\\\/\\\/cssst.gouv.qc.ca\\\/adultes\\\/formation-professionnelle\\\/\"},{\"@type\":\"ListItem\",\"position\":3,\"name\":\"Accueil\"}]},{\"@type\":\"WebSite\",\"@id\":\"https:\\\/\\\/cssst.gouv.qc.ca\\\/adultes\\\/#website\",\"url\":\"https:\\\/\\\/cssst.gouv.qc.ca\\\/adultes\\\/\",\"name\":\"\",\"description\":\"\",\"potentialAction\":[{\"@type\":\"SearchAction\",\"target\":{\"@type\":\"EntryPoint\",\"urlTemplate\":\"https:\\\/\\\/cssst.gouv.qc.ca\\\/adultes\\\/?s={search_term_string}\"},\"query-input\":{\"@type\":\"PropertyValueSpecification\",\"valueRequired\":true,\"valueName\":\"search_term_string\"}}],\"inLanguage\":\"fr-CA\"}]}<\/script>\n<!-- \/ Yoast SEO plugin. -->","yoast_head_json":{"title":"Accueil -","robots":{"index":"index","follow":"follow","max-snippet":"max-snippet:-1","max-image-preview":"max-image-preview:large","max-video-preview":"max-video-preview:-1"},"canonical":"https:\/\/cssst.gouv.qc.ca\/adultes\/","og_locale":"fr_CA","og_type":"article","og_title":"Accueil -","og_description":"\u00c0 propos des CFPEAST Nous sommes l\u00e0 pour toi! Les CFPEAST regroupent l\u2019ensemble des services aux adultes offerts par le Centre de services scolaire de Sorel-Tracy. Ils sont compos\u00e9s de deux \u00e9tablissements : le Centre Bernard-Gari\u00e9py (CBG) et le Centre de formation professionnelle Sorel-Tracy (CFP). Nos centres offrent une vari\u00e9t\u00e9 de formations visant \u00e0 enrichir [&hellip;]","og_url":"https:\/\/cssst.gouv.qc.ca\/adultes\/","article_publisher":"https:\/\/www.facebook.com\/CFPEAST?locale=fr_CA","article_modified_time":"2026-02-24T20:41:41+00:00","og_image":[{"width":1009,"height":675,"url":"https:\/\/cssst.gouv.qc.ca\/adultes\/wp-content\/uploads\/sites\/2\/2026\/02\/Copie_CBG.jpg","type":"image\/jpeg"}],"twitter_card":"summary_large_image","twitter_misc":{"Estimation du temps de lecture":"3 minutes"},"schema":{"@context":"https:\/\/schema.org","@graph":[{"@type":"WebPage","@id":"https:\/\/cssst.gouv.qc.ca\/adultes\/","url":"https:\/\/cssst.gouv.qc.ca\/adultes\/","name":"Accueil -","isPartOf":{"@id":"https:\/\/cssst.gouv.qc.ca\/adultes\/#website"},"primaryImageOfPage":{"@id":"https:\/\/cssst.gouv.qc.ca\/adultes\/#primaryimage"},"image":{"@id":"https:\/\/cssst.gouv.qc.ca\/adultes\/#primaryimage"},"thumbnailUrl":"https:\/\/cssst.gouv.qc.ca\/adultes\/wp-content\/uploads\/sites\/2\/2026\/02\/Copie_CBG.jpg","datePublished":"2022-08-14T18:17:54+00:00","dateModified":"2026-02-24T20:41:41+00:00","breadcrumb":{"@id":"https:\/\/cssst.gouv.qc.ca\/adultes\/#breadcrumb"},"inLanguage":"fr-CA","potentialAction":[{"@type":"ReadAction","target":["https:\/\/cssst.gouv.qc.ca\/adultes\/"]}]},{"@type":"ImageObject","inLanguage":"fr-CA","@id":"https:\/\/cssst.gouv.qc.ca\/adultes\/#primaryimage","url":"https:\/\/cssst.gouv.qc.ca\/adultes\/wp-content\/uploads\/sites\/2\/2026\/02\/Copie_CBG.jpg","contentUrl":"https:\/\/cssst.gouv.qc.ca\/adultes\/wp-content\/uploads\/sites\/2\/2026\/02\/Copie_CBG.jpg","width":1009,"height":675},{"@type":"BreadcrumbList","@id":"https:\/\/cssst.gouv.qc.ca\/adultes\/#breadcrumb","itemListElement":[{"@type":"ListItem","position":1,"name":"Accueil","item":"https:\/\/cssst.gouv.qc.ca\/adultes\/"},{"@type":"ListItem","position":2,"name":"Formation professionnelle","item":"https:\/\/cssst.gouv.qc.ca\/adultes\/formation-professionnelle\/"},{"@type":"ListItem","position":3,"name":"Accueil"}]},{"@type":"WebSite","@id":"https:\/\/cssst.gouv.qc.ca\/adultes\/#website","url":"https:\/\/cssst.gouv.qc.ca\/adultes\/","name":"","description":"","potentialAction":[{"@type":"SearchAction","target":{"@type":"EntryPoint","urlTemplate":"https:\/\/cssst.gouv.qc.ca\/adultes\/?s={search_term_string}"},"query-input":{"@type":"PropertyValueSpecification","valueRequired":true,"valueName":"search_term_string"}}],"inLanguage":"fr-CA"}]}},"_links":{"self":[{"href":"https:\/\/cssst.gouv.qc.ca\/adultes\/wp-json\/wp\/v2\/pages\/4","targetHints":{"allow":["GET"]}}],"collection":[{"href":"https:\/\/cssst.gouv.qc.ca\/adultes\/wp-json\/wp\/v2\/pages"}],"about":[{"href":"https:\/\/cssst.gouv.qc.ca\/adultes\/wp-json\/wp\/v2\/types\/page"}],"author":[{"embeddable":true,"href":"https:\/\/cssst.gouv.qc.ca\/adultes\/wp-json\/wp\/v2\/users\/1"}],"replies":[{"embeddable":true,"href":"https:\/\/cssst.gouv.qc.ca\/adultes\/wp-json\/wp\/v2\/comments?post=4"}],"version-history":[{"count":0,"href":"https:\/\/cssst.gouv.qc.ca\/adultes\/wp-json\/wp\/v2\/pages\/4\/revisions"}],"up":[{"embeddable":true,"href":"https:\/\/cssst.gouv.qc.ca\/adultes\/wp-json\/wp\/v2\/pages\/175"}],"wp:attachment":[{"href":"https:\/\/cssst.gouv.qc.ca\/adultes\/wp-json\/wp\/v2\/media?parent=4"}],"curies":[{"name":"wp","href":"https:\/\/api.w.org\/{rel}","templated":true}]}}