{"id":3384,"date":"2026-03-26T15:01:57","date_gmt":"2026-03-26T15:01:57","guid":{"rendered":"https:\/\/cssst.gouv.qc.ca\/adultes\/?page_id=3384"},"modified":"2026-03-26T15:02:42","modified_gmt":"2026-03-26T15:02:42","slug":"code-de-vie-des-cfpeast","status":"publish","type":"page","link":"https:\/\/cssst.gouv.qc.ca\/adultes\/services-a-leleve\/code-de-vie-des-cfpeast\/","title":{"rendered":"Code de vie des CFPEAST"},"content":{"rendered":"\n<div class=\"wp-block-group alignfull has-padding-y-large has-tertiary-background-color has-background\"><div class=\"yoast-breadcrumbs alignwide \"><span class=\"breadcrumbs\"><a href=\"https:\/\/cssst.gouv.qc.ca\/adultes\/\" class=\"breadcrumbs__element\">Accueil<\/a> <span class=\"breadcrumbs__separator\">\n        <svg class=\"icon icon-breadcrumb__separator\"><use xlink:href=\"#icon-breadcrumb__separator\"><\/use><\/svg>\n    <\/span> <a href=\"https:\/\/cssst.gouv.qc.ca\/adultes\/services-a-leleve\/\" class=\"breadcrumbs__element\">Services \u00e0 l&rsquo;\u00e9l\u00e8ve<\/a> <span class=\"breadcrumbs__separator\">\n        <svg class=\"icon icon-breadcrumb__separator\"><use xlink:href=\"#icon-breadcrumb__separator\"><\/use><\/svg>\n    <\/span> <span class=\"breadcrumbs__element breadcrumbs__element-current\">Code de vie des CFPEAST<\/span><\/span><\/div><\/div>\n\n\n\n<h1 class=\"wp-block-heading\">Code de vie des CFPEAST <\/h1>\n\n\n\n\n<p class=\"act-lead\">Pour consulter l&rsquo;ensemble des r\u00e8glements li\u00e9s au code de vie des CFPEAST, veuillez vous r\u00e9f\u00e9rer au document ci-dessous: <\/p>\n\n\n\n\n<div class=\"wp-block-file\"><a id=\"wp-block-file--media-08b4643f-42d0-4d98-a1c1-740ca998ed86\" href=\"https:\/\/cssst.gouv.qc.ca\/adultes\/wp-content\/uploads\/sites\/2\/2026\/03\/Code-de-vie-2026-CFPEAST-1-2.pdf\">Code de vie 2026 CFPEAST <\/a><a href=\"https:\/\/cssst.gouv.qc.ca\/adultes\/wp-content\/uploads\/sites\/2\/2026\/03\/Code-de-vie-2026-CFPEAST-1-2.pdf\" class=\"wp-block-file__button wp-element-button\" download aria-describedby=\"wp-block-file--media-08b4643f-42d0-4d98-a1c1-740ca998ed86\">T\u00e9l\u00e9charger<\/a><\/div>\n","protected":false},"excerpt":{"rendered":"<p>Code de vie des CFPEAST<\/p>\n","protected":false},"author":50,"featured_media":0,"parent":214,"menu_order":0,"comment_status":"closed","ping_status":"closed","template":"","meta":{"_acf_changed":false,"inline_featured_image":false,"footnotes":""},"class_list":["post-3384","page","type-page","status-publish","hentry"],"acf":[],"yoast_head":"<!-- This site is optimized with the Yoast SEO plugin v27.6 - https:\/\/yoast.com\/product\/yoast-seo-wordpress\/ -->\n<title>Code de vie des CFPEAST -<\/title>\n<meta name=\"robots\" content=\"index, follow, max-snippet:-1, max-image-preview:large, max-video-preview:-1\" \/>\n<link rel=\"canonical\" href=\"https:\/\/cssst.gouv.qc.ca\/adultes\/services-a-leleve\/code-de-vie-des-cfpeast\/\" \/>\n<meta property=\"og:locale\" content=\"fr_CA\" \/>\n<meta property=\"og:type\" content=\"article\" \/>\n<meta property=\"og:title\" content=\"Code de vie des CFPEAST -\" \/>\n<meta property=\"og:description\" content=\"Code de vie des CFPEAST\" \/>\n<meta property=\"og:url\" content=\"https:\/\/cssst.gouv.qc.ca\/adultes\/services-a-leleve\/code-de-vie-des-cfpeast\/\" \/>\n<meta property=\"article:publisher\" content=\"https:\/\/www.facebook.com\/CFPEAST?locale=fr_CA\" \/>\n<meta property=\"article:modified_time\" content=\"2026-03-26T15:02:42+00:00\" \/>\n<meta name=\"twitter:card\" content=\"summary_large_image\" \/>\n<meta name=\"twitter:label1\" content=\"Estimation du temps de lecture\" \/>\n\t<meta name=\"twitter:data1\" content=\"1 minute\" \/>\n<script type=\"application\/ld+json\" class=\"yoast-schema-graph\">{\"@context\":\"https:\\\/\\\/schema.org\",\"@graph\":[{\"@type\":\"WebPage\",\"@id\":\"https:\\\/\\\/cssst.gouv.qc.ca\\\/adultes\\\/services-a-leleve\\\/code-de-vie-des-cfpeast\\\/\",\"url\":\"https:\\\/\\\/cssst.gouv.qc.ca\\\/adultes\\\/services-a-leleve\\\/code-de-vie-des-cfpeast\\\/\",\"name\":\"Code de vie des CFPEAST -\",\"isPartOf\":{\"@id\":\"https:\\\/\\\/cssst.gouv.qc.ca\\\/adultes\\\/#website\"},\"datePublished\":\"2026-03-26T15:01:57+00:00\",\"dateModified\":\"2026-03-26T15:02:42+00:00\",\"breadcrumb\":{\"@id\":\"https:\\\/\\\/cssst.gouv.qc.ca\\\/adultes\\\/services-a-leleve\\\/code-de-vie-des-cfpeast\\\/#breadcrumb\"},\"inLanguage\":\"fr-CA\",\"potentialAction\":[{\"@type\":\"ReadAction\",\"target\":[\"https:\\\/\\\/cssst.gouv.qc.ca\\\/adultes\\\/services-a-leleve\\\/code-de-vie-des-cfpeast\\\/\"]}]},{\"@type\":\"BreadcrumbList\",\"@id\":\"https:\\\/\\\/cssst.gouv.qc.ca\\\/adultes\\\/services-a-leleve\\\/code-de-vie-des-cfpeast\\\/#breadcrumb\",\"itemListElement\":[{\"@type\":\"ListItem\",\"position\":1,\"name\":\"Accueil\",\"item\":\"https:\\\/\\\/cssst.gouv.qc.ca\\\/adultes\\\/\"},{\"@type\":\"ListItem\",\"position\":2,\"name\":\"Services \u00e0 l&rsquo;\u00e9l\u00e8ve\",\"item\":\"https:\\\/\\\/cssst.gouv.qc.ca\\\/adultes\\\/services-a-leleve\\\/\"},{\"@type\":\"ListItem\",\"position\":3,\"name\":\"Code de vie des CFPEAST\"}]},{\"@type\":\"WebSite\",\"@id\":\"https:\\\/\\\/cssst.gouv.qc.ca\\\/adultes\\\/#website\",\"url\":\"https:\\\/\\\/cssst.gouv.qc.ca\\\/adultes\\\/\",\"name\":\"\",\"description\":\"\",\"potentialAction\":[{\"@type\":\"SearchAction\",\"target\":{\"@type\":\"EntryPoint\",\"urlTemplate\":\"https:\\\/\\\/cssst.gouv.qc.ca\\\/adultes\\\/?s={search_term_string}\"},\"query-input\":{\"@type\":\"PropertyValueSpecification\",\"valueRequired\":true,\"valueName\":\"search_term_string\"}}],\"inLanguage\":\"fr-CA\"}]}<\/script>\n<!-- \/ Yoast SEO plugin. -->","yoast_head_json":{"title":"Code de vie des CFPEAST -","robots":{"index":"index","follow":"follow","max-snippet":"max-snippet:-1","max-image-preview":"max-image-preview:large","max-video-preview":"max-video-preview:-1"},"canonical":"https:\/\/cssst.gouv.qc.ca\/adultes\/services-a-leleve\/code-de-vie-des-cfpeast\/","og_locale":"fr_CA","og_type":"article","og_title":"Code de vie des CFPEAST -","og_description":"Code de vie des CFPEAST","og_url":"https:\/\/cssst.gouv.qc.ca\/adultes\/services-a-leleve\/code-de-vie-des-cfpeast\/","article_publisher":"https:\/\/www.facebook.com\/CFPEAST?locale=fr_CA","article_modified_time":"2026-03-26T15:02:42+00:00","twitter_card":"summary_large_image","twitter_misc":{"Estimation du temps de lecture":"1 minute"},"schema":{"@context":"https:\/\/schema.org","@graph":[{"@type":"WebPage","@id":"https:\/\/cssst.gouv.qc.ca\/adultes\/services-a-leleve\/code-de-vie-des-cfpeast\/","url":"https:\/\/cssst.gouv.qc.ca\/adultes\/services-a-leleve\/code-de-vie-des-cfpeast\/","name":"Code de vie des CFPEAST -","isPartOf":{"@id":"https:\/\/cssst.gouv.qc.ca\/adultes\/#website"},"datePublished":"2026-03-26T15:01:57+00:00","dateModified":"2026-03-26T15:02:42+00:00","breadcrumb":{"@id":"https:\/\/cssst.gouv.qc.ca\/adultes\/services-a-leleve\/code-de-vie-des-cfpeast\/#breadcrumb"},"inLanguage":"fr-CA","potentialAction":[{"@type":"ReadAction","target":["https:\/\/cssst.gouv.qc.ca\/adultes\/services-a-leleve\/code-de-vie-des-cfpeast\/"]}]},{"@type":"BreadcrumbList","@id":"https:\/\/cssst.gouv.qc.ca\/adultes\/services-a-leleve\/code-de-vie-des-cfpeast\/#breadcrumb","itemListElement":[{"@type":"ListItem","position":1,"name":"Accueil","item":"https:\/\/cssst.gouv.qc.ca\/adultes\/"},{"@type":"ListItem","position":2,"name":"Services \u00e0 l&rsquo;\u00e9l\u00e8ve","item":"https:\/\/cssst.gouv.qc.ca\/adultes\/services-a-leleve\/"},{"@type":"ListItem","position":3,"name":"Code de vie des CFPEAST"}]},{"@type":"WebSite","@id":"https:\/\/cssst.gouv.qc.ca\/adultes\/#website","url":"https:\/\/cssst.gouv.qc.ca\/adultes\/","name":"","description":"","potentialAction":[{"@type":"SearchAction","target":{"@type":"EntryPoint","urlTemplate":"https:\/\/cssst.gouv.qc.ca\/adultes\/?s={search_term_string}"},"query-input":{"@type":"PropertyValueSpecification","valueRequired":true,"valueName":"search_term_string"}}],"inLanguage":"fr-CA"}]}},"_links":{"self":[{"href":"https:\/\/cssst.gouv.qc.ca\/adultes\/wp-json\/wp\/v2\/pages\/3384","targetHints":{"allow":["GET"]}}],"collection":[{"href":"https:\/\/cssst.gouv.qc.ca\/adultes\/wp-json\/wp\/v2\/pages"}],"about":[{"href":"https:\/\/cssst.gouv.qc.ca\/adultes\/wp-json\/wp\/v2\/types\/page"}],"author":[{"embeddable":true,"href":"https:\/\/cssst.gouv.qc.ca\/adultes\/wp-json\/wp\/v2\/users\/50"}],"replies":[{"embeddable":true,"href":"https:\/\/cssst.gouv.qc.ca\/adultes\/wp-json\/wp\/v2\/comments?post=3384"}],"version-history":[{"count":0,"href":"https:\/\/cssst.gouv.qc.ca\/adultes\/wp-json\/wp\/v2\/pages\/3384\/revisions"}],"up":[{"embeddable":true,"href":"https:\/\/cssst.gouv.qc.ca\/adultes\/wp-json\/wp\/v2\/pages\/214"}],"wp:attachment":[{"href":"https:\/\/cssst.gouv.qc.ca\/adultes\/wp-json\/wp\/v2\/media?parent=3384"}],"curies":[{"name":"wp","href":"https:\/\/api.w.org\/{rel}","templated":true}]}}