{"id":2990,"date":"2025-05-13T14:29:16","date_gmt":"2025-05-13T14:29:16","guid":{"rendered":"https:\/\/cssst.gouv.qc.ca\/adultes\/?page_id=2990"},"modified":"2026-04-09T15:59:31","modified_gmt":"2026-04-09T15:59:31","slug":"eleves-internationaux","status":"publish","type":"page","link":"https:\/\/cssst.gouv.qc.ca\/adultes\/eleves-internationaux\/","title":{"rendered":"\u00c9l\u00e8ves internationaux"},"content":{"rendered":"\n<div class=\"wp-block-cover alignfull\"><img loading=\"lazy\" decoding=\"async\" width=\"1024\" height=\"683\" class=\"wp-block-cover__image-background wp-image-2954 size-large\" alt=\"\" src=\"https:\/\/cssst.gouv.qc.ca\/adultes\/wp-content\/uploads\/sites\/2\/2025\/05\/AYA05775-1024x683.jpg\" style=\"object-position:52% 14%\" data-object-fit=\"cover\" data-object-position=\"52% 14%\" srcset=\"https:\/\/cssst.gouv.qc.ca\/adultes\/wp-content\/uploads\/sites\/2\/2025\/05\/AYA05775-1024x683.jpg 1024w, https:\/\/cssst.gouv.qc.ca\/adultes\/wp-content\/uploads\/sites\/2\/2025\/05\/AYA05775-300x200.jpg 300w, https:\/\/cssst.gouv.qc.ca\/adultes\/wp-content\/uploads\/sites\/2\/2025\/05\/AYA05775-768x512.jpg 768w, https:\/\/cssst.gouv.qc.ca\/adultes\/wp-content\/uploads\/sites\/2\/2025\/05\/AYA05775-1536x1025.jpg 1536w, https:\/\/cssst.gouv.qc.ca\/adultes\/wp-content\/uploads\/sites\/2\/2025\/05\/AYA05775-2048x1366.jpg 2048w\" sizes=\"auto, (max-width: 1024px) 100vw, 1024px\" \/><span aria-hidden=\"true\" class=\"wp-block-cover__background has-background-dim\" style=\"background-color:#716862\"><\/span><div class=\"wp-block-cover__inner-container\">\n<h2 class=\"wp-block-heading alignfull has-text-align-center has-large-font-size\">\u00c9l\u00e8ves internationaux<\/h2>\n<\/div><\/div>\n\n\n\n<div class=\"wp-block-group alignfull has-padding-y-large has-tertiary-background-color has-background\"><div class=\"yoast-breadcrumbs alignwide \"><span class=\"breadcrumbs\"><a href=\"https:\/\/cssst.gouv.qc.ca\/adultes\/\" class=\"breadcrumbs__element\">Accueil<\/a> <span class=\"breadcrumbs__separator\">\n        <svg class=\"icon icon-breadcrumb__separator\"><use xlink:href=\"#icon-breadcrumb__separator\"><\/use><\/svg>\n    <\/span> <span class=\"breadcrumbs__element breadcrumbs__element-current\">\u00c9l\u00e8ves internationaux<\/span><\/span><\/div><\/div>\n\n\n\n<p>\ud83d\udc49<a href=\"https:\/\/cssst.gouv.qc.ca\/adultes\/wp-content\/uploads\/sites\/2\/2026\/04\/3-Procedures-E-I-MAI-2025-1.pdf\">Information et proc\u00e9dure d&rsquo;inscription pour les \u00e9l\u00e8ves \u00e9trangers d\u00e9sirant \u00e9tudier au Qu\u00e9bec<\/a><br><br>\ud83d\udc49 <a href=\"https:\/\/www.quebec.ca\/education\/etudier-quebec\">\u00c9tudier au Qu\u00e9bec<\/a><br><br>\ud83d\udc49 <a href=\"https:\/\/immigrantquebec.com\/fr\/preparer\/etudier-au-quebec\/etudier-en-formation-professionnelle-ou-technique-2\/\">\u00c9tudier en formation professionnelle et vivre au Qu\u00e9bec<\/a><\/p>\n\n\n\n<div style=\"height:14px\" aria-hidden=\"true\" class=\"wp-block-spacer\"><\/div>\n\n\n\n<p>\ud83d\udccc <strong>Veuillez noter que des frais de 11,30 $ s&rsquo;appliquent pour l&rsquo;admission sur la plateforme Admission FP, ainsi que des frais de traitement de dossier de 250 $ pour les \u00e9l\u00e8ves internationaux. Ces frais sont obligatoires et non remboursables.<\/strong><\/p>\n","protected":false},"excerpt":{"rendered":"<p>\ud83d\udc49Information et proc\u00e9dure d&rsquo;inscription pour les \u00e9l\u00e8ves \u00e9trangers d\u00e9sirant \u00e9tudier au Qu\u00e9bec \ud83d\udc49 \u00c9tudier au Qu\u00e9bec \ud83d\udc49 \u00c9tudier en formation professionnelle et vivre au Qu\u00e9bec \ud83d\udccc Veuillez noter que des frais de 11,30 $ s&rsquo;appliquent pour l&rsquo;admission sur la plateforme Admission FP, ainsi que des frais de traitement de dossier de 250 $ pour les [&hellip;]<\/p>\n","protected":false},"author":50,"featured_media":0,"parent":0,"menu_order":90,"comment_status":"closed","ping_status":"closed","template":"","meta":{"_acf_changed":false,"inline_featured_image":false,"footnotes":""},"class_list":["post-2990","page","type-page","status-publish","hentry"],"acf":[],"yoast_head":"<!-- This site is optimized with the Yoast SEO plugin v27.4 - https:\/\/yoast.com\/product\/yoast-seo-wordpress\/ -->\n<title>\u00c9l\u00e8ves internationaux -<\/title>\n<meta name=\"robots\" content=\"index, follow, max-snippet:-1, max-image-preview:large, max-video-preview:-1\" \/>\n<link rel=\"canonical\" href=\"https:\/\/cssst.gouv.qc.ca\/adultes\/eleves-internationaux\/\" \/>\n<meta property=\"og:locale\" content=\"fr_CA\" \/>\n<meta property=\"og:type\" content=\"article\" \/>\n<meta property=\"og:title\" content=\"\u00c9l\u00e8ves internationaux -\" \/>\n<meta property=\"og:description\" content=\"\ud83d\udc49Information et proc\u00e9dure d&rsquo;inscription pour les \u00e9l\u00e8ves \u00e9trangers d\u00e9sirant \u00e9tudier au Qu\u00e9bec \ud83d\udc49 \u00c9tudier au Qu\u00e9bec \ud83d\udc49 \u00c9tudier en formation professionnelle et vivre au Qu\u00e9bec \ud83d\udccc Veuillez noter que des frais de 11,30 $ s&rsquo;appliquent pour l&rsquo;admission sur la plateforme Admission FP, ainsi que des frais de traitement de dossier de 250 $ pour les [&hellip;]\" \/>\n<meta property=\"og:url\" content=\"https:\/\/cssst.gouv.qc.ca\/adultes\/eleves-internationaux\/\" \/>\n<meta property=\"article:publisher\" content=\"https:\/\/www.facebook.com\/CFPEAST?locale=fr_CA\" \/>\n<meta property=\"article:modified_time\" content=\"2026-04-09T15:59:31+00:00\" \/>\n<meta property=\"og:image\" content=\"https:\/\/cssst.gouv.qc.ca\/adultes\/wp-content\/uploads\/sites\/2\/2025\/05\/AYA05775-scaled.jpg\" \/>\n\t<meta property=\"og:image:width\" content=\"2560\" \/>\n\t<meta property=\"og:image:height\" content=\"1708\" \/>\n\t<meta property=\"og:image:type\" content=\"image\/jpeg\" \/>\n<meta name=\"twitter:card\" content=\"summary_large_image\" \/>\n<meta name=\"twitter:label1\" content=\"Estimation du temps de lecture\" \/>\n\t<meta name=\"twitter:data1\" content=\"1 minute\" \/>\n<script type=\"application\/ld+json\" class=\"yoast-schema-graph\">{\"@context\":\"https:\\\/\\\/schema.org\",\"@graph\":[{\"@type\":\"WebPage\",\"@id\":\"https:\\\/\\\/cssst.gouv.qc.ca\\\/adultes\\\/eleves-internationaux\\\/\",\"url\":\"https:\\\/\\\/cssst.gouv.qc.ca\\\/adultes\\\/eleves-internationaux\\\/\",\"name\":\"\u00c9l\u00e8ves internationaux -\",\"isPartOf\":{\"@id\":\"https:\\\/\\\/cssst.gouv.qc.ca\\\/adultes\\\/#website\"},\"primaryImageOfPage\":{\"@id\":\"https:\\\/\\\/cssst.gouv.qc.ca\\\/adultes\\\/eleves-internationaux\\\/#primaryimage\"},\"image\":{\"@id\":\"https:\\\/\\\/cssst.gouv.qc.ca\\\/adultes\\\/eleves-internationaux\\\/#primaryimage\"},\"thumbnailUrl\":\"https:\\\/\\\/cssst.gouv.qc.ca\\\/adultes\\\/wp-content\\\/uploads\\\/sites\\\/2\\\/2025\\\/05\\\/AYA05775-1024x683.jpg\",\"datePublished\":\"2025-05-13T14:29:16+00:00\",\"dateModified\":\"2026-04-09T15:59:31+00:00\",\"breadcrumb\":{\"@id\":\"https:\\\/\\\/cssst.gouv.qc.ca\\\/adultes\\\/eleves-internationaux\\\/#breadcrumb\"},\"inLanguage\":\"fr-CA\",\"potentialAction\":[{\"@type\":\"ReadAction\",\"target\":[\"https:\\\/\\\/cssst.gouv.qc.ca\\\/adultes\\\/eleves-internationaux\\\/\"]}]},{\"@type\":\"ImageObject\",\"inLanguage\":\"fr-CA\",\"@id\":\"https:\\\/\\\/cssst.gouv.qc.ca\\\/adultes\\\/eleves-internationaux\\\/#primaryimage\",\"url\":\"https:\\\/\\\/cssst.gouv.qc.ca\\\/adultes\\\/wp-content\\\/uploads\\\/sites\\\/2\\\/2025\\\/05\\\/AYA05775-scaled.jpg\",\"contentUrl\":\"https:\\\/\\\/cssst.gouv.qc.ca\\\/adultes\\\/wp-content\\\/uploads\\\/sites\\\/2\\\/2025\\\/05\\\/AYA05775-scaled.jpg\",\"width\":2560,\"height\":1708},{\"@type\":\"BreadcrumbList\",\"@id\":\"https:\\\/\\\/cssst.gouv.qc.ca\\\/adultes\\\/eleves-internationaux\\\/#breadcrumb\",\"itemListElement\":[{\"@type\":\"ListItem\",\"position\":1,\"name\":\"Accueil\",\"item\":\"https:\\\/\\\/cssst.gouv.qc.ca\\\/adultes\\\/\"},{\"@type\":\"ListItem\",\"position\":2,\"name\":\"\u00c9l\u00e8ves internationaux\"}]},{\"@type\":\"WebSite\",\"@id\":\"https:\\\/\\\/cssst.gouv.qc.ca\\\/adultes\\\/#website\",\"url\":\"https:\\\/\\\/cssst.gouv.qc.ca\\\/adultes\\\/\",\"name\":\"\",\"description\":\"\",\"potentialAction\":[{\"@type\":\"SearchAction\",\"target\":{\"@type\":\"EntryPoint\",\"urlTemplate\":\"https:\\\/\\\/cssst.gouv.qc.ca\\\/adultes\\\/?s={search_term_string}\"},\"query-input\":{\"@type\":\"PropertyValueSpecification\",\"valueRequired\":true,\"valueName\":\"search_term_string\"}}],\"inLanguage\":\"fr-CA\"}]}<\/script>\n<!-- \/ Yoast SEO plugin. -->","yoast_head_json":{"title":"\u00c9l\u00e8ves internationaux -","robots":{"index":"index","follow":"follow","max-snippet":"max-snippet:-1","max-image-preview":"max-image-preview:large","max-video-preview":"max-video-preview:-1"},"canonical":"https:\/\/cssst.gouv.qc.ca\/adultes\/eleves-internationaux\/","og_locale":"fr_CA","og_type":"article","og_title":"\u00c9l\u00e8ves internationaux -","og_description":"\ud83d\udc49Information et proc\u00e9dure d&rsquo;inscription pour les \u00e9l\u00e8ves \u00e9trangers d\u00e9sirant \u00e9tudier au Qu\u00e9bec \ud83d\udc49 \u00c9tudier au Qu\u00e9bec \ud83d\udc49 \u00c9tudier en formation professionnelle et vivre au Qu\u00e9bec \ud83d\udccc Veuillez noter que des frais de 11,30 $ s&rsquo;appliquent pour l&rsquo;admission sur la plateforme Admission FP, ainsi que des frais de traitement de dossier de 250 $ pour les [&hellip;]","og_url":"https:\/\/cssst.gouv.qc.ca\/adultes\/eleves-internationaux\/","article_publisher":"https:\/\/www.facebook.com\/CFPEAST?locale=fr_CA","article_modified_time":"2026-04-09T15:59:31+00:00","og_image":[{"width":2560,"height":1708,"url":"https:\/\/cssst.gouv.qc.ca\/adultes\/wp-content\/uploads\/sites\/2\/2025\/05\/AYA05775-scaled.jpg","type":"image\/jpeg"}],"twitter_card":"summary_large_image","twitter_misc":{"Estimation du temps de lecture":"1 minute"},"schema":{"@context":"https:\/\/schema.org","@graph":[{"@type":"WebPage","@id":"https:\/\/cssst.gouv.qc.ca\/adultes\/eleves-internationaux\/","url":"https:\/\/cssst.gouv.qc.ca\/adultes\/eleves-internationaux\/","name":"\u00c9l\u00e8ves internationaux -","isPartOf":{"@id":"https:\/\/cssst.gouv.qc.ca\/adultes\/#website"},"primaryImageOfPage":{"@id":"https:\/\/cssst.gouv.qc.ca\/adultes\/eleves-internationaux\/#primaryimage"},"image":{"@id":"https:\/\/cssst.gouv.qc.ca\/adultes\/eleves-internationaux\/#primaryimage"},"thumbnailUrl":"https:\/\/cssst.gouv.qc.ca\/adultes\/wp-content\/uploads\/sites\/2\/2025\/05\/AYA05775-1024x683.jpg","datePublished":"2025-05-13T14:29:16+00:00","dateModified":"2026-04-09T15:59:31+00:00","breadcrumb":{"@id":"https:\/\/cssst.gouv.qc.ca\/adultes\/eleves-internationaux\/#breadcrumb"},"inLanguage":"fr-CA","potentialAction":[{"@type":"ReadAction","target":["https:\/\/cssst.gouv.qc.ca\/adultes\/eleves-internationaux\/"]}]},{"@type":"ImageObject","inLanguage":"fr-CA","@id":"https:\/\/cssst.gouv.qc.ca\/adultes\/eleves-internationaux\/#primaryimage","url":"https:\/\/cssst.gouv.qc.ca\/adultes\/wp-content\/uploads\/sites\/2\/2025\/05\/AYA05775-scaled.jpg","contentUrl":"https:\/\/cssst.gouv.qc.ca\/adultes\/wp-content\/uploads\/sites\/2\/2025\/05\/AYA05775-scaled.jpg","width":2560,"height":1708},{"@type":"BreadcrumbList","@id":"https:\/\/cssst.gouv.qc.ca\/adultes\/eleves-internationaux\/#breadcrumb","itemListElement":[{"@type":"ListItem","position":1,"name":"Accueil","item":"https:\/\/cssst.gouv.qc.ca\/adultes\/"},{"@type":"ListItem","position":2,"name":"\u00c9l\u00e8ves internationaux"}]},{"@type":"WebSite","@id":"https:\/\/cssst.gouv.qc.ca\/adultes\/#website","url":"https:\/\/cssst.gouv.qc.ca\/adultes\/","name":"","description":"","potentialAction":[{"@type":"SearchAction","target":{"@type":"EntryPoint","urlTemplate":"https:\/\/cssst.gouv.qc.ca\/adultes\/?s={search_term_string}"},"query-input":{"@type":"PropertyValueSpecification","valueRequired":true,"valueName":"search_term_string"}}],"inLanguage":"fr-CA"}]}},"_links":{"self":[{"href":"https:\/\/cssst.gouv.qc.ca\/adultes\/wp-json\/wp\/v2\/pages\/2990","targetHints":{"allow":["GET"]}}],"collection":[{"href":"https:\/\/cssst.gouv.qc.ca\/adultes\/wp-json\/wp\/v2\/pages"}],"about":[{"href":"https:\/\/cssst.gouv.qc.ca\/adultes\/wp-json\/wp\/v2\/types\/page"}],"author":[{"embeddable":true,"href":"https:\/\/cssst.gouv.qc.ca\/adultes\/wp-json\/wp\/v2\/users\/50"}],"replies":[{"embeddable":true,"href":"https:\/\/cssst.gouv.qc.ca\/adultes\/wp-json\/wp\/v2\/comments?post=2990"}],"version-history":[{"count":0,"href":"https:\/\/cssst.gouv.qc.ca\/adultes\/wp-json\/wp\/v2\/pages\/2990\/revisions"}],"wp:attachment":[{"href":"https:\/\/cssst.gouv.qc.ca\/adultes\/wp-json\/wp\/v2\/media?parent=2990"}],"curies":[{"name":"wp","href":"https:\/\/api.w.org\/{rel}","templated":true}]}}