{"id":238,"date":"2023-02-06T17:59:39","date_gmt":"2023-02-06T17:59:39","guid":{"rendered":"https:\/\/cssst.gouv.qc.ca\/adultes\/services-a-leleve\/stationnement\/"},"modified":"2025-04-24T20:45:51","modified_gmt":"2025-04-24T20:45:51","slug":"stationnement","status":"publish","type":"page","link":"https:\/\/cssst.gouv.qc.ca\/adultes\/services-a-leleve\/stationnement\/","title":{"rendered":"Stationnement"},"content":{"rendered":"\n<div class=\"wp-block-cover alignfull\"><span aria-hidden=\"true\" class=\"wp-block-cover__background has-background-dim\" style=\"background-color:#587082\"><\/span><img loading=\"lazy\" decoding=\"async\" width=\"2560\" height=\"1388\" class=\"wp-block-cover__image-background wp-image-2593\" alt=\"\" src=\"https:\/\/cssst.gouv.qc.ca\/adultes\/wp-content\/uploads\/sites\/2\/2025\/04\/CFP-31-CBG-FP-P032-1-scaled.jpg\" data-object-fit=\"cover\" srcset=\"https:\/\/cssst.gouv.qc.ca\/adultes\/wp-content\/uploads\/sites\/2\/2025\/04\/CFP-31-CBG-FP-P032-1-scaled.jpg 2560w, https:\/\/cssst.gouv.qc.ca\/adultes\/wp-content\/uploads\/sites\/2\/2025\/04\/CFP-31-CBG-FP-P032-1-300x163.jpg 300w, https:\/\/cssst.gouv.qc.ca\/adultes\/wp-content\/uploads\/sites\/2\/2025\/04\/CFP-31-CBG-FP-P032-1-1024x555.jpg 1024w, https:\/\/cssst.gouv.qc.ca\/adultes\/wp-content\/uploads\/sites\/2\/2025\/04\/CFP-31-CBG-FP-P032-1-768x417.jpg 768w, https:\/\/cssst.gouv.qc.ca\/adultes\/wp-content\/uploads\/sites\/2\/2025\/04\/CFP-31-CBG-FP-P032-1-1536x833.jpg 1536w, https:\/\/cssst.gouv.qc.ca\/adultes\/wp-content\/uploads\/sites\/2\/2025\/04\/CFP-31-CBG-FP-P032-1-2048x1111.jpg 2048w\" sizes=\"auto, (max-width: 2560px) 100vw, 2560px\" \/><div class=\"wp-block-cover__inner-container\">\n<h2 class=\"wp-block-heading alignfull has-text-align-center has-large-font-size\">Stationnement<\/h2>\n<\/div><\/div>\n\n\n\n<div class=\"wp-block-group alignfull has-padding-y-large has-tertiary-background-color has-background\"><div class=\"yoast-breadcrumbs alignwide \"><span class=\"breadcrumbs\"><a href=\"https:\/\/cssst.gouv.qc.ca\/adultes\/\" class=\"breadcrumbs__element\">Accueil<\/a> <span class=\"breadcrumbs__separator\">\n        <svg class=\"icon icon-breadcrumb__separator\"><use xlink:href=\"#icon-breadcrumb__separator\"><\/use><\/svg>\n    <\/span> <a href=\"https:\/\/cssst.gouv.qc.ca\/adultes\/services-a-leleve\/\" class=\"breadcrumbs__element\">Services \u00e0 l&rsquo;\u00e9l\u00e8ve<\/a> <span class=\"breadcrumbs__separator\">\n        <svg class=\"icon icon-breadcrumb__separator\"><use xlink:href=\"#icon-breadcrumb__separator\"><\/use><\/svg>\n    <\/span> <span class=\"breadcrumbs__element breadcrumbs__element-current\">Stationnement<\/span><\/span><\/div><\/div>\n\n\n\n<p>Pour pouvoir vous stationner au <strong>Centre de formation professionnelle (CFP)<\/strong> situ\u00e9 au 2725 bd de Tracy, vous devez vous procurer une <strong>vignette de stationnement<\/strong> aux SARCA (Service d&rsquo;accueil, de r\u00e9f\u00e9rence, de conseil et d&rsquo;accompagnement).<br><br>Vous n&rsquo;avez pas besoin de vignette pour vous stationner au Centre Bernard-Gari\u00e9py. Veuillez ne pas utiliser les stationnements r\u00e9serv\u00e9s aux employ\u00e9s. <\/p>\n","protected":false},"excerpt":{"rendered":"<p>Pour pouvoir vous stationner au Centre de formation professionnelle (CFP) situ\u00e9 au 2725 bd de Tracy, vous devez vous procurer une vignette de stationnement aux SARCA (Service d&rsquo;accueil, de r\u00e9f\u00e9rence, de conseil et d&rsquo;accompagnement). Vous n&rsquo;avez pas besoin de vignette pour vous stationner au Centre Bernard-Gari\u00e9py. Veuillez ne pas utiliser les stationnements r\u00e9serv\u00e9s aux employ\u00e9s.<\/p>\n","protected":false},"author":1,"featured_media":1404,"parent":214,"menu_order":0,"comment_status":"closed","ping_status":"closed","template":"","meta":{"_acf_changed":false,"inline_featured_image":false,"footnotes":""},"class_list":["post-238","page","type-page","status-publish","has-post-thumbnail","hentry"],"acf":[],"yoast_head":"<!-- This site is optimized with the Yoast SEO plugin v27.4 - https:\/\/yoast.com\/product\/yoast-seo-wordpress\/ -->\n<title>Stationnement -<\/title>\n<meta name=\"robots\" content=\"index, follow, max-snippet:-1, max-image-preview:large, max-video-preview:-1\" \/>\n<link rel=\"canonical\" href=\"https:\/\/cssst.gouv.qc.ca\/adultes\/services-a-leleve\/stationnement\/\" \/>\n<meta property=\"og:locale\" content=\"fr_CA\" \/>\n<meta property=\"og:type\" content=\"article\" \/>\n<meta property=\"og:title\" content=\"Stationnement -\" \/>\n<meta property=\"og:description\" content=\"Pour pouvoir vous stationner au Centre de formation professionnelle (CFP) situ\u00e9 au 2725 bd de Tracy, vous devez vous procurer une vignette de stationnement aux SARCA (Service d&rsquo;accueil, de r\u00e9f\u00e9rence, de conseil et d&rsquo;accompagnement). Vous n&rsquo;avez pas besoin de vignette pour vous stationner au Centre Bernard-Gari\u00e9py. Veuillez ne pas utiliser les stationnements r\u00e9serv\u00e9s aux employ\u00e9s.\" \/>\n<meta property=\"og:url\" content=\"https:\/\/cssst.gouv.qc.ca\/adultes\/services-a-leleve\/stationnement\/\" \/>\n<meta property=\"article:publisher\" content=\"https:\/\/www.facebook.com\/CFPEAST?locale=fr_CA\" \/>\n<meta property=\"article:modified_time\" content=\"2025-04-24T20:45:51+00:00\" \/>\n<meta property=\"og:image\" content=\"https:\/\/cssst.gouv.qc.ca\/adultes\/wp-content\/uploads\/sites\/2\/2025\/04\/CFP-31-CBG-FP-P032-scaled.jpg\" \/>\n\t<meta property=\"og:image:width\" content=\"2560\" \/>\n\t<meta property=\"og:image:height\" content=\"1388\" \/>\n\t<meta property=\"og:image:type\" content=\"image\/jpeg\" \/>\n<meta name=\"twitter:card\" content=\"summary_large_image\" \/>\n<meta name=\"twitter:label1\" content=\"Estimation du temps de lecture\" \/>\n\t<meta name=\"twitter:data1\" content=\"1 minute\" \/>\n<script type=\"application\/ld+json\" class=\"yoast-schema-graph\">{\"@context\":\"https:\\\/\\\/schema.org\",\"@graph\":[{\"@type\":\"WebPage\",\"@id\":\"https:\\\/\\\/cssst.gouv.qc.ca\\\/adultes\\\/services-a-leleve\\\/stationnement\\\/\",\"url\":\"https:\\\/\\\/cssst.gouv.qc.ca\\\/adultes\\\/services-a-leleve\\\/stationnement\\\/\",\"name\":\"Stationnement -\",\"isPartOf\":{\"@id\":\"https:\\\/\\\/cssst.gouv.qc.ca\\\/adultes\\\/#website\"},\"primaryImageOfPage\":{\"@id\":\"https:\\\/\\\/cssst.gouv.qc.ca\\\/adultes\\\/services-a-leleve\\\/stationnement\\\/#primaryimage\"},\"image\":{\"@id\":\"https:\\\/\\\/cssst.gouv.qc.ca\\\/adultes\\\/services-a-leleve\\\/stationnement\\\/#primaryimage\"},\"thumbnailUrl\":\"https:\\\/\\\/cssst.gouv.qc.ca\\\/adultes\\\/wp-content\\\/uploads\\\/sites\\\/2\\\/2025\\\/04\\\/CFP-31-CBG-FP-P032-scaled.jpg\",\"datePublished\":\"2023-02-06T17:59:39+00:00\",\"dateModified\":\"2025-04-24T20:45:51+00:00\",\"breadcrumb\":{\"@id\":\"https:\\\/\\\/cssst.gouv.qc.ca\\\/adultes\\\/services-a-leleve\\\/stationnement\\\/#breadcrumb\"},\"inLanguage\":\"fr-CA\",\"potentialAction\":[{\"@type\":\"ReadAction\",\"target\":[\"https:\\\/\\\/cssst.gouv.qc.ca\\\/adultes\\\/services-a-leleve\\\/stationnement\\\/\"]}]},{\"@type\":\"ImageObject\",\"inLanguage\":\"fr-CA\",\"@id\":\"https:\\\/\\\/cssst.gouv.qc.ca\\\/adultes\\\/services-a-leleve\\\/stationnement\\\/#primaryimage\",\"url\":\"https:\\\/\\\/cssst.gouv.qc.ca\\\/adultes\\\/wp-content\\\/uploads\\\/sites\\\/2\\\/2025\\\/04\\\/CFP-31-CBG-FP-P032-scaled.jpg\",\"contentUrl\":\"https:\\\/\\\/cssst.gouv.qc.ca\\\/adultes\\\/wp-content\\\/uploads\\\/sites\\\/2\\\/2025\\\/04\\\/CFP-31-CBG-FP-P032-scaled.jpg\",\"width\":2560,\"height\":1388},{\"@type\":\"BreadcrumbList\",\"@id\":\"https:\\\/\\\/cssst.gouv.qc.ca\\\/adultes\\\/services-a-leleve\\\/stationnement\\\/#breadcrumb\",\"itemListElement\":[{\"@type\":\"ListItem\",\"position\":1,\"name\":\"Accueil\",\"item\":\"https:\\\/\\\/cssst.gouv.qc.ca\\\/adultes\\\/\"},{\"@type\":\"ListItem\",\"position\":2,\"name\":\"Services \u00e0 l&rsquo;\u00e9l\u00e8ve\",\"item\":\"https:\\\/\\\/cssst.gouv.qc.ca\\\/adultes\\\/services-a-leleve\\\/\"},{\"@type\":\"ListItem\",\"position\":3,\"name\":\"Stationnement\"}]},{\"@type\":\"WebSite\",\"@id\":\"https:\\\/\\\/cssst.gouv.qc.ca\\\/adultes\\\/#website\",\"url\":\"https:\\\/\\\/cssst.gouv.qc.ca\\\/adultes\\\/\",\"name\":\"\",\"description\":\"\",\"potentialAction\":[{\"@type\":\"SearchAction\",\"target\":{\"@type\":\"EntryPoint\",\"urlTemplate\":\"https:\\\/\\\/cssst.gouv.qc.ca\\\/adultes\\\/?s={search_term_string}\"},\"query-input\":{\"@type\":\"PropertyValueSpecification\",\"valueRequired\":true,\"valueName\":\"search_term_string\"}}],\"inLanguage\":\"fr-CA\"}]}<\/script>\n<!-- \/ Yoast SEO plugin. -->","yoast_head_json":{"title":"Stationnement -","robots":{"index":"index","follow":"follow","max-snippet":"max-snippet:-1","max-image-preview":"max-image-preview:large","max-video-preview":"max-video-preview:-1"},"canonical":"https:\/\/cssst.gouv.qc.ca\/adultes\/services-a-leleve\/stationnement\/","og_locale":"fr_CA","og_type":"article","og_title":"Stationnement -","og_description":"Pour pouvoir vous stationner au Centre de formation professionnelle (CFP) situ\u00e9 au 2725 bd de Tracy, vous devez vous procurer une vignette de stationnement aux SARCA (Service d&rsquo;accueil, de r\u00e9f\u00e9rence, de conseil et d&rsquo;accompagnement). Vous n&rsquo;avez pas besoin de vignette pour vous stationner au Centre Bernard-Gari\u00e9py. Veuillez ne pas utiliser les stationnements r\u00e9serv\u00e9s aux employ\u00e9s.","og_url":"https:\/\/cssst.gouv.qc.ca\/adultes\/services-a-leleve\/stationnement\/","article_publisher":"https:\/\/www.facebook.com\/CFPEAST?locale=fr_CA","article_modified_time":"2025-04-24T20:45:51+00:00","og_image":[{"width":2560,"height":1388,"url":"https:\/\/cssst.gouv.qc.ca\/adultes\/wp-content\/uploads\/sites\/2\/2025\/04\/CFP-31-CBG-FP-P032-scaled.jpg","type":"image\/jpeg"}],"twitter_card":"summary_large_image","twitter_misc":{"Estimation du temps de lecture":"1 minute"},"schema":{"@context":"https:\/\/schema.org","@graph":[{"@type":"WebPage","@id":"https:\/\/cssst.gouv.qc.ca\/adultes\/services-a-leleve\/stationnement\/","url":"https:\/\/cssst.gouv.qc.ca\/adultes\/services-a-leleve\/stationnement\/","name":"Stationnement -","isPartOf":{"@id":"https:\/\/cssst.gouv.qc.ca\/adultes\/#website"},"primaryImageOfPage":{"@id":"https:\/\/cssst.gouv.qc.ca\/adultes\/services-a-leleve\/stationnement\/#primaryimage"},"image":{"@id":"https:\/\/cssst.gouv.qc.ca\/adultes\/services-a-leleve\/stationnement\/#primaryimage"},"thumbnailUrl":"https:\/\/cssst.gouv.qc.ca\/adultes\/wp-content\/uploads\/sites\/2\/2025\/04\/CFP-31-CBG-FP-P032-scaled.jpg","datePublished":"2023-02-06T17:59:39+00:00","dateModified":"2025-04-24T20:45:51+00:00","breadcrumb":{"@id":"https:\/\/cssst.gouv.qc.ca\/adultes\/services-a-leleve\/stationnement\/#breadcrumb"},"inLanguage":"fr-CA","potentialAction":[{"@type":"ReadAction","target":["https:\/\/cssst.gouv.qc.ca\/adultes\/services-a-leleve\/stationnement\/"]}]},{"@type":"ImageObject","inLanguage":"fr-CA","@id":"https:\/\/cssst.gouv.qc.ca\/adultes\/services-a-leleve\/stationnement\/#primaryimage","url":"https:\/\/cssst.gouv.qc.ca\/adultes\/wp-content\/uploads\/sites\/2\/2025\/04\/CFP-31-CBG-FP-P032-scaled.jpg","contentUrl":"https:\/\/cssst.gouv.qc.ca\/adultes\/wp-content\/uploads\/sites\/2\/2025\/04\/CFP-31-CBG-FP-P032-scaled.jpg","width":2560,"height":1388},{"@type":"BreadcrumbList","@id":"https:\/\/cssst.gouv.qc.ca\/adultes\/services-a-leleve\/stationnement\/#breadcrumb","itemListElement":[{"@type":"ListItem","position":1,"name":"Accueil","item":"https:\/\/cssst.gouv.qc.ca\/adultes\/"},{"@type":"ListItem","position":2,"name":"Services \u00e0 l&rsquo;\u00e9l\u00e8ve","item":"https:\/\/cssst.gouv.qc.ca\/adultes\/services-a-leleve\/"},{"@type":"ListItem","position":3,"name":"Stationnement"}]},{"@type":"WebSite","@id":"https:\/\/cssst.gouv.qc.ca\/adultes\/#website","url":"https:\/\/cssst.gouv.qc.ca\/adultes\/","name":"","description":"","potentialAction":[{"@type":"SearchAction","target":{"@type":"EntryPoint","urlTemplate":"https:\/\/cssst.gouv.qc.ca\/adultes\/?s={search_term_string}"},"query-input":{"@type":"PropertyValueSpecification","valueRequired":true,"valueName":"search_term_string"}}],"inLanguage":"fr-CA"}]}},"_links":{"self":[{"href":"https:\/\/cssst.gouv.qc.ca\/adultes\/wp-json\/wp\/v2\/pages\/238","targetHints":{"allow":["GET"]}}],"collection":[{"href":"https:\/\/cssst.gouv.qc.ca\/adultes\/wp-json\/wp\/v2\/pages"}],"about":[{"href":"https:\/\/cssst.gouv.qc.ca\/adultes\/wp-json\/wp\/v2\/types\/page"}],"author":[{"embeddable":true,"href":"https:\/\/cssst.gouv.qc.ca\/adultes\/wp-json\/wp\/v2\/users\/1"}],"replies":[{"embeddable":true,"href":"https:\/\/cssst.gouv.qc.ca\/adultes\/wp-json\/wp\/v2\/comments?post=238"}],"version-history":[{"count":0,"href":"https:\/\/cssst.gouv.qc.ca\/adultes\/wp-json\/wp\/v2\/pages\/238\/revisions"}],"up":[{"embeddable":true,"href":"https:\/\/cssst.gouv.qc.ca\/adultes\/wp-json\/wp\/v2\/pages\/214"}],"wp:featuredmedia":[{"embeddable":true,"href":"https:\/\/cssst.gouv.qc.ca\/adultes\/wp-json\/wp\/v2\/media\/1404"}],"wp:attachment":[{"href":"https:\/\/cssst.gouv.qc.ca\/adultes\/wp-json\/wp\/v2\/media?parent=238"}],"curies":[{"name":"wp","href":"https:\/\/api.w.org\/{rel}","templated":true}]}}