{"id":1924,"date":"2025-04-08T18:00:41","date_gmt":"2025-04-08T18:00:41","guid":{"rendered":"https:\/\/cssst.gouv.qc.ca\/adultes\/?page_id=1924"},"modified":"2026-03-26T15:56:14","modified_gmt":"2026-03-26T15:56:14","slug":"eleve-dun-jour","status":"publish","type":"page","link":"https:\/\/cssst.gouv.qc.ca\/adultes\/eleve-dun-jour\/","title":{"rendered":"\u00c9l\u00e8ve d&rsquo;un jour"},"content":{"rendered":"\n<div class=\"wp-block-cover alignfull is-style-default\"><img loading=\"lazy\" decoding=\"async\" width=\"7952\" height=\"5304\" class=\"wp-block-cover__image-background wp-image-2056\" alt=\"\" src=\"https:\/\/cssst.gouv.qc.ca\/adultes\/wp-content\/uploads\/sites\/2\/2025\/04\/AYA05596-3.jpg\" data-object-fit=\"cover\" srcset=\"https:\/\/cssst.gouv.qc.ca\/adultes\/wp-content\/uploads\/sites\/2\/2025\/04\/AYA05596-3.jpg 7952w, https:\/\/cssst.gouv.qc.ca\/adultes\/wp-content\/uploads\/sites\/2\/2025\/04\/AYA05596-3-300x200.jpg 300w, https:\/\/cssst.gouv.qc.ca\/adultes\/wp-content\/uploads\/sites\/2\/2025\/04\/AYA05596-3-1024x683.jpg 1024w, https:\/\/cssst.gouv.qc.ca\/adultes\/wp-content\/uploads\/sites\/2\/2025\/04\/AYA05596-3-768x512.jpg 768w, https:\/\/cssst.gouv.qc.ca\/adultes\/wp-content\/uploads\/sites\/2\/2025\/04\/AYA05596-3-1536x1025.jpg 1536w\" sizes=\"auto, (max-width: 7952px) 100vw, 7952px\" \/><span aria-hidden=\"true\" class=\"wp-block-cover__background has-background-dim-30 has-background-dim\" style=\"background-color:#5e554c\"><\/span><div class=\"wp-block-cover__inner-container\">\n<h2 class=\"wp-block-heading alignfull has-text-align-center has-large-font-size\">\u00c9l\u00e8ve d&rsquo;un jour<\/h2>\n<\/div><\/div>\n\n\n\n<div class=\"wp-block-group alignfull has-padding-y-large has-tertiary-background-color has-background\"><div class=\"yoast-breadcrumbs alignwide \"><span class=\"breadcrumbs\"><a href=\"https:\/\/cssst.gouv.qc.ca\/adultes\/\" class=\"breadcrumbs__element\">Accueil<\/a> <span class=\"breadcrumbs__separator\">\n        <svg class=\"icon icon-breadcrumb__separator\"><use xlink:href=\"#icon-breadcrumb__separator\"><\/use><\/svg>\n    <\/span> <span class=\"breadcrumbs__element breadcrumbs__element-current\">\u00c9l\u00e8ve d&rsquo;un jour<\/span><\/span><\/div><\/div>\n\n\n\n<p>Il est possible d\u2019explorer un ou des programmes en devenant&nbsp;<em>\u00c9l\u00e8ve d&rsquo;un jour<\/em>. Avec cette journ\u00e9e d\u2019exploration, tu pourras ainsi valider ton choix ou d\u00e9couvrir un autre programme.<\/p>\n\n\n\n<p>L&rsquo;activit\u00e9 est offerte \u00e0 tous ceux et celles qui d\u00e9sirent en apprendre davantage sur un m\u00e9tier, afin de faire un choix de carri\u00e8re \u00e9clair\u00e9.<\/p>\n\n\n\n<p><a href=\"https:\/\/forms.office.com\/Pages\/ResponsePage.aspx?id=2_NQg2TLhUOTjQElYhazT7yh_TmSCVNNk4JuRbJSMU1UNklEQjAzRDg2VFZHNzhEV0IxVVI3SEZGQy4u\" target=\"_blank\" rel=\"noreferrer noopener\"><strong>Clique ici pour choisir le programme et indiquer tes disponibilit\u00e9s!\u00a0<\/strong><\/a><\/p>\n","protected":false},"excerpt":{"rendered":"<p>Il est possible d\u2019explorer un ou des programmes en devenant&nbsp;\u00c9l\u00e8ve d&rsquo;un jour. Avec cette journ\u00e9e d\u2019exploration, tu pourras ainsi valider ton choix ou d\u00e9couvrir un autre programme. L&rsquo;activit\u00e9 est offerte \u00e0 tous ceux et celles qui d\u00e9sirent en apprendre davantage sur un m\u00e9tier, afin de faire un choix de carri\u00e8re \u00e9clair\u00e9. Clique ici pour choisir [&hellip;]<\/p>\n","protected":false},"author":6,"featured_media":0,"parent":0,"menu_order":80,"comment_status":"closed","ping_status":"closed","template":"","meta":{"_acf_changed":false,"inline_featured_image":false,"footnotes":""},"class_list":["post-1924","page","type-page","status-publish","hentry"],"acf":[],"yoast_head":"<!-- This site is optimized with the Yoast SEO plugin v27.4 - https:\/\/yoast.com\/product\/yoast-seo-wordpress\/ -->\n<title>\u00c9l\u00e8ve d&#039;un jour -<\/title>\n<meta name=\"robots\" content=\"index, follow, max-snippet:-1, max-image-preview:large, max-video-preview:-1\" \/>\n<link rel=\"canonical\" href=\"https:\/\/cssst.gouv.qc.ca\/adultes\/eleve-dun-jour\/\" \/>\n<meta property=\"og:locale\" content=\"fr_CA\" \/>\n<meta property=\"og:type\" content=\"article\" \/>\n<meta property=\"og:title\" content=\"\u00c9l\u00e8ve d&#039;un jour -\" \/>\n<meta property=\"og:description\" content=\"Il est possible d\u2019explorer un ou des programmes en devenant&nbsp;\u00c9l\u00e8ve d&rsquo;un jour. Avec cette journ\u00e9e d\u2019exploration, tu pourras ainsi valider ton choix ou d\u00e9couvrir un autre programme. L&rsquo;activit\u00e9 est offerte \u00e0 tous ceux et celles qui d\u00e9sirent en apprendre davantage sur un m\u00e9tier, afin de faire un choix de carri\u00e8re \u00e9clair\u00e9. Clique ici pour choisir [&hellip;]\" \/>\n<meta property=\"og:url\" content=\"https:\/\/cssst.gouv.qc.ca\/adultes\/eleve-dun-jour\/\" \/>\n<meta property=\"article:publisher\" content=\"https:\/\/www.facebook.com\/CFPEAST?locale=fr_CA\" \/>\n<meta property=\"article:modified_time\" content=\"2026-03-26T15:56:14+00:00\" \/>\n<meta property=\"og:image\" content=\"https:\/\/cssst.gouv.qc.ca\/adultes\/wp-content\/uploads\/sites\/2\/2025\/04\/AYA05596-3-1024x683.jpg\" \/>\n\t<meta property=\"og:image:width\" content=\"1024\" \/>\n\t<meta property=\"og:image:height\" content=\"683\" \/>\n\t<meta property=\"og:image:type\" content=\"image\/jpeg\" \/>\n<meta name=\"twitter:card\" content=\"summary_large_image\" \/>\n<meta name=\"twitter:label1\" content=\"Estimation du temps de lecture\" \/>\n\t<meta name=\"twitter:data1\" content=\"1 minute\" \/>\n<script type=\"application\/ld+json\" class=\"yoast-schema-graph\">{\"@context\":\"https:\\\/\\\/schema.org\",\"@graph\":[{\"@type\":\"WebPage\",\"@id\":\"https:\\\/\\\/cssst.gouv.qc.ca\\\/adultes\\\/eleve-dun-jour\\\/\",\"url\":\"https:\\\/\\\/cssst.gouv.qc.ca\\\/adultes\\\/eleve-dun-jour\\\/\",\"name\":\"\u00c9l\u00e8ve d'un jour -\",\"isPartOf\":{\"@id\":\"https:\\\/\\\/cssst.gouv.qc.ca\\\/adultes\\\/#website\"},\"primaryImageOfPage\":{\"@id\":\"https:\\\/\\\/cssst.gouv.qc.ca\\\/adultes\\\/eleve-dun-jour\\\/#primaryimage\"},\"image\":{\"@id\":\"https:\\\/\\\/cssst.gouv.qc.ca\\\/adultes\\\/eleve-dun-jour\\\/#primaryimage\"},\"thumbnailUrl\":\"https:\\\/\\\/cssst.gouv.qc.ca\\\/adultes\\\/wp-content\\\/uploads\\\/sites\\\/2\\\/2025\\\/04\\\/AYA05596-3.jpg\",\"datePublished\":\"2025-04-08T18:00:41+00:00\",\"dateModified\":\"2026-03-26T15:56:14+00:00\",\"breadcrumb\":{\"@id\":\"https:\\\/\\\/cssst.gouv.qc.ca\\\/adultes\\\/eleve-dun-jour\\\/#breadcrumb\"},\"inLanguage\":\"fr-CA\",\"potentialAction\":[{\"@type\":\"ReadAction\",\"target\":[\"https:\\\/\\\/cssst.gouv.qc.ca\\\/adultes\\\/eleve-dun-jour\\\/\"]}]},{\"@type\":\"ImageObject\",\"inLanguage\":\"fr-CA\",\"@id\":\"https:\\\/\\\/cssst.gouv.qc.ca\\\/adultes\\\/eleve-dun-jour\\\/#primaryimage\",\"url\":\"https:\\\/\\\/cssst.gouv.qc.ca\\\/adultes\\\/wp-content\\\/uploads\\\/sites\\\/2\\\/2025\\\/04\\\/AYA05596-3.jpg\",\"contentUrl\":\"https:\\\/\\\/cssst.gouv.qc.ca\\\/adultes\\\/wp-content\\\/uploads\\\/sites\\\/2\\\/2025\\\/04\\\/AYA05596-3.jpg\",\"width\":7952,\"height\":5304},{\"@type\":\"BreadcrumbList\",\"@id\":\"https:\\\/\\\/cssst.gouv.qc.ca\\\/adultes\\\/eleve-dun-jour\\\/#breadcrumb\",\"itemListElement\":[{\"@type\":\"ListItem\",\"position\":1,\"name\":\"Accueil\",\"item\":\"https:\\\/\\\/cssst.gouv.qc.ca\\\/adultes\\\/\"},{\"@type\":\"ListItem\",\"position\":2,\"name\":\"\u00c9l\u00e8ve d&rsquo;un jour\"}]},{\"@type\":\"WebSite\",\"@id\":\"https:\\\/\\\/cssst.gouv.qc.ca\\\/adultes\\\/#website\",\"url\":\"https:\\\/\\\/cssst.gouv.qc.ca\\\/adultes\\\/\",\"name\":\"\",\"description\":\"\",\"potentialAction\":[{\"@type\":\"SearchAction\",\"target\":{\"@type\":\"EntryPoint\",\"urlTemplate\":\"https:\\\/\\\/cssst.gouv.qc.ca\\\/adultes\\\/?s={search_term_string}\"},\"query-input\":{\"@type\":\"PropertyValueSpecification\",\"valueRequired\":true,\"valueName\":\"search_term_string\"}}],\"inLanguage\":\"fr-CA\"}]}<\/script>\n<!-- \/ Yoast SEO plugin. -->","yoast_head_json":{"title":"\u00c9l\u00e8ve d'un jour -","robots":{"index":"index","follow":"follow","max-snippet":"max-snippet:-1","max-image-preview":"max-image-preview:large","max-video-preview":"max-video-preview:-1"},"canonical":"https:\/\/cssst.gouv.qc.ca\/adultes\/eleve-dun-jour\/","og_locale":"fr_CA","og_type":"article","og_title":"\u00c9l\u00e8ve d'un jour -","og_description":"Il est possible d\u2019explorer un ou des programmes en devenant&nbsp;\u00c9l\u00e8ve d&rsquo;un jour. Avec cette journ\u00e9e d\u2019exploration, tu pourras ainsi valider ton choix ou d\u00e9couvrir un autre programme. L&rsquo;activit\u00e9 est offerte \u00e0 tous ceux et celles qui d\u00e9sirent en apprendre davantage sur un m\u00e9tier, afin de faire un choix de carri\u00e8re \u00e9clair\u00e9. Clique ici pour choisir [&hellip;]","og_url":"https:\/\/cssst.gouv.qc.ca\/adultes\/eleve-dun-jour\/","article_publisher":"https:\/\/www.facebook.com\/CFPEAST?locale=fr_CA","article_modified_time":"2026-03-26T15:56:14+00:00","og_image":[{"width":1024,"height":683,"url":"https:\/\/cssst.gouv.qc.ca\/adultes\/wp-content\/uploads\/sites\/2\/2025\/04\/AYA05596-3-1024x683.jpg","type":"image\/jpeg"}],"twitter_card":"summary_large_image","twitter_misc":{"Estimation du temps de lecture":"1 minute"},"schema":{"@context":"https:\/\/schema.org","@graph":[{"@type":"WebPage","@id":"https:\/\/cssst.gouv.qc.ca\/adultes\/eleve-dun-jour\/","url":"https:\/\/cssst.gouv.qc.ca\/adultes\/eleve-dun-jour\/","name":"\u00c9l\u00e8ve d'un jour -","isPartOf":{"@id":"https:\/\/cssst.gouv.qc.ca\/adultes\/#website"},"primaryImageOfPage":{"@id":"https:\/\/cssst.gouv.qc.ca\/adultes\/eleve-dun-jour\/#primaryimage"},"image":{"@id":"https:\/\/cssst.gouv.qc.ca\/adultes\/eleve-dun-jour\/#primaryimage"},"thumbnailUrl":"https:\/\/cssst.gouv.qc.ca\/adultes\/wp-content\/uploads\/sites\/2\/2025\/04\/AYA05596-3.jpg","datePublished":"2025-04-08T18:00:41+00:00","dateModified":"2026-03-26T15:56:14+00:00","breadcrumb":{"@id":"https:\/\/cssst.gouv.qc.ca\/adultes\/eleve-dun-jour\/#breadcrumb"},"inLanguage":"fr-CA","potentialAction":[{"@type":"ReadAction","target":["https:\/\/cssst.gouv.qc.ca\/adultes\/eleve-dun-jour\/"]}]},{"@type":"ImageObject","inLanguage":"fr-CA","@id":"https:\/\/cssst.gouv.qc.ca\/adultes\/eleve-dun-jour\/#primaryimage","url":"https:\/\/cssst.gouv.qc.ca\/adultes\/wp-content\/uploads\/sites\/2\/2025\/04\/AYA05596-3.jpg","contentUrl":"https:\/\/cssst.gouv.qc.ca\/adultes\/wp-content\/uploads\/sites\/2\/2025\/04\/AYA05596-3.jpg","width":7952,"height":5304},{"@type":"BreadcrumbList","@id":"https:\/\/cssst.gouv.qc.ca\/adultes\/eleve-dun-jour\/#breadcrumb","itemListElement":[{"@type":"ListItem","position":1,"name":"Accueil","item":"https:\/\/cssst.gouv.qc.ca\/adultes\/"},{"@type":"ListItem","position":2,"name":"\u00c9l\u00e8ve d&rsquo;un jour"}]},{"@type":"WebSite","@id":"https:\/\/cssst.gouv.qc.ca\/adultes\/#website","url":"https:\/\/cssst.gouv.qc.ca\/adultes\/","name":"","description":"","potentialAction":[{"@type":"SearchAction","target":{"@type":"EntryPoint","urlTemplate":"https:\/\/cssst.gouv.qc.ca\/adultes\/?s={search_term_string}"},"query-input":{"@type":"PropertyValueSpecification","valueRequired":true,"valueName":"search_term_string"}}],"inLanguage":"fr-CA"}]}},"_links":{"self":[{"href":"https:\/\/cssst.gouv.qc.ca\/adultes\/wp-json\/wp\/v2\/pages\/1924","targetHints":{"allow":["GET"]}}],"collection":[{"href":"https:\/\/cssst.gouv.qc.ca\/adultes\/wp-json\/wp\/v2\/pages"}],"about":[{"href":"https:\/\/cssst.gouv.qc.ca\/adultes\/wp-json\/wp\/v2\/types\/page"}],"author":[{"embeddable":true,"href":"https:\/\/cssst.gouv.qc.ca\/adultes\/wp-json\/wp\/v2\/users\/6"}],"replies":[{"embeddable":true,"href":"https:\/\/cssst.gouv.qc.ca\/adultes\/wp-json\/wp\/v2\/comments?post=1924"}],"version-history":[{"count":0,"href":"https:\/\/cssst.gouv.qc.ca\/adultes\/wp-json\/wp\/v2\/pages\/1924\/revisions"}],"wp:attachment":[{"href":"https:\/\/cssst.gouv.qc.ca\/adultes\/wp-json\/wp\/v2\/media?parent=1924"}],"curies":[{"name":"wp","href":"https:\/\/api.w.org\/{rel}","templated":true}]}}