{"id":174,"date":"2023-02-06T17:58:55","date_gmt":"2023-02-06T17:58:55","guid":{"rendered":"https:\/\/cssst.gouv.qc.ca\/adultes\/centre\/foire-aux-questions\/"},"modified":"2025-04-24T20:54:38","modified_gmt":"2025-04-24T20:54:38","slug":"foire-aux-questions","status":"publish","type":"page","link":"https:\/\/cssst.gouv.qc.ca\/adultes\/centre\/foire-aux-questions\/","title":{"rendered":"Foire aux questions"},"content":{"rendered":"\n<div class=\"wp-block-cover alignfull is-light\"><span aria-hidden=\"true\" class=\"wp-block-cover__background has-background-dim\"><\/span><img loading=\"lazy\" decoding=\"async\" width=\"1000\" height=\"858\" class=\"wp-block-cover__image-background wp-image-1032\" alt=\"\" src=\"https:\/\/cssst.gouv.qc.ca\/adultes\/wp-content\/uploads\/sites\/2\/2023\/06\/question-2-1.jpg\" data-object-fit=\"cover\" srcset=\"https:\/\/cssst.gouv.qc.ca\/adultes\/wp-content\/uploads\/sites\/2\/2023\/06\/question-2-1.jpg 1000w, https:\/\/cssst.gouv.qc.ca\/adultes\/wp-content\/uploads\/sites\/2\/2023\/06\/question-2-1-300x257.jpg 300w, https:\/\/cssst.gouv.qc.ca\/adultes\/wp-content\/uploads\/sites\/2\/2023\/06\/question-2-1-768x659.jpg 768w\" sizes=\"auto, (max-width: 1000px) 100vw, 1000px\" \/><div class=\"wp-block-cover__inner-container\">\n<p class=\"has-large-font-size\">Foire aux questions<\/p>\n<\/div><\/div>\n\n\n\n<div class=\"wp-block-group alignfull has-padding-y-large has-tertiary-background-color has-background\"><div class=\"yoast-breadcrumbs alignwide \"><span class=\"breadcrumbs\"><a href=\"https:\/\/cssst.gouv.qc.ca\/adultes\/\" class=\"breadcrumbs__element\">Accueil<\/a> <span class=\"breadcrumbs__separator\">\n        <svg class=\"icon icon-breadcrumb__separator\"><use xlink:href=\"#icon-breadcrumb__separator\"><\/use><\/svg>\n    <\/span> <a href=\"https:\/\/cssst.gouv.qc.ca\/adultes\/centre\/\" class=\"breadcrumbs__element\">Centres<\/a> <span class=\"breadcrumbs__separator\">\n        <svg class=\"icon icon-breadcrumb__separator\"><use xlink:href=\"#icon-breadcrumb__separator\"><\/use><\/svg>\n    <\/span> <span class=\"breadcrumbs__element breadcrumbs__element-current\">Foire aux questions<\/span><\/span><\/div><\/div>\n\n\n\n<div class=\"act-collapsible\">\n<h5 class=\"wp-block-heading act-collapsible__heading\">AVEZ-VOUS DES COURS DE SOIR?<\/h5>\n\n\n\n<div class=\"act-collapsible__content\"><div class=\"act-collapsible__content-inner\">\n<p>En formation g\u00e9n\u00e9rale des adultes: du lundi au jeudi de 18 h \u00e0 21 h<\/p>\n<\/div><\/div>\n<\/div>\n\n\n\n<div class=\"act-collapsible\">\n<h5 class=\"wp-block-heading act-collapsible__heading\">AVEZ-VOUS UN SERVICE-CONSEIL?<\/h5>\n\n\n\n<div class=\"act-collapsible__content\"><div class=\"act-collapsible__content-inner\">\n<p>Oui, nous avons les&nbsp;<a href=\"https:\/\/sites.google.com\/g.cs-soreltracy.qc.ca\/cfpeast-csss-t\/les-sarca\">services d&rsquo;accueil, de r\u00e9f\u00e9rence, de conseils et d&rsquo;accompagnement<\/a> (SARCA).<\/p>\n\n\n\n<p>Nous avons aussi les services d&rsquo;une&nbsp;<a href=\"mailto:caroline.martel@cssst.gouv.qc.ca\" target=\"_blank\" rel=\"noreferrer noopener\">conseill\u00e8re d&rsquo;orientation<\/a>.<\/p>\n<\/div><\/div>\n<\/div>\n\n\n\n<div class=\"act-collapsible\">\n<h5 class=\"wp-block-heading act-collapsible__heading\">COMBIEN COUTE LA FORMATION ET LE MAT\u00c9RIEL?<\/h5>\n\n\n\n<div class=\"act-collapsible__content\"><div class=\"act-collapsible__content-inner\">\n<p><strong>POUR LA FORMATION G\u00c9N\u00c9RALE DES ADULTES<\/strong><\/p>\n\n\n\n<ul class=\"wp-block-list\">\n<li>Vous devrez apporter les documents suivants :<\/li>\n<\/ul>\n\n\n\n<ol class=\"wp-block-list\">\n<li><a href=\"https:\/\/www7.mels.gouv.qc.ca\/dc\/DemandeReleve\/index.php?section=formulaire\" target=\"_blank\" rel=\"noreferrer noopener\">dernier relev\u00e9 de notes du minist\u00e8re de l&rsquo;\u00c9ducation du Qu\u00e9bec (MEQ)<\/a>&nbsp;indiquant votre code permanent<\/li>\n\n\n\n<li>dernier bulletin scolaire<\/li>\n\n\n\n<li><a href=\"http:\/\/www.etatcivil.gouv.qc.ca\/fr\/default.html\" target=\"_blank\" rel=\"noreferrer noopener\">certificat de naissance de l&rsquo;\u00e9tat civil du Qu\u00e9bec<\/a>&nbsp;(original GRAND FORMAT ou copie certifi\u00e9e GRAND FORMAT pr\u00e9cisant le nom des parents)<\/li>\n\n\n\n<li>preuve de r\u00e9sidence au Qu\u00e9bec POUR TOUS (permis de conduire ou carte d&rsquo;assurance-maladie)<\/li>\n\n\n\n<li><strong>21 $ pour un \u00e9l\u00e8ve de jour<\/strong>&nbsp;(photocopies 14$, cotisation \u00e9tudiante 5$ et carte \u00e9tudiante 2$)<\/li>\n\n\n\n<li><strong>15 $ pour un \u00e9l\u00e8ve de soir<\/strong>&nbsp;(photocopies 11 $, cotisation \u00e9tudiante 2$ et carte \u00e9tudiante 2$)<\/li>\n<\/ol>\n\n\n\n<p><strong>POUR LA FORMATION PROFESSIONNELLE<\/strong><\/p>\n\n\n\n<p>Vous devez v\u00e9rifier sur la page de la formation choisie sur notre site Internet. <\/p>\n<\/div><\/div>\n<\/div>\n\n\n\n<div class=\"act-collapsible\">\n<h5 class=\"wp-block-heading act-collapsible__heading\">COMMENT FAIRE UNE DEMANDE D&rsquo;ADMISSION?<\/h5>\n\n\n\n<div class=\"act-collapsible__content\"><div class=\"act-collapsible__content-inner\">\n<p><a href=\"https:\/\/sites.google.com\/g.cs-soreltracy.qc.ca\/cfpeast-csss-t\/formation-g%C3%A9n%C3%A9rale-des-adultes\/inscription-fga\">En formation g\u00e9n\u00e9rale des adultes<\/a><\/p>\n\n\n\n<p><a href=\"https:\/\/www.admissionfp.com\/organismes-scolaires\/css\/861000\" target=\"_blank\" rel=\"noreferrer noopener\">En formation professionnelle<\/a><\/p>\n<\/div><\/div>\n<\/div>\n\n\n\n<div class=\"act-collapsible\">\n<h5 class=\"wp-block-heading act-collapsible__heading\">EST-CE QUE JE DOIS AVOIR TERMIN\u00c9 MES PR\u00c9ALABLES AVANT DE M&rsquo;INSCRIRE?<\/h5>\n\n\n\n<div class=\"act-collapsible__content\"><div class=\"act-collapsible__content-inner\">\n<p>Il est possible de s&rsquo;inscrire en terminant les pr\u00e9alables avant le d\u00e9but de la formation. Toutefois, il faut que le d\u00e9lai soit r\u00e9alisable.<\/p>\n<\/div><\/div>\n<\/div>\n\n\n\n<div class=\"act-collapsible\">\n<h5 class=\"wp-block-heading act-collapsible__heading\">EST-CE QUE JE PEUX AVOIR UNE AIDE FINANCI\u00c8RE?<\/h5>\n\n\n\n<div class=\"act-collapsible__content\"><div class=\"act-collapsible__content-inner\">\n<p>Les \u00e9l\u00e8ves inscrits en formation professionnelle peuvent b\u00e9n\u00e9ficier des pr\u00eats et bourses du gouvernement du Qu\u00e9bec.<\/p>\n\n\n\n<p><a href=\"https:\/\/www.quebec.ca\/education\/aide-financiere-aux-etudes\" target=\"_blank\" rel=\"noreferrer noopener\">Clique ici!<\/a><\/p>\n<\/div><\/div>\n<\/div>\n\n\n\n<div class=\"act-collapsible\">\n<h5 class=\"wp-block-heading act-collapsible__heading\">EST-CE QUE LE TAUX DE PLACEMENT EST BON?<\/h5>\n\n\n\n<div class=\"act-collapsible__content\"><div class=\"act-collapsible__content-inner\">\n<p><strong>FORMATION PROFESSIONNELLE<\/strong><\/p>\n\n\n\n<p>La p\u00e9nurie d&#8217;emplois au Qu\u00e9bec touche les secteurs de la sant\u00e9, des transports et de la machinerie. Selon plusieurs dirigeants d&rsquo;entreprises, il manque de pr\u00e9pos\u00e9s aux b\u00e9n\u00e9ficiaires, d&rsquo;infirmiers auxiliaires,&nbsp;soudeurs, de machinistes, de m\u00e9tallurgistes et d&rsquo;op\u00e9rateurs, ce qui affecte leur production.<\/p>\n<\/div><\/div>\n<\/div>\n\n\n\n<div class=\"act-collapsible\">\n<h5 class=\"wp-block-heading act-collapsible__heading\">EST-CE QUE LES COURS D\u00c9BUTENT TOUJOURS AU MOIS D&rsquo;AO\u00dbT ET AU MOIS DE JANVIER?<\/h5>\n\n\n\n<div class=\"act-collapsible__content\"><div class=\"act-collapsible__content-inner\">\n<p><strong>FORMATION G\u00c9N\u00c9RALE DES ADULTES<\/strong><\/p>\n\n\n\n<p>La formation g\u00e9n\u00e9rale donn\u00e9e par les Centres est offerte selon la formule d\u2019entr\u00e9e p\u00e9riodique et sortie variable (EPSV) aussi appel\u00e9e enseignement individualis\u00e9.<\/p>\n\n\n\n<p>Des groupes d\u00e9butent en ao\u00fbt de chaque ann\u00e9e et par la suite,&nbsp; un nouvel \u00e9l\u00e8ve peut int\u00e9grer un groupe d\u00e8s qu\u2019une place se lib\u00e8re.<\/p>\n\n\n\n<p><strong>FORMATION&nbsp;<\/strong><strong>PROFESSIONNELLE<\/strong><\/p>\n\n\n\n<p>Certaines formations donn\u00e9es par les Centres sont offertes selon la formule d\u2019entr\u00e9e p\u00e9riodique et sortie variable (EPSV) aussi appel\u00e9e enseignement individualis\u00e9. Cela signifie que d\u00e8s qu&rsquo;un \u00e9l\u00e8ve termine sa formation, une place se lib\u00e8re en classe pour un&nbsp;nouvel \u00e9l\u00e8ve.&nbsp;Les futurs \u00e9l\u00e8ves n\u2019ont donc pas \u00e0 attendre une rentr\u00e9e globale pour d\u00e9buter leur formation : c&rsquo;est pratique pour les \u00e9l\u00e8ves enthousiastes et d\u00e9sireux d\u2019apprendre!<\/p>\n\n\n\n<p>Pour d&rsquo;autres formations, c&rsquo;est l&rsquo;enseignement magistral. Cela signifie qu&rsquo;il y a des dates pr\u00e9cises de d\u00e9but de formation pr\u00e9vues durant l&rsquo;ann\u00e9e.<\/p>\n<\/div><\/div>\n<\/div>\n\n\n\n<div class=\"act-collapsible\">\n<h5 class=\"wp-block-heading act-collapsible__heading\">EST-CE QUE LES PROGRAMMES SONT CONTINGENT\u00c9S?<\/h5>\n\n\n\n<div class=\"act-collapsible__content\"><div class=\"act-collapsible__content-inner\">\n<p>Pour le moment, toutes nos formations sont disponibles. Il n&rsquo;y a pas de liste d&rsquo;attente.<\/p>\n<\/div><\/div>\n<\/div>\n\n\n\n<div class=\"act-collapsible\">\n<h5 class=\"wp-block-heading act-collapsible__heading\">EST-CE QU&rsquo;UN M\u00c9TIER ISSU DE LA FP EST PAYANT?<\/h5>\n\n\n\n<div class=\"act-collapsible__content\"><div class=\"act-collapsible__content-inner\">\n<p><a href=\"https:\/\/www.quebec.ca\/emploi\">Cliquez ici<\/a><\/p>\n<\/div><\/div>\n<\/div>\n\n\n\n<div class=\"act-collapsible\">\n<h5 class=\"wp-block-heading act-collapsible__heading\">QUAND A LIEU LA P\u00c9RIODE D&rsquo;INSCRIPTIONS?<\/h5>\n\n\n\n<div class=\"act-collapsible__content\"><div class=\"act-collapsible__content-inner\">\n<p> Il est possible de s&rsquo;inscrire en tout temps!<\/p>\n<\/div><\/div>\n<\/div>\n\n\n\n<div class=\"act-collapsible\">\n<h5 class=\"wp-block-heading act-collapsible__heading\">QUELS SONT LES DOCUMENTS REQUIS POUR M&rsquo;INSCRIRE?<\/h5>\n\n\n\n<div class=\"act-collapsible__content\"><div class=\"act-collapsible__content-inner\">\n<p><strong>POUR LA FORMATION G\u00c9N\u00c9RALE DES ADULTES<\/strong><\/p>\n\n\n\n<p>Vous devrez apporter les documents suivants :<\/p>\n\n\n\n<ul class=\"wp-block-list\">\n<li><a href=\"https:\/\/www7.mels.gouv.qc.ca\/dc\/DemandeReleve\/index.php?section=formulaire\" target=\"_blank\" rel=\"noreferrer noopener\">dernier relev\u00e9 de notes du minist\u00e8re de l&rsquo;\u00c9ducation du Qu\u00e9bec (MEQ)<\/a>&nbsp;indiquant votre code permanent;<\/li>\n\n\n\n<li>dernier bulletin scolaire;<\/li>\n\n\n\n<li><a href=\"http:\/\/www.etatcivil.gouv.qc.ca\/fr\/default.html\" target=\"_blank\" rel=\"noreferrer noopener\">certificat de naissance de l&rsquo;\u00e9tat civil du Qu\u00e9bec<\/a>&nbsp;(original GRAND FORMAT ou copie certifi\u00e9e GRAND FORMAT pr\u00e9cisant le nom des parents);<\/li>\n\n\n\n<li>preuve de r\u00e9sidence au Qu\u00e9bec POUR TOUS (permis de conduire ou carte d&rsquo;assurance-maladie);<\/li>\n\n\n\n<li><strong>18 $ pour un \u00e9l\u00e8ve de jour<\/strong>&nbsp;(photocopies 14$, cotisation \u00e9tudiante 5$ et carte \u00e9tudiante 2$);<\/li>\n\n\n\n<li><strong>15 $ pour un \u00e9l\u00e8ve de soir<\/strong>&nbsp;(photocopies 11 $, cotisation \u00e9tudiante 2$ et carte \u00e9tudiante 2$).<\/li>\n<\/ul>\n\n\n\n<p><strong>POUR LA FORMATION PROFESSIONNELLE<\/strong><\/p>\n\n\n\n<p>Vous devrez apporter les documents suivants :<\/p>\n\n\n\n<ul class=\"wp-block-list\">\n<li><a href=\"https:\/\/www7.mels.gouv.qc.ca\/dc\/DemandeReleve\/index.php?section=formulaire\" target=\"_blank\" rel=\"noreferrer noopener\">dernier relev\u00e9 de notes du minist\u00e8re de l&rsquo;\u00c9ducation du Qu\u00e9bec (MEQ)<\/a>&nbsp;indiquant votre code permanent;<\/li>\n\n\n\n<li>dernier bulletin scolaire;<\/li>\n\n\n\n<li><a href=\"http:\/\/www.etatcivil.gouv.qc.ca\/fr\/default.html\" target=\"_blank\" rel=\"noreferrer noopener\">certificat de naissance de l&rsquo;\u00e9tat civil du Qu\u00e9bec<\/a>&nbsp;(original GRAND FORMAT ou copie certifi\u00e9e GRAND FORMAT pr\u00e9cisant le nom des parents);<\/li>\n\n\n\n<li>preuve de r\u00e9sidence au Qu\u00e9bec POUR TOUS (permis de conduire ou carte d&rsquo;assurance-maladie);<\/li>\n\n\n\n<li>en formation, les frais sont diff\u00e9rents d&rsquo;une formation \u00e0 une autre. Nous vous invitons \u00e0&nbsp;<a href=\"https:\/\/sites.google.com\/g.cs-soreltracy.qc.ca\/cfpeast-csss-t\/formation-professionnelle\/programmes\">consulter le programme<\/a>&nbsp;d\u00e9sir\u00e9 et v\u00e9rifier les frais de ce dernier.<\/li>\n<\/ul>\n<\/div><\/div>\n<\/div>\n\n\n\n<div class=\"act-collapsible\">\n<h5 class=\"wp-block-heading act-collapsible__heading\">QUELLE EST LA DUR\u00c9E D&rsquo;UN PROGRAMME?<\/h5>\n\n\n\n<div class=\"act-collapsible__content\"><div class=\"act-collapsible__content-inner\">\n<p>La dur\u00e9e varie selon la formation. Il faut v\u00e9rifier la page de la formation choisie sur notre site Web.<\/p>\n<\/div><\/div>\n<\/div>\n\n\n\n<div class=\"act-collapsible\">\n<h5 class=\"wp-block-heading act-collapsible__heading\">QUELLES SONT LES CONDITIONS D&rsquo;ADMISSION?<\/h5>\n\n\n\n<div class=\"act-collapsible__content\"><div class=\"act-collapsible__content-inner\">\n<p>Les conditions d&rsquo;admission sont diff\u00e9rentes selon le m\u00e9tier choisi. Il faut se r\u00e9f\u00e9rer \u00e0 la formation s\u00e9lectionn\u00e9e sur notre site Web. <\/p>\n<\/div><\/div>\n<\/div>\n","protected":false},"excerpt":{"rendered":"","protected":false},"author":1,"featured_media":0,"parent":169,"menu_order":0,"comment_status":"closed","ping_status":"closed","template":"","meta":{"_acf_changed":false,"inline_featured_image":false,"footnotes":""},"class_list":["post-174","page","type-page","status-publish","hentry"],"acf":[],"yoast_head":"<!-- This site is optimized with the Yoast SEO plugin v27.5 - https:\/\/yoast.com\/product\/yoast-seo-wordpress\/ -->\n<title>Foire aux questions -<\/title>\n<meta name=\"robots\" content=\"index, follow, max-snippet:-1, max-image-preview:large, max-video-preview:-1\" \/>\n<link rel=\"canonical\" href=\"https:\/\/cssst.gouv.qc.ca\/adultes\/centre\/foire-aux-questions\/\" \/>\n<meta property=\"og:locale\" content=\"fr_CA\" \/>\n<meta property=\"og:type\" content=\"article\" \/>\n<meta property=\"og:title\" content=\"Foire aux questions -\" \/>\n<meta property=\"og:url\" content=\"https:\/\/cssst.gouv.qc.ca\/adultes\/centre\/foire-aux-questions\/\" \/>\n<meta property=\"article:publisher\" content=\"https:\/\/www.facebook.com\/CFPEAST?locale=fr_CA\" \/>\n<meta property=\"article:modified_time\" content=\"2025-04-24T20:54:38+00:00\" \/>\n<meta property=\"og:image\" content=\"https:\/\/cssst.gouv.qc.ca\/adultes\/wp-content\/uploads\/sites\/2\/2023\/06\/question-2-1.jpg\" \/>\n\t<meta property=\"og:image:width\" content=\"1000\" \/>\n\t<meta property=\"og:image:height\" content=\"858\" \/>\n\t<meta property=\"og:image:type\" content=\"image\/jpeg\" \/>\n<meta name=\"twitter:card\" content=\"summary_large_image\" \/>\n<meta name=\"twitter:label1\" content=\"Estimation du temps de lecture\" \/>\n\t<meta name=\"twitter:data1\" content=\"4 minutes\" \/>\n<script type=\"application\/ld+json\" class=\"yoast-schema-graph\">{\"@context\":\"https:\\\/\\\/schema.org\",\"@graph\":[{\"@type\":\"WebPage\",\"@id\":\"https:\\\/\\\/cssst.gouv.qc.ca\\\/adultes\\\/centre\\\/foire-aux-questions\\\/\",\"url\":\"https:\\\/\\\/cssst.gouv.qc.ca\\\/adultes\\\/centre\\\/foire-aux-questions\\\/\",\"name\":\"Foire aux questions -\",\"isPartOf\":{\"@id\":\"https:\\\/\\\/cssst.gouv.qc.ca\\\/adultes\\\/#website\"},\"primaryImageOfPage\":{\"@id\":\"https:\\\/\\\/cssst.gouv.qc.ca\\\/adultes\\\/centre\\\/foire-aux-questions\\\/#primaryimage\"},\"image\":{\"@id\":\"https:\\\/\\\/cssst.gouv.qc.ca\\\/adultes\\\/centre\\\/foire-aux-questions\\\/#primaryimage\"},\"thumbnailUrl\":\"https:\\\/\\\/cssst.gouv.qc.ca\\\/adultes\\\/wp-content\\\/uploads\\\/sites\\\/2\\\/2023\\\/06\\\/question-2-1.jpg\",\"datePublished\":\"2023-02-06T17:58:55+00:00\",\"dateModified\":\"2025-04-24T20:54:38+00:00\",\"breadcrumb\":{\"@id\":\"https:\\\/\\\/cssst.gouv.qc.ca\\\/adultes\\\/centre\\\/foire-aux-questions\\\/#breadcrumb\"},\"inLanguage\":\"fr-CA\",\"potentialAction\":[{\"@type\":\"ReadAction\",\"target\":[\"https:\\\/\\\/cssst.gouv.qc.ca\\\/adultes\\\/centre\\\/foire-aux-questions\\\/\"]}]},{\"@type\":\"ImageObject\",\"inLanguage\":\"fr-CA\",\"@id\":\"https:\\\/\\\/cssst.gouv.qc.ca\\\/adultes\\\/centre\\\/foire-aux-questions\\\/#primaryimage\",\"url\":\"https:\\\/\\\/cssst.gouv.qc.ca\\\/adultes\\\/wp-content\\\/uploads\\\/sites\\\/2\\\/2023\\\/06\\\/question-2-1.jpg\",\"contentUrl\":\"https:\\\/\\\/cssst.gouv.qc.ca\\\/adultes\\\/wp-content\\\/uploads\\\/sites\\\/2\\\/2023\\\/06\\\/question-2-1.jpg\",\"width\":1000,\"height\":858},{\"@type\":\"BreadcrumbList\",\"@id\":\"https:\\\/\\\/cssst.gouv.qc.ca\\\/adultes\\\/centre\\\/foire-aux-questions\\\/#breadcrumb\",\"itemListElement\":[{\"@type\":\"ListItem\",\"position\":1,\"name\":\"Accueil\",\"item\":\"https:\\\/\\\/cssst.gouv.qc.ca\\\/adultes\\\/\"},{\"@type\":\"ListItem\",\"position\":2,\"name\":\"Centres\",\"item\":\"https:\\\/\\\/cssst.gouv.qc.ca\\\/adultes\\\/centre\\\/\"},{\"@type\":\"ListItem\",\"position\":3,\"name\":\"Foire aux questions\"}]},{\"@type\":\"WebSite\",\"@id\":\"https:\\\/\\\/cssst.gouv.qc.ca\\\/adultes\\\/#website\",\"url\":\"https:\\\/\\\/cssst.gouv.qc.ca\\\/adultes\\\/\",\"name\":\"\",\"description\":\"\",\"potentialAction\":[{\"@type\":\"SearchAction\",\"target\":{\"@type\":\"EntryPoint\",\"urlTemplate\":\"https:\\\/\\\/cssst.gouv.qc.ca\\\/adultes\\\/?s={search_term_string}\"},\"query-input\":{\"@type\":\"PropertyValueSpecification\",\"valueRequired\":true,\"valueName\":\"search_term_string\"}}],\"inLanguage\":\"fr-CA\"}]}<\/script>\n<!-- \/ Yoast SEO plugin. -->","yoast_head_json":{"title":"Foire aux questions -","robots":{"index":"index","follow":"follow","max-snippet":"max-snippet:-1","max-image-preview":"max-image-preview:large","max-video-preview":"max-video-preview:-1"},"canonical":"https:\/\/cssst.gouv.qc.ca\/adultes\/centre\/foire-aux-questions\/","og_locale":"fr_CA","og_type":"article","og_title":"Foire aux questions -","og_url":"https:\/\/cssst.gouv.qc.ca\/adultes\/centre\/foire-aux-questions\/","article_publisher":"https:\/\/www.facebook.com\/CFPEAST?locale=fr_CA","article_modified_time":"2025-04-24T20:54:38+00:00","og_image":[{"width":1000,"height":858,"url":"https:\/\/cssst.gouv.qc.ca\/adultes\/wp-content\/uploads\/sites\/2\/2023\/06\/question-2-1.jpg","type":"image\/jpeg"}],"twitter_card":"summary_large_image","twitter_misc":{"Estimation du temps de lecture":"4 minutes"},"schema":{"@context":"https:\/\/schema.org","@graph":[{"@type":"WebPage","@id":"https:\/\/cssst.gouv.qc.ca\/adultes\/centre\/foire-aux-questions\/","url":"https:\/\/cssst.gouv.qc.ca\/adultes\/centre\/foire-aux-questions\/","name":"Foire aux questions -","isPartOf":{"@id":"https:\/\/cssst.gouv.qc.ca\/adultes\/#website"},"primaryImageOfPage":{"@id":"https:\/\/cssst.gouv.qc.ca\/adultes\/centre\/foire-aux-questions\/#primaryimage"},"image":{"@id":"https:\/\/cssst.gouv.qc.ca\/adultes\/centre\/foire-aux-questions\/#primaryimage"},"thumbnailUrl":"https:\/\/cssst.gouv.qc.ca\/adultes\/wp-content\/uploads\/sites\/2\/2023\/06\/question-2-1.jpg","datePublished":"2023-02-06T17:58:55+00:00","dateModified":"2025-04-24T20:54:38+00:00","breadcrumb":{"@id":"https:\/\/cssst.gouv.qc.ca\/adultes\/centre\/foire-aux-questions\/#breadcrumb"},"inLanguage":"fr-CA","potentialAction":[{"@type":"ReadAction","target":["https:\/\/cssst.gouv.qc.ca\/adultes\/centre\/foire-aux-questions\/"]}]},{"@type":"ImageObject","inLanguage":"fr-CA","@id":"https:\/\/cssst.gouv.qc.ca\/adultes\/centre\/foire-aux-questions\/#primaryimage","url":"https:\/\/cssst.gouv.qc.ca\/adultes\/wp-content\/uploads\/sites\/2\/2023\/06\/question-2-1.jpg","contentUrl":"https:\/\/cssst.gouv.qc.ca\/adultes\/wp-content\/uploads\/sites\/2\/2023\/06\/question-2-1.jpg","width":1000,"height":858},{"@type":"BreadcrumbList","@id":"https:\/\/cssst.gouv.qc.ca\/adultes\/centre\/foire-aux-questions\/#breadcrumb","itemListElement":[{"@type":"ListItem","position":1,"name":"Accueil","item":"https:\/\/cssst.gouv.qc.ca\/adultes\/"},{"@type":"ListItem","position":2,"name":"Centres","item":"https:\/\/cssst.gouv.qc.ca\/adultes\/centre\/"},{"@type":"ListItem","position":3,"name":"Foire aux questions"}]},{"@type":"WebSite","@id":"https:\/\/cssst.gouv.qc.ca\/adultes\/#website","url":"https:\/\/cssst.gouv.qc.ca\/adultes\/","name":"","description":"","potentialAction":[{"@type":"SearchAction","target":{"@type":"EntryPoint","urlTemplate":"https:\/\/cssst.gouv.qc.ca\/adultes\/?s={search_term_string}"},"query-input":{"@type":"PropertyValueSpecification","valueRequired":true,"valueName":"search_term_string"}}],"inLanguage":"fr-CA"}]}},"_links":{"self":[{"href":"https:\/\/cssst.gouv.qc.ca\/adultes\/wp-json\/wp\/v2\/pages\/174","targetHints":{"allow":["GET"]}}],"collection":[{"href":"https:\/\/cssst.gouv.qc.ca\/adultes\/wp-json\/wp\/v2\/pages"}],"about":[{"href":"https:\/\/cssst.gouv.qc.ca\/adultes\/wp-json\/wp\/v2\/types\/page"}],"author":[{"embeddable":true,"href":"https:\/\/cssst.gouv.qc.ca\/adultes\/wp-json\/wp\/v2\/users\/1"}],"replies":[{"embeddable":true,"href":"https:\/\/cssst.gouv.qc.ca\/adultes\/wp-json\/wp\/v2\/comments?post=174"}],"version-history":[{"count":0,"href":"https:\/\/cssst.gouv.qc.ca\/adultes\/wp-json\/wp\/v2\/pages\/174\/revisions"}],"up":[{"embeddable":true,"href":"https:\/\/cssst.gouv.qc.ca\/adultes\/wp-json\/wp\/v2\/pages\/169"}],"wp:attachment":[{"href":"https:\/\/cssst.gouv.qc.ca\/adultes\/wp-json\/wp\/v2\/media?parent=174"}],"curies":[{"name":"wp","href":"https:\/\/api.w.org\/{rel}","templated":true}]}}