{"id":173,"date":"2023-02-06T17:58:55","date_gmt":"2023-02-06T17:58:55","guid":{"rendered":"https:\/\/cssst.gouv.qc.ca\/adultes\/centre\/nous-joindre\/"},"modified":"2026-03-26T15:52:11","modified_gmt":"2026-03-26T15:52:11","slug":"nous-joindre","status":"publish","type":"page","link":"https:\/\/cssst.gouv.qc.ca\/adultes\/nous-joindre\/","title":{"rendered":"Nous joindre"},"content":{"rendered":"\n<div class=\"wp-block-cover alignfull is-style-default\"><img loading=\"lazy\" decoding=\"async\" width=\"2560\" height=\"1708\" class=\"wp-block-cover__image-background wp-image-1294\" alt=\"\" src=\"https:\/\/cssst.gouv.qc.ca\/adultes\/wp-content\/uploads\/sites\/2\/2025\/03\/AYA05706-scaled.jpg\" style=\"object-position:49% 34%\" data-object-fit=\"cover\" data-object-position=\"49% 34%\" srcset=\"https:\/\/cssst.gouv.qc.ca\/adultes\/wp-content\/uploads\/sites\/2\/2025\/03\/AYA05706-scaled.jpg 2560w, https:\/\/cssst.gouv.qc.ca\/adultes\/wp-content\/uploads\/sites\/2\/2025\/03\/AYA05706-300x200.jpg 300w, https:\/\/cssst.gouv.qc.ca\/adultes\/wp-content\/uploads\/sites\/2\/2025\/03\/AYA05706-1024x683.jpg 1024w, https:\/\/cssst.gouv.qc.ca\/adultes\/wp-content\/uploads\/sites\/2\/2025\/03\/AYA05706-768x512.jpg 768w, https:\/\/cssst.gouv.qc.ca\/adultes\/wp-content\/uploads\/sites\/2\/2025\/03\/AYA05706-1536x1025.jpg 1536w, https:\/\/cssst.gouv.qc.ca\/adultes\/wp-content\/uploads\/sites\/2\/2025\/03\/AYA05706-2048x1366.jpg 2048w\" sizes=\"auto, (max-width: 2560px) 100vw, 2560px\" \/><span aria-hidden=\"true\" class=\"wp-block-cover__background has-background-dim\" style=\"background-color:#7e7a73\"><\/span><div class=\"wp-block-cover__inner-container\"><h2 class=\"wp-block-post-title\">Nous joindre<\/h2><\/div><\/div>\n\n\n\n<div class=\"wp-block-group alignfull has-padding-y-large has-tertiary-background-color has-background\"><div class=\"yoast-breadcrumbs alignwide \"><span class=\"breadcrumbs\"><a href=\"https:\/\/cssst.gouv.qc.ca\/adultes\/\" class=\"breadcrumbs__element\">Accueil<\/a> <span class=\"breadcrumbs__separator\">\n        <svg class=\"icon icon-breadcrumb__separator\"><use xlink:href=\"#icon-breadcrumb__separator\"><\/use><\/svg>\n    <\/span> <span class=\"breadcrumbs__element breadcrumbs__element-current\">Nous joindre<\/span><\/span><\/div><\/div>\n\n\n\n<h2 class=\"wp-block-heading\">Voici nos coordonn\u00e9es :<\/h2>\n\n\n\n<h3 class=\"wp-block-heading\">Information ou inscription<\/h3>\n\n\n\n<p>24\/24 heures par messagerie vocale ou courriel (retour dans les 24 heures ouvrables)<\/p>\n\n\n\n<p><strong>CENTRE DE FORMATION PROFESSIONNELLE (CFP)<\/strong><br>2725, boulevard de Tracy<br>Sorel-Tracy (Qu\u00e9bec) J3R 1C2<\/p>\n\n\n\n<p><strong>T\u00e9l\u00e9phone :<\/strong>\u00a0<a href=\"tel:450-743-1285\">450 743-1285<\/a> poste 4200<br><strong>Courriel :\u00a0<\/strong>sarca@cssst.gouv.qc.ca<br><strong>Facebook:<\/strong> Centres de formation professionnelle et d&rsquo;\u00e9ducation des adultes Sorel-Tracy (CFPEAST)<br><strong>Instagram<\/strong>: CFPEAST<br><br><a href=\"https:\/\/www.admissionfp.com\/organismes-scolaires\/cfp\/861430\/groupes\" id=\"https:\/\/www.admissionfp.com\/organismes-scolaires\/cfp\/861430\/groupes\">Inscription en formation professionnelle<\/a><\/p>\n","protected":false},"excerpt":{"rendered":"<p>Voici nos coordonn\u00e9es : Information ou inscription 24\/24 heures par messagerie vocale ou courriel (retour dans les 24 heures ouvrables) CENTRE DE FORMATION PROFESSIONNELLE (CFP)2725, boulevard de TracySorel-Tracy (Qu\u00e9bec) J3R 1C2 T\u00e9l\u00e9phone :\u00a0450 743-1285 poste 4200Courriel :\u00a0sarca@cssst.gouv.qc.caFacebook: Centres de formation professionnelle et d&rsquo;\u00e9ducation des adultes Sorel-Tracy (CFPEAST)Instagram: CFPEAST Inscription en formation professionnelle<\/p>\n","protected":false},"author":1,"featured_media":0,"parent":0,"menu_order":110,"comment_status":"closed","ping_status":"closed","template":"","meta":{"_acf_changed":false,"inline_featured_image":false,"footnotes":""},"class_list":["post-173","page","type-page","status-publish","hentry"],"acf":[],"yoast_head":"<!-- This site is optimized with the Yoast SEO plugin v27.4 - https:\/\/yoast.com\/product\/yoast-seo-wordpress\/ -->\n<title>Nous joindre -<\/title>\n<meta name=\"robots\" content=\"index, follow, max-snippet:-1, max-image-preview:large, max-video-preview:-1\" \/>\n<link rel=\"canonical\" href=\"https:\/\/cssst.gouv.qc.ca\/adultes\/nous-joindre\/\" \/>\n<meta property=\"og:locale\" content=\"fr_CA\" \/>\n<meta property=\"og:type\" content=\"article\" \/>\n<meta property=\"og:title\" content=\"Nous joindre -\" \/>\n<meta property=\"og:description\" content=\"Voici nos coordonn\u00e9es : Information ou inscription 24\/24 heures par messagerie vocale ou courriel (retour dans les 24 heures ouvrables) CENTRE DE FORMATION PROFESSIONNELLE (CFP)2725, boulevard de TracySorel-Tracy (Qu\u00e9bec) J3R 1C2 T\u00e9l\u00e9phone :\u00a0450 743-1285 poste 4200Courriel :\u00a0sarca@cssst.gouv.qc.caFacebook: Centres de formation professionnelle et d&rsquo;\u00e9ducation des adultes Sorel-Tracy (CFPEAST)Instagram: CFPEAST Inscription en formation professionnelle\" \/>\n<meta property=\"og:url\" content=\"https:\/\/cssst.gouv.qc.ca\/adultes\/nous-joindre\/\" \/>\n<meta property=\"article:publisher\" content=\"https:\/\/www.facebook.com\/CFPEAST?locale=fr_CA\" \/>\n<meta property=\"article:modified_time\" content=\"2026-03-26T15:52:11+00:00\" \/>\n<meta property=\"og:image\" content=\"https:\/\/cssst.gouv.qc.ca\/adultes\/wp-content\/uploads\/sites\/2\/2025\/03\/AYA05706-scaled.jpg\" \/>\n\t<meta property=\"og:image:width\" content=\"2560\" \/>\n\t<meta property=\"og:image:height\" content=\"1708\" \/>\n\t<meta property=\"og:image:type\" content=\"image\/jpeg\" \/>\n<meta name=\"twitter:card\" content=\"summary_large_image\" \/>\n<meta name=\"twitter:label1\" content=\"Estimation du temps de lecture\" \/>\n\t<meta name=\"twitter:data1\" content=\"1 minute\" \/>\n<script type=\"application\/ld+json\" class=\"yoast-schema-graph\">{\"@context\":\"https:\\\/\\\/schema.org\",\"@graph\":[{\"@type\":\"WebPage\",\"@id\":\"https:\\\/\\\/cssst.gouv.qc.ca\\\/adultes\\\/nous-joindre\\\/\",\"url\":\"https:\\\/\\\/cssst.gouv.qc.ca\\\/adultes\\\/nous-joindre\\\/\",\"name\":\"Nous joindre -\",\"isPartOf\":{\"@id\":\"https:\\\/\\\/cssst.gouv.qc.ca\\\/adultes\\\/#website\"},\"primaryImageOfPage\":{\"@id\":\"https:\\\/\\\/cssst.gouv.qc.ca\\\/adultes\\\/nous-joindre\\\/#primaryimage\"},\"image\":{\"@id\":\"https:\\\/\\\/cssst.gouv.qc.ca\\\/adultes\\\/nous-joindre\\\/#primaryimage\"},\"thumbnailUrl\":\"https:\\\/\\\/cssst.gouv.qc.ca\\\/adultes\\\/wp-content\\\/uploads\\\/sites\\\/2\\\/2025\\\/03\\\/AYA05706-scaled.jpg\",\"datePublished\":\"2023-02-06T17:58:55+00:00\",\"dateModified\":\"2026-03-26T15:52:11+00:00\",\"breadcrumb\":{\"@id\":\"https:\\\/\\\/cssst.gouv.qc.ca\\\/adultes\\\/nous-joindre\\\/#breadcrumb\"},\"inLanguage\":\"fr-CA\",\"potentialAction\":[{\"@type\":\"ReadAction\",\"target\":[\"https:\\\/\\\/cssst.gouv.qc.ca\\\/adultes\\\/nous-joindre\\\/\"]}]},{\"@type\":\"ImageObject\",\"inLanguage\":\"fr-CA\",\"@id\":\"https:\\\/\\\/cssst.gouv.qc.ca\\\/adultes\\\/nous-joindre\\\/#primaryimage\",\"url\":\"https:\\\/\\\/cssst.gouv.qc.ca\\\/adultes\\\/wp-content\\\/uploads\\\/sites\\\/2\\\/2025\\\/03\\\/AYA05706-scaled.jpg\",\"contentUrl\":\"https:\\\/\\\/cssst.gouv.qc.ca\\\/adultes\\\/wp-content\\\/uploads\\\/sites\\\/2\\\/2025\\\/03\\\/AYA05706-scaled.jpg\",\"width\":2560,\"height\":1708},{\"@type\":\"BreadcrumbList\",\"@id\":\"https:\\\/\\\/cssst.gouv.qc.ca\\\/adultes\\\/nous-joindre\\\/#breadcrumb\",\"itemListElement\":[{\"@type\":\"ListItem\",\"position\":1,\"name\":\"Accueil\",\"item\":\"https:\\\/\\\/cssst.gouv.qc.ca\\\/adultes\\\/\"},{\"@type\":\"ListItem\",\"position\":2,\"name\":\"Nous joindre\"}]},{\"@type\":\"WebSite\",\"@id\":\"https:\\\/\\\/cssst.gouv.qc.ca\\\/adultes\\\/#website\",\"url\":\"https:\\\/\\\/cssst.gouv.qc.ca\\\/adultes\\\/\",\"name\":\"\",\"description\":\"\",\"potentialAction\":[{\"@type\":\"SearchAction\",\"target\":{\"@type\":\"EntryPoint\",\"urlTemplate\":\"https:\\\/\\\/cssst.gouv.qc.ca\\\/adultes\\\/?s={search_term_string}\"},\"query-input\":{\"@type\":\"PropertyValueSpecification\",\"valueRequired\":true,\"valueName\":\"search_term_string\"}}],\"inLanguage\":\"fr-CA\"}]}<\/script>\n<!-- \/ Yoast SEO plugin. -->","yoast_head_json":{"title":"Nous joindre -","robots":{"index":"index","follow":"follow","max-snippet":"max-snippet:-1","max-image-preview":"max-image-preview:large","max-video-preview":"max-video-preview:-1"},"canonical":"https:\/\/cssst.gouv.qc.ca\/adultes\/nous-joindre\/","og_locale":"fr_CA","og_type":"article","og_title":"Nous joindre -","og_description":"Voici nos coordonn\u00e9es : Information ou inscription 24\/24 heures par messagerie vocale ou courriel (retour dans les 24 heures ouvrables) CENTRE DE FORMATION PROFESSIONNELLE (CFP)2725, boulevard de TracySorel-Tracy (Qu\u00e9bec) J3R 1C2 T\u00e9l\u00e9phone :\u00a0450 743-1285 poste 4200Courriel :\u00a0sarca@cssst.gouv.qc.caFacebook: Centres de formation professionnelle et d&rsquo;\u00e9ducation des adultes Sorel-Tracy (CFPEAST)Instagram: CFPEAST Inscription en formation professionnelle","og_url":"https:\/\/cssst.gouv.qc.ca\/adultes\/nous-joindre\/","article_publisher":"https:\/\/www.facebook.com\/CFPEAST?locale=fr_CA","article_modified_time":"2026-03-26T15:52:11+00:00","og_image":[{"width":2560,"height":1708,"url":"https:\/\/cssst.gouv.qc.ca\/adultes\/wp-content\/uploads\/sites\/2\/2025\/03\/AYA05706-scaled.jpg","type":"image\/jpeg"}],"twitter_card":"summary_large_image","twitter_misc":{"Estimation du temps de lecture":"1 minute"},"schema":{"@context":"https:\/\/schema.org","@graph":[{"@type":"WebPage","@id":"https:\/\/cssst.gouv.qc.ca\/adultes\/nous-joindre\/","url":"https:\/\/cssst.gouv.qc.ca\/adultes\/nous-joindre\/","name":"Nous joindre -","isPartOf":{"@id":"https:\/\/cssst.gouv.qc.ca\/adultes\/#website"},"primaryImageOfPage":{"@id":"https:\/\/cssst.gouv.qc.ca\/adultes\/nous-joindre\/#primaryimage"},"image":{"@id":"https:\/\/cssst.gouv.qc.ca\/adultes\/nous-joindre\/#primaryimage"},"thumbnailUrl":"https:\/\/cssst.gouv.qc.ca\/adultes\/wp-content\/uploads\/sites\/2\/2025\/03\/AYA05706-scaled.jpg","datePublished":"2023-02-06T17:58:55+00:00","dateModified":"2026-03-26T15:52:11+00:00","breadcrumb":{"@id":"https:\/\/cssst.gouv.qc.ca\/adultes\/nous-joindre\/#breadcrumb"},"inLanguage":"fr-CA","potentialAction":[{"@type":"ReadAction","target":["https:\/\/cssst.gouv.qc.ca\/adultes\/nous-joindre\/"]}]},{"@type":"ImageObject","inLanguage":"fr-CA","@id":"https:\/\/cssst.gouv.qc.ca\/adultes\/nous-joindre\/#primaryimage","url":"https:\/\/cssst.gouv.qc.ca\/adultes\/wp-content\/uploads\/sites\/2\/2025\/03\/AYA05706-scaled.jpg","contentUrl":"https:\/\/cssst.gouv.qc.ca\/adultes\/wp-content\/uploads\/sites\/2\/2025\/03\/AYA05706-scaled.jpg","width":2560,"height":1708},{"@type":"BreadcrumbList","@id":"https:\/\/cssst.gouv.qc.ca\/adultes\/nous-joindre\/#breadcrumb","itemListElement":[{"@type":"ListItem","position":1,"name":"Accueil","item":"https:\/\/cssst.gouv.qc.ca\/adultes\/"},{"@type":"ListItem","position":2,"name":"Nous joindre"}]},{"@type":"WebSite","@id":"https:\/\/cssst.gouv.qc.ca\/adultes\/#website","url":"https:\/\/cssst.gouv.qc.ca\/adultes\/","name":"","description":"","potentialAction":[{"@type":"SearchAction","target":{"@type":"EntryPoint","urlTemplate":"https:\/\/cssst.gouv.qc.ca\/adultes\/?s={search_term_string}"},"query-input":{"@type":"PropertyValueSpecification","valueRequired":true,"valueName":"search_term_string"}}],"inLanguage":"fr-CA"}]}},"_links":{"self":[{"href":"https:\/\/cssst.gouv.qc.ca\/adultes\/wp-json\/wp\/v2\/pages\/173","targetHints":{"allow":["GET"]}}],"collection":[{"href":"https:\/\/cssst.gouv.qc.ca\/adultes\/wp-json\/wp\/v2\/pages"}],"about":[{"href":"https:\/\/cssst.gouv.qc.ca\/adultes\/wp-json\/wp\/v2\/types\/page"}],"author":[{"embeddable":true,"href":"https:\/\/cssst.gouv.qc.ca\/adultes\/wp-json\/wp\/v2\/users\/1"}],"replies":[{"embeddable":true,"href":"https:\/\/cssst.gouv.qc.ca\/adultes\/wp-json\/wp\/v2\/comments?post=173"}],"version-history":[{"count":0,"href":"https:\/\/cssst.gouv.qc.ca\/adultes\/wp-json\/wp\/v2\/pages\/173\/revisions"}],"wp:attachment":[{"href":"https:\/\/cssst.gouv.qc.ca\/adultes\/wp-json\/wp\/v2\/media?parent=173"}],"curies":[{"name":"wp","href":"https:\/\/api.w.org\/{rel}","templated":true}]}}