{"id":1003,"date":"2023-06-07T20:00:19","date_gmt":"2023-06-07T20:00:19","guid":{"rendered":"https:\/\/cssst.gouv.qc.ca\/adultes\/?page_id=1003"},"modified":"2025-05-07T18:18:19","modified_gmt":"2025-05-07T18:18:19","slug":"reconnaissance-des-acquiset-des-competences","status":"publish","type":"page","link":"https:\/\/cssst.gouv.qc.ca\/adultes\/service-aux-entreprises-et-aux-individus\/reconnaissance-des-acquiset-des-competences\/","title":{"rendered":"Reconnaissance des acquis et des comp\u00e9tences"},"content":{"rendered":"\n<div class=\"wp-block-cover alignfull is-light is-style-default\"><img loading=\"lazy\" decoding=\"async\" width=\"2560\" height=\"1627\" class=\"wp-block-cover__image-background wp-image-1004\" alt=\"\" src=\"https:\/\/cssst.gouv.qc.ca\/adultes\/wp-content\/uploads\/sites\/2\/2023\/06\/affaire-1-scaled.jpg\" data-object-fit=\"cover\" srcset=\"https:\/\/cssst.gouv.qc.ca\/adultes\/wp-content\/uploads\/sites\/2\/2023\/06\/affaire-1-scaled.jpg 2560w, https:\/\/cssst.gouv.qc.ca\/adultes\/wp-content\/uploads\/sites\/2\/2023\/06\/affaire-1-300x191.jpg 300w, https:\/\/cssst.gouv.qc.ca\/adultes\/wp-content\/uploads\/sites\/2\/2023\/06\/affaire-1-1024x651.jpg 1024w, https:\/\/cssst.gouv.qc.ca\/adultes\/wp-content\/uploads\/sites\/2\/2023\/06\/affaire-1-768x488.jpg 768w, https:\/\/cssst.gouv.qc.ca\/adultes\/wp-content\/uploads\/sites\/2\/2023\/06\/affaire-1-1536x976.jpg 1536w, https:\/\/cssst.gouv.qc.ca\/adultes\/wp-content\/uploads\/sites\/2\/2023\/06\/affaire-1-2048x1302.jpg 2048w\" sizes=\"auto, (max-width: 2560px) 100vw, 2560px\" \/><span aria-hidden=\"true\" class=\"wp-block-cover__background has-background-dim\"><\/span><div class=\"wp-block-cover__inner-container\"><h2 class=\"wp-block-post-title\">Reconnaissance des acquis et des comp\u00e9tences<\/h2><\/div><\/div>\n\n\n\n<div class=\"wp-block-group alignfull has-padding-y-large has-tertiary-background-color has-background\">\n<div class=\"wp-block-columns\">\n<div class=\"wp-block-column\" style=\"flex-basis:100%\"><div class=\"yoast-breadcrumbs alignwide \"><span class=\"breadcrumbs\"><a href=\"https:\/\/cssst.gouv.qc.ca\/adultes\/\" class=\"breadcrumbs__element\">Accueil<\/a> <span class=\"breadcrumbs__separator\">\n        <svg class=\"icon icon-breadcrumb__separator\"><use xlink:href=\"#icon-breadcrumb__separator\"><\/use><\/svg>\n    <\/span> <a href=\"https:\/\/cssst.gouv.qc.ca\/adultes\/service-aux-entreprises-et-aux-individus\/\" class=\"breadcrumbs__element\">Service aux entreprises et aux individus<\/a> <span class=\"breadcrumbs__separator\">\n        <svg class=\"icon icon-breadcrumb__separator\"><use xlink:href=\"#icon-breadcrumb__separator\"><\/use><\/svg>\n    <\/span> <span class=\"breadcrumbs__element breadcrumbs__element-current\">Reconnaissance des acquis et des comp\u00e9tences<\/span><\/span><\/div><\/div>\n<\/div>\n<\/div>\n\n\n\n\n<p class=\"act-lead\"><\/p>\n\n\n\n\n<figure class=\"wp-block-image aligncenter size-large is-resized\"><img loading=\"lazy\" decoding=\"async\" width=\"1024\" height=\"653\" src=\"https:\/\/cssst.gouv.qc.ca\/adultes\/wp-content\/uploads\/sites\/2\/2023\/06\/Logo-RAC-1024x653.jpg\" alt=\"\" class=\"wp-image-1005\" style=\"width:431px;height:276px\" srcset=\"https:\/\/cssst.gouv.qc.ca\/adultes\/wp-content\/uploads\/sites\/2\/2023\/06\/Logo-RAC-1024x653.jpg 1024w, https:\/\/cssst.gouv.qc.ca\/adultes\/wp-content\/uploads\/sites\/2\/2023\/06\/Logo-RAC-300x191.jpg 300w, https:\/\/cssst.gouv.qc.ca\/adultes\/wp-content\/uploads\/sites\/2\/2023\/06\/Logo-RAC-768x490.jpg 768w, https:\/\/cssst.gouv.qc.ca\/adultes\/wp-content\/uploads\/sites\/2\/2023\/06\/Logo-RAC-1536x980.jpg 1536w, https:\/\/cssst.gouv.qc.ca\/adultes\/wp-content\/uploads\/sites\/2\/2023\/06\/Logo-RAC-2048x1307.jpg 2048w\" sizes=\"auto, (max-width: 1024px) 100vw, 1024px\" \/><\/figure>\n\n\n\n\n<p class=\"has-text-align-center act-lead\">Vous \u00eates en <strong>recherche d&#8217;emploi<\/strong> et poss\u00e9dez des comp\u00e9tences dans un m\u00e9tier?<br><strong>OU<\/strong><br>Vous \u00eates <strong>en emploi <\/strong>et poss\u00e9dez des comp\u00e9tences dans un m\u00e9tier?<br><strong>ET<\/strong><br>Vous r\u00e9sidez au Qu\u00e9bec.<br><strong>MAIS<\/strong><br>Vous n&rsquo;avez pas de dipl\u00f4me et vous souhaitez en avoir un?<br><br><strong>NOUS AVONS CE QU&rsquo;IL VOUS FAUT : LA RAC !<\/strong><\/p>\n\n\n\n\n<h2 class=\"wp-block-heading\"><strong>Votre exp\u00e9rience et vos comp\u00e9tences peuvent vous conduire \u00e0 :<\/strong><\/h2>\n\n\n\n<div class=\"wp-block-columns\">\n<div class=\"wp-block-column is-style-rounded-corners\">\n<p class=\"has-text-align-center\"><strong>L&rsquo;obtention d&rsquo;un dipl\u00f4me en formation professionnelle (DEP | ASP | AEP)<\/strong><\/p>\n<\/div>\n\n\n\n<div class=\"wp-block-column is-style-rounded-corners\">\n<p class=\"has-text-align-center\"><strong>La finalisation d\u2019un dipl\u00f4me jamais compl\u00e9t\u00e9<\/strong><\/p>\n<\/div>\n<\/div>\n\n\n\n<div class=\"wp-block-columns\">\n<div class=\"wp-block-column is-style-rounded-corners\">\n<p class=\"has-text-align-center\"><strong>Un nouvel emploi<\/strong><\/p>\n<\/div>\n\n\n\n<div class=\"wp-block-column is-style-rounded-corners\">\n<p class=\"has-text-align-center\"><strong>Une promotion<\/strong><\/p>\n<\/div>\n\n\n\n<div class=\"wp-block-column is-style-rounded-corners\">\n<p class=\"has-text-align-center\"><strong>Une meilleure mobilit\u00e9 professionnelle<\/strong><\/p>\n<\/div>\n<\/div>\n\n\n\n<h2 class=\"wp-block-heading\">Voici la <strong>proc\u00e9dure<\/strong> :<\/h2>\n\n\n\n<p><strong>1. Cibler le programme d&rsquo;\u00e9tudes pour lequel vous avez d\u00e9velopp\u00e9 des comp\u00e9tence \u00e0 l&rsquo;ext\u00e9rieur du r\u00e9seau scolaire<\/strong><\/p>\n\n\n\n<div class=\"wp-block-columns\">\n<div class=\"wp-block-column is-style-rounded-corners\">\n<ul class=\"wp-block-list\">\n<li><strong><a href=\"https:\/\/cssst.gouv.qc.ca\/adultes\/formation-professionnelle\/assistance-a-la-personne-en-residence-privee-pour-aines-aep-4244\/\">Assistance \u00e0 la personne en r\u00e9sidence priv\u00e9e pour a\u00een\u00e9es autonomes et semi-autonomes (AEP)<\/a><\/strong>&nbsp;<\/li>\n\n\n\n<li><a href=\"https:\/\/cssst.gouv.qc.ca\/adultes\/formation-professionnelle\/coiffure-dep-5245\/\"><strong>Coiffure (DEP)<\/strong><\/a><\/li>\n\n\n\n<li><a href=\"https:\/\/cssst.gouv.qc.ca\/adultes\/formation-professionnelle\/comptabilite-dep-5231\/\"><strong>Comptabilit\u00e9 (DEP)<\/strong><\/a><\/li>\n\n\n\n<li><a href=\"https:\/\/cssst.gouv.qc.ca\/adultes\/formation-professionnelle\/dessin-industriel-dep\/\"><strong>Dessin industriel (DEP)<\/strong><\/a><\/li>\n<\/ul>\n<\/div>\n\n\n\n<div class=\"wp-block-column is-style-rounded-corners\">\n<ul class=\"wp-block-list\">\n<li><a href=\"https:\/\/cssst.gouv.qc.ca\/adultes\/formation-professionnelle\/electromecanique-de-systemes-automatises-dep-5281\/\"><strong>\u00c9lectrom\u00e9canique des syst\u00e8mes automatis\u00e9s (DEP)<\/strong><\/a><\/li>\n\n\n\n<li><a href=\"https:\/\/cssst.gouv.qc.ca\/adultes\/formation-professionnelle\/mecanique-industrielle-de-construction-et-dentretien-dep-5260\/\"><strong>M\u00e9canique industrielle de construction et d&rsquo;entretien (DEP)<\/strong><\/a><\/li>\n\n\n\n<li><a href=\"https:\/\/cssst.gouv.qc.ca\/adultes\/formation-professionnelle\/secretariat-dep-5357\/\"><strong>Secr\u00e9tariat (DEP)<\/strong><\/a><\/li>\n\n\n\n<li><a href=\"https:\/\/cssst.gouv.qc.ca\/adultes\/formation-professionnelle\/service-de-garde-en-milieu-scolaire-aep-4232\/\"><strong>Service de garde en milieu scolaire (AEP)<\/strong><\/a><\/li>\n<\/ul>\n<\/div>\n\n\n\n<div class=\"wp-block-column is-style-rounded-corners\">\n<ul class=\"wp-block-list\">\n<li><a href=\"https:\/\/cssst.gouv.qc.ca\/adultes\/formation-professionnelle\/soins-animaliers-aep-4223\/?preview_id=2277&amp;preview_nonce=5700429adb&amp;preview=true\"><strong>Soins animaliers (AEP)<\/strong><\/a><\/li>\n\n\n\n<li><strong><a href=\"https:\/\/cssst.gouv.qc.ca\/adultes\/formation-professionnelle\/soudage-assemblagedep5195\/\">Soudage-assemblage (DEP)<\/a><\/strong><\/li>\n\n\n\n<li><a href=\"https:\/\/cssst.gouv.qc.ca\/adultes\/formation-professionnelle\/soudage-haute-pression-asp-5234\/\"><strong>Soudage haute pression (ASP)<\/strong><\/a><\/li>\n\n\n\n<li><a href=\"https:\/\/cssst.gouv.qc.ca\/adultes\/formation-professionnelle\/usinage-dep-nouveau-programme-5371\/\"><strong>Usinage (DEP)<\/strong><\/a><\/li>\n<\/ul>\n<\/div>\n<\/div>\n\n\n\n<p><strong>2. S&rsquo;informer ou s&rsquo;inscrire aupr\u00e8s d&rsquo;Anne Boisvert<\/strong><br>\u260e\ufe0f 450 743-1284 poste 4385<br>\ud83d\udcbb&nbsp;<a href=\"mailto:Anne.boisvert@cssst.gouv.qc.ca\" target=\"_blank\" rel=\"noreferrer noopener\">Anne.boisvert@cssst.gouv.qc.ca<\/a><\/p>\n\n\n\n<h2 class=\"wp-block-heading has-text-align-center has-tertiary-background-color has-background has-large-font-size\"><a href=\"https:\/\/drive.google.com\/file\/d\/1i3A5cILffHThng6-Rmre96FggpuVcxlI\/view\"><strong>Cliquez ici pour voir le processus en RAC<\/strong> !<\/a> \ud83d\udccb<\/h2>\n\n\n\n<h2 class=\"wp-block-heading has-black-color has-text-color has-link-color wp-elements-3d5e0bb6874596f6518033e7d17d7b2e\"><strong>Pour plus d&rsquo;information<\/strong><\/h2>\n\n\n\n<p><a href=\"https:\/\/www.youtube.com\/watch?v=hkRXAVQALFs\" target=\"_blank\" rel=\"noreferrer noopener\">Vid\u00e9o sur la RAC<\/a><br><a href=\"http:\/\/www.ceracfp.ca\/fr\" target=\"_blank\" rel=\"noreferrer noopener\">Qu&rsquo;est-ce que les CERAC FP?<\/a><br><a href=\"http:\/\/www.ceracfp.ca\/RadFiles\/Documents\/ADS\/NOUVELLES\/97\/2019_Guide_Candidature_RAC_VF_WEB.pdf\" target=\"_blank\" rel=\"noreferrer noopener\">D\u00e9pliant<\/a><\/p>\n","protected":false},"excerpt":{"rendered":"<p>Votre exp\u00e9rience et vos comp\u00e9tences peuvent vous conduire \u00e0 : L&rsquo;obtention d&rsquo;un dipl\u00f4me en formation professionnelle (DEP | ASP | AEP) La finalisation d\u2019un dipl\u00f4me jamais compl\u00e9t\u00e9 Un nouvel emploi Une promotion Une meilleure mobilit\u00e9 professionnelle Voici la proc\u00e9dure : 1. Cibler le programme d&rsquo;\u00e9tudes pour lequel vous avez d\u00e9velopp\u00e9 des comp\u00e9tence \u00e0 l&rsquo;ext\u00e9rieur du [&hellip;]<\/p>\n","protected":false},"author":1,"featured_media":0,"parent":239,"menu_order":0,"comment_status":"closed","ping_status":"closed","template":"","meta":{"_acf_changed":false,"inline_featured_image":false,"footnotes":""},"class_list":["post-1003","page","type-page","status-publish","hentry"],"acf":[],"yoast_head":"<!-- This site is optimized with the Yoast SEO plugin v27.4 - https:\/\/yoast.com\/product\/yoast-seo-wordpress\/ -->\n<title>Reconnaissance des acquis et des comp\u00e9tences -<\/title>\n<meta name=\"robots\" content=\"index, follow, max-snippet:-1, max-image-preview:large, max-video-preview:-1\" \/>\n<link rel=\"canonical\" href=\"https:\/\/cssst.gouv.qc.ca\/adultes\/service-aux-entreprises-et-aux-individus\/reconnaissance-des-acquiset-des-competences\/\" \/>\n<meta property=\"og:locale\" content=\"fr_CA\" \/>\n<meta property=\"og:type\" content=\"article\" \/>\n<meta property=\"og:title\" content=\"Reconnaissance des acquis et des comp\u00e9tences -\" \/>\n<meta property=\"og:description\" content=\"Votre exp\u00e9rience et vos comp\u00e9tences peuvent vous conduire \u00e0 : L&rsquo;obtention d&rsquo;un dipl\u00f4me en formation professionnelle (DEP | ASP | AEP) La finalisation d\u2019un dipl\u00f4me jamais compl\u00e9t\u00e9 Un nouvel emploi Une promotion Une meilleure mobilit\u00e9 professionnelle Voici la proc\u00e9dure : 1. Cibler le programme d&rsquo;\u00e9tudes pour lequel vous avez d\u00e9velopp\u00e9 des comp\u00e9tence \u00e0 l&rsquo;ext\u00e9rieur du [&hellip;]\" \/>\n<meta property=\"og:url\" content=\"https:\/\/cssst.gouv.qc.ca\/adultes\/service-aux-entreprises-et-aux-individus\/reconnaissance-des-acquiset-des-competences\/\" \/>\n<meta property=\"article:publisher\" content=\"https:\/\/www.facebook.com\/CFPEAST?locale=fr_CA\" \/>\n<meta property=\"article:modified_time\" content=\"2025-05-07T18:18:19+00:00\" \/>\n<meta property=\"og:image\" content=\"https:\/\/cssst.gouv.qc.ca\/adultes\/wp-content\/uploads\/sites\/2\/2023\/06\/affaire-1-scaled.jpg\" \/>\n\t<meta property=\"og:image:width\" content=\"2560\" \/>\n\t<meta property=\"og:image:height\" content=\"1627\" \/>\n\t<meta property=\"og:image:type\" content=\"image\/jpeg\" \/>\n<meta name=\"twitter:card\" content=\"summary_large_image\" \/>\n<meta name=\"twitter:label1\" content=\"Estimation du temps de lecture\" \/>\n\t<meta name=\"twitter:data1\" content=\"2 minutes\" \/>\n<script type=\"application\/ld+json\" class=\"yoast-schema-graph\">{\"@context\":\"https:\\\/\\\/schema.org\",\"@graph\":[{\"@type\":\"WebPage\",\"@id\":\"https:\\\/\\\/cssst.gouv.qc.ca\\\/adultes\\\/service-aux-entreprises-et-aux-individus\\\/reconnaissance-des-acquiset-des-competences\\\/\",\"url\":\"https:\\\/\\\/cssst.gouv.qc.ca\\\/adultes\\\/service-aux-entreprises-et-aux-individus\\\/reconnaissance-des-acquiset-des-competences\\\/\",\"name\":\"Reconnaissance des acquis et des comp\u00e9tences -\",\"isPartOf\":{\"@id\":\"https:\\\/\\\/cssst.gouv.qc.ca\\\/adultes\\\/#website\"},\"primaryImageOfPage\":{\"@id\":\"https:\\\/\\\/cssst.gouv.qc.ca\\\/adultes\\\/service-aux-entreprises-et-aux-individus\\\/reconnaissance-des-acquiset-des-competences\\\/#primaryimage\"},\"image\":{\"@id\":\"https:\\\/\\\/cssst.gouv.qc.ca\\\/adultes\\\/service-aux-entreprises-et-aux-individus\\\/reconnaissance-des-acquiset-des-competences\\\/#primaryimage\"},\"thumbnailUrl\":\"https:\\\/\\\/cssst.gouv.qc.ca\\\/adultes\\\/wp-content\\\/uploads\\\/sites\\\/2\\\/2023\\\/06\\\/affaire-1-scaled.jpg\",\"datePublished\":\"2023-06-07T20:00:19+00:00\",\"dateModified\":\"2025-05-07T18:18:19+00:00\",\"breadcrumb\":{\"@id\":\"https:\\\/\\\/cssst.gouv.qc.ca\\\/adultes\\\/service-aux-entreprises-et-aux-individus\\\/reconnaissance-des-acquiset-des-competences\\\/#breadcrumb\"},\"inLanguage\":\"fr-CA\",\"potentialAction\":[{\"@type\":\"ReadAction\",\"target\":[\"https:\\\/\\\/cssst.gouv.qc.ca\\\/adultes\\\/service-aux-entreprises-et-aux-individus\\\/reconnaissance-des-acquiset-des-competences\\\/\"]}]},{\"@type\":\"ImageObject\",\"inLanguage\":\"fr-CA\",\"@id\":\"https:\\\/\\\/cssst.gouv.qc.ca\\\/adultes\\\/service-aux-entreprises-et-aux-individus\\\/reconnaissance-des-acquiset-des-competences\\\/#primaryimage\",\"url\":\"https:\\\/\\\/cssst.gouv.qc.ca\\\/adultes\\\/wp-content\\\/uploads\\\/sites\\\/2\\\/2023\\\/06\\\/affaire-1-scaled.jpg\",\"contentUrl\":\"https:\\\/\\\/cssst.gouv.qc.ca\\\/adultes\\\/wp-content\\\/uploads\\\/sites\\\/2\\\/2023\\\/06\\\/affaire-1-scaled.jpg\",\"width\":2560,\"height\":1627},{\"@type\":\"BreadcrumbList\",\"@id\":\"https:\\\/\\\/cssst.gouv.qc.ca\\\/adultes\\\/service-aux-entreprises-et-aux-individus\\\/reconnaissance-des-acquiset-des-competences\\\/#breadcrumb\",\"itemListElement\":[{\"@type\":\"ListItem\",\"position\":1,\"name\":\"Accueil\",\"item\":\"https:\\\/\\\/cssst.gouv.qc.ca\\\/adultes\\\/\"},{\"@type\":\"ListItem\",\"position\":2,\"name\":\"Service aux entreprises et aux individus\",\"item\":\"https:\\\/\\\/cssst.gouv.qc.ca\\\/adultes\\\/service-aux-entreprises-et-aux-individus\\\/\"},{\"@type\":\"ListItem\",\"position\":3,\"name\":\"Reconnaissance des acquis et des comp\u00e9tences\"}]},{\"@type\":\"WebSite\",\"@id\":\"https:\\\/\\\/cssst.gouv.qc.ca\\\/adultes\\\/#website\",\"url\":\"https:\\\/\\\/cssst.gouv.qc.ca\\\/adultes\\\/\",\"name\":\"\",\"description\":\"\",\"potentialAction\":[{\"@type\":\"SearchAction\",\"target\":{\"@type\":\"EntryPoint\",\"urlTemplate\":\"https:\\\/\\\/cssst.gouv.qc.ca\\\/adultes\\\/?s={search_term_string}\"},\"query-input\":{\"@type\":\"PropertyValueSpecification\",\"valueRequired\":true,\"valueName\":\"search_term_string\"}}],\"inLanguage\":\"fr-CA\"}]}<\/script>\n<!-- \/ Yoast SEO plugin. -->","yoast_head_json":{"title":"Reconnaissance des acquis et des comp\u00e9tences -","robots":{"index":"index","follow":"follow","max-snippet":"max-snippet:-1","max-image-preview":"max-image-preview:large","max-video-preview":"max-video-preview:-1"},"canonical":"https:\/\/cssst.gouv.qc.ca\/adultes\/service-aux-entreprises-et-aux-individus\/reconnaissance-des-acquiset-des-competences\/","og_locale":"fr_CA","og_type":"article","og_title":"Reconnaissance des acquis et des comp\u00e9tences -","og_description":"Votre exp\u00e9rience et vos comp\u00e9tences peuvent vous conduire \u00e0 : L&rsquo;obtention d&rsquo;un dipl\u00f4me en formation professionnelle (DEP | ASP | AEP) La finalisation d\u2019un dipl\u00f4me jamais compl\u00e9t\u00e9 Un nouvel emploi Une promotion Une meilleure mobilit\u00e9 professionnelle Voici la proc\u00e9dure : 1. Cibler le programme d&rsquo;\u00e9tudes pour lequel vous avez d\u00e9velopp\u00e9 des comp\u00e9tence \u00e0 l&rsquo;ext\u00e9rieur du [&hellip;]","og_url":"https:\/\/cssst.gouv.qc.ca\/adultes\/service-aux-entreprises-et-aux-individus\/reconnaissance-des-acquiset-des-competences\/","article_publisher":"https:\/\/www.facebook.com\/CFPEAST?locale=fr_CA","article_modified_time":"2025-05-07T18:18:19+00:00","og_image":[{"width":2560,"height":1627,"url":"https:\/\/cssst.gouv.qc.ca\/adultes\/wp-content\/uploads\/sites\/2\/2023\/06\/affaire-1-scaled.jpg","type":"image\/jpeg"}],"twitter_card":"summary_large_image","twitter_misc":{"Estimation du temps de lecture":"2 minutes"},"schema":{"@context":"https:\/\/schema.org","@graph":[{"@type":"WebPage","@id":"https:\/\/cssst.gouv.qc.ca\/adultes\/service-aux-entreprises-et-aux-individus\/reconnaissance-des-acquiset-des-competences\/","url":"https:\/\/cssst.gouv.qc.ca\/adultes\/service-aux-entreprises-et-aux-individus\/reconnaissance-des-acquiset-des-competences\/","name":"Reconnaissance des acquis et des comp\u00e9tences -","isPartOf":{"@id":"https:\/\/cssst.gouv.qc.ca\/adultes\/#website"},"primaryImageOfPage":{"@id":"https:\/\/cssst.gouv.qc.ca\/adultes\/service-aux-entreprises-et-aux-individus\/reconnaissance-des-acquiset-des-competences\/#primaryimage"},"image":{"@id":"https:\/\/cssst.gouv.qc.ca\/adultes\/service-aux-entreprises-et-aux-individus\/reconnaissance-des-acquiset-des-competences\/#primaryimage"},"thumbnailUrl":"https:\/\/cssst.gouv.qc.ca\/adultes\/wp-content\/uploads\/sites\/2\/2023\/06\/affaire-1-scaled.jpg","datePublished":"2023-06-07T20:00:19+00:00","dateModified":"2025-05-07T18:18:19+00:00","breadcrumb":{"@id":"https:\/\/cssst.gouv.qc.ca\/adultes\/service-aux-entreprises-et-aux-individus\/reconnaissance-des-acquiset-des-competences\/#breadcrumb"},"inLanguage":"fr-CA","potentialAction":[{"@type":"ReadAction","target":["https:\/\/cssst.gouv.qc.ca\/adultes\/service-aux-entreprises-et-aux-individus\/reconnaissance-des-acquiset-des-competences\/"]}]},{"@type":"ImageObject","inLanguage":"fr-CA","@id":"https:\/\/cssst.gouv.qc.ca\/adultes\/service-aux-entreprises-et-aux-individus\/reconnaissance-des-acquiset-des-competences\/#primaryimage","url":"https:\/\/cssst.gouv.qc.ca\/adultes\/wp-content\/uploads\/sites\/2\/2023\/06\/affaire-1-scaled.jpg","contentUrl":"https:\/\/cssst.gouv.qc.ca\/adultes\/wp-content\/uploads\/sites\/2\/2023\/06\/affaire-1-scaled.jpg","width":2560,"height":1627},{"@type":"BreadcrumbList","@id":"https:\/\/cssst.gouv.qc.ca\/adultes\/service-aux-entreprises-et-aux-individus\/reconnaissance-des-acquiset-des-competences\/#breadcrumb","itemListElement":[{"@type":"ListItem","position":1,"name":"Accueil","item":"https:\/\/cssst.gouv.qc.ca\/adultes\/"},{"@type":"ListItem","position":2,"name":"Service aux entreprises et aux individus","item":"https:\/\/cssst.gouv.qc.ca\/adultes\/service-aux-entreprises-et-aux-individus\/"},{"@type":"ListItem","position":3,"name":"Reconnaissance des acquis et des comp\u00e9tences"}]},{"@type":"WebSite","@id":"https:\/\/cssst.gouv.qc.ca\/adultes\/#website","url":"https:\/\/cssst.gouv.qc.ca\/adultes\/","name":"","description":"","potentialAction":[{"@type":"SearchAction","target":{"@type":"EntryPoint","urlTemplate":"https:\/\/cssst.gouv.qc.ca\/adultes\/?s={search_term_string}"},"query-input":{"@type":"PropertyValueSpecification","valueRequired":true,"valueName":"search_term_string"}}],"inLanguage":"fr-CA"}]}},"_links":{"self":[{"href":"https:\/\/cssst.gouv.qc.ca\/adultes\/wp-json\/wp\/v2\/pages\/1003","targetHints":{"allow":["GET"]}}],"collection":[{"href":"https:\/\/cssst.gouv.qc.ca\/adultes\/wp-json\/wp\/v2\/pages"}],"about":[{"href":"https:\/\/cssst.gouv.qc.ca\/adultes\/wp-json\/wp\/v2\/types\/page"}],"author":[{"embeddable":true,"href":"https:\/\/cssst.gouv.qc.ca\/adultes\/wp-json\/wp\/v2\/users\/1"}],"replies":[{"embeddable":true,"href":"https:\/\/cssst.gouv.qc.ca\/adultes\/wp-json\/wp\/v2\/comments?post=1003"}],"version-history":[{"count":0,"href":"https:\/\/cssst.gouv.qc.ca\/adultes\/wp-json\/wp\/v2\/pages\/1003\/revisions"}],"up":[{"embeddable":true,"href":"https:\/\/cssst.gouv.qc.ca\/adultes\/wp-json\/wp\/v2\/pages\/239"}],"wp:attachment":[{"href":"https:\/\/cssst.gouv.qc.ca\/adultes\/wp-json\/wp\/v2\/media?parent=1003"}],"curies":[{"name":"wp","href":"https:\/\/api.w.org\/{rel}","templated":true}]}}